CRAN Package Check Results for Package StreamMetabolism

Last updated on 2015-01-26 19:48:34.

Flavor Version Tinstall Tcheck Ttotal Status Flags
r-devel-linux-x86_64-debian-clang 1.0 1.33 17.99 19.32 OK
r-devel-linux-x86_64-debian-gcc 1.0 1.28 17.44 18.73 OK
r-devel-linux-x86_64-fedora-clang 1.0 49.98 NOTE
r-devel-linux-x86_64-fedora-gcc 1.0 45.37 NOTE
r-devel-osx-x86_64-clang 1.0 53.65 NOTE
r-devel-windows-ix86+x86_64 1.0 9.00 32.00 41.00 OK
r-patched-linux-x86_64 1.0 1.92 20.53 22.45 OK
r-patched-solaris-sparc 1.0 278.90 OK
r-patched-solaris-x86 1.0 66.40 OK
r-release-linux-ix86 1.0 1.77 27.48 29.24 OK
r-release-linux-x86_64 1.0 1.44 21.32 22.76 OK
r-release-osx-x86_64-mavericks 1.0 OK
r-release-osx-x86_64-snowleopard 1.0 OK
r-release-windows-ix86+x86_64 1.0 8.00 40.00 48.00 OK
r-oldrel-windows-ix86+x86_64 1.0 9.00 41.00 50.00 OK

Check Details

Version: 1.0
Check: S3 generic/method consistency
Result: NOTE
    Found the following apparent S3 methods exported but not registered:
     window.chron
    See section ‘Registering S3 methods’ in the ‘Writing R Extensions’
    manual.
Flavors: r-devel-linux-x86_64-fedora-clang, r-devel-linux-x86_64-fedora-gcc, r-devel-osx-x86_64-clang