CRAN Package Check Results for Package StreamMetabolism

Last updated on 2016-06-29 22:47:43.

Flavor Version Tinstall Tcheck Ttotal Status Flags
r-devel-linux-x86_64-debian-gcc 1.1.1 1.34 18.66 20.01 NOTE
r-devel-linux-x86_64-fedora-clang 1.1.1 33.17 NOTE
r-devel-linux-x86_64-fedora-gcc 1.1.1 29.49 NOTE
r-devel-osx-x86_64-clang 1.1.1 28.51 NOTE
r-devel-windows-ix86+x86_64 1.1.1 4.00 43.00 47.00 NOTE
r-patched-linux-x86_64 1.1.1 1.23 17.79 19.02 NOTE
r-patched-solaris-sparc 1.1.1 204.70 NOTE
r-patched-solaris-x86 1.1.1 54.90 NOTE
r-release-linux-x86_64 1.1.1 1.24 17.42 18.66 NOTE
r-release-osx-x86_64-mavericks 1.1.1 NOTE
r-release-windows-ix86+x86_64 1.1.1 9.00 44.00 53.00 NOTE
r-oldrel-windows-ix86+x86_64 1.1.1 8.00 46.00 54.00 OK

Check Details

Version: 1.1.1
Check: R code for possible problems
Result: NOTE
    window_chron: no visible global function definition for ‘window’
    Undefined global functions or variables:
     window
    Consider adding
     importFrom("stats", "window")
    to your NAMESPACE file.
Flavors: r-devel-linux-x86_64-debian-gcc, r-devel-linux-x86_64-fedora-clang, r-devel-linux-x86_64-fedora-gcc, r-devel-osx-x86_64-clang, r-devel-windows-ix86+x86_64, r-patched-linux-x86_64, r-patched-solaris-sparc, r-patched-solaris-x86, r-release-linux-x86_64, r-release-osx-x86_64-mavericks, r-release-windows-ix86+x86_64