CRAN Package Check Results for Package StreamMetabolism

Last updated on 2016-02-10 18:49:37.

Flavor Version Tinstall Tcheck Ttotal Status Flags
r-devel-linux-x86_64-debian-gcc 1.1.1 1.25 16.40 17.65 NOTE
r-devel-linux-x86_64-fedora-clang 1.1.1 32.12 NOTE
r-devel-linux-x86_64-fedora-gcc 1.1.1 30.38 NOTE
r-devel-osx-x86_64-clang 1.1.1 36.08 NOTE
r-devel-windows-ix86+x86_64 1.1.1 7.00 36.00 43.00 NOTE
r-patched-linux-x86_64 1.1.1 1.48 17.99 19.47 OK
r-patched-solaris-sparc 1.1.1 211.70 OK
r-patched-solaris-x86 1.1.1 51.20 OK
r-release-linux-x86_64 1.1.1 1.38 17.87 19.25 OK
r-release-osx-x86_64-mavericks 1.1.1 OK
r-release-windows-ix86+x86_64 1.1.1 9.00 37.00 46.00 OK
r-oldrel-windows-ix86+x86_64 1.1.1 12.00 51.00 63.00 OK

Check Details

Version: 1.1.1
Check: R code for possible problems
Result: NOTE
    window_chron: no visible global function definition for ‘window’
    Undefined global functions or variables:
     window
    Consider adding
     importFrom("stats", "window")
    to your NAMESPACE file.
Flavors: r-devel-linux-x86_64-debian-gcc, r-devel-linux-x86_64-fedora-clang, r-devel-linux-x86_64-fedora-gcc, r-devel-osx-x86_64-clang, r-devel-windows-ix86+x86_64