CRAN Package Check Results for Package StreamMetabolism

Last updated on 2016-05-31 03:50:03.

Flavor Version Tinstall Tcheck Ttotal Status Flags
r-devel-linux-x86_64-debian-gcc 1.1.1 1.31 17.58 18.89 NOTE
r-devel-linux-x86_64-fedora-clang 1.1.1 33.12 NOTE
r-devel-linux-x86_64-fedora-gcc 1.1.1 30.01 NOTE
r-devel-osx-x86_64-clang 1.1.1 39.13 NOTE
r-devel-windows-ix86+x86_64 1.1.1 5.00 39.00 44.00 NOTE
r-patched-linux-x86_64 1.1.1 1.22 17.29 18.51 NOTE
r-patched-solaris-sparc 1.1.1 203.60 NOTE
r-patched-solaris-x86 1.1.1 53.80 NOTE
r-release-linux-x86_64 1.1.1 1.11 17.25 18.36 NOTE
r-release-osx-x86_64-mavericks 1.1.1 NOTE
r-release-windows-ix86+x86_64 1.1.1 8.00 44.00 52.00 NOTE
r-oldrel-windows-ix86+x86_64 1.1.1 6.00 71.00 77.00 OK

Check Details

Version: 1.1.1
Check: R code for possible problems
Result: NOTE
    window_chron: no visible global function definition for ‘window’
    Undefined global functions or variables:
     window
    Consider adding
     importFrom("stats", "window")
    to your NAMESPACE file.
Flavors: r-devel-linux-x86_64-debian-gcc, r-devel-linux-x86_64-fedora-clang, r-devel-linux-x86_64-fedora-gcc, r-devel-osx-x86_64-clang, r-devel-windows-ix86+x86_64, r-patched-linux-x86_64, r-patched-solaris-sparc, r-patched-solaris-x86, r-release-linux-x86_64, r-release-osx-x86_64-mavericks, r-release-windows-ix86+x86_64