CRAN Package Check Results for Package StreamMetabolism

Last updated on 2014-04-20 03:47:37.

Flavor Version Tinstall Tcheck Ttotal Status Flags
r-devel-linux-x86_64-debian-clang 1.0 1.56 21.47 23.04 OK
r-devel-linux-x86_64-debian-gcc 1.0 1.60 22.06 23.66 OK
r-devel-linux-x86_64-fedora-clang 1.0 47.34 OK
r-devel-linux-x86_64-fedora-gcc 1.0 43.92 OK
r-devel-macosx-x86_64-clang 1.0 44.16 OK
r-devel-macosx-x86_64-gcc 1.0 ERROR
r-devel-windows-ix86+x86_64 1.0 7.00 37.00 44.00 OK
r-patched-linux-x86_64 1.0 1.49 21.97 23.46 OK
r-patched-solaris-sparc 1.0 262.60 OK
r-patched-solaris-x86 1.0 66.20 OK
r-release-linux-ix86 OK
r-release-linux-x86_64 1.0 1.52 21.74 23.27 OK
r-release-macosx-x86_64 1.0 OK
r-release-windows-ix86+x86_64 1.0 8.00 40.00 48.00 OK
r-oldrel-windows-ix86+x86_64 1.0 5.00 41.00 46.00 OK

Check Details

Version: 1.0
Check: package dependencies
Result: ERROR
    Packages required but not available: ‘zoo’ ‘maptools’
    
    See the information on DESCRIPTION files in the chapter ‘Creating R
    packages’ of the ‘Writing R Extensions’ manual.
Flavor: r-devel-macosx-x86_64-gcc