CRAN Package Check Results for Package StreamMetabolism

Last updated on 2015-02-28 12:51:28.

Flavor Version Tinstall Tcheck Ttotal Status Flags
r-devel-linux-x86_64-debian-clang 1.0 1.53 17.99 19.52 NOTE
r-devel-linux-x86_64-debian-gcc 1.0 1.54 17.12 18.66 NOTE
r-devel-linux-x86_64-fedora-clang 1.0 37.90 NOTE
r-devel-linux-x86_64-fedora-gcc 1.0 37.59 NOTE
r-devel-osx-x86_64-clang 1.0 38.61 NOTE
r-devel-windows-ix86+x86_64 1.0 7.00 31.00 38.00 NOTE
r-patched-linux-x86_64 1.0 1.58 22.18 23.76 OK
r-patched-solaris-sparc 1.0 278.90 OK
r-patched-solaris-x86 1.0 67.70 OK
r-release-linux-ix86 1.0 2.41 28.55 30.96 OK
r-release-linux-x86_64 1.0 1.57 21.55 23.12 OK
r-release-osx-x86_64-mavericks 1.0 OK
r-release-osx-x86_64-snowleopard 1.0 OK
r-release-windows-ix86+x86_64 1.0 8.00 42.00 50.00 OK
r-oldrel-windows-ix86+x86_64 1.0 8.00 43.00 51.00 OK

Check Details

Version: 1.0
Check: DESCRIPTION meta-information
Result: NOTE
    Malformed Description field: should contain one or more complete sentences.
Flavors: r-devel-linux-x86_64-debian-clang, r-devel-linux-x86_64-debian-gcc, r-devel-linux-x86_64-fedora-clang, r-devel-linux-x86_64-fedora-gcc, r-devel-osx-x86_64-clang, r-devel-windows-ix86+x86_64

Version: 1.0
Check: S3 generic/method consistency
Result: NOTE
    Found the following apparent S3 methods exported but not registered:
     window.chron
    See section ‘Registering S3 methods’ in the ‘Writing R Extensions’
    manual.
Flavors: r-devel-linux-x86_64-debian-clang, r-devel-linux-x86_64-debian-gcc, r-devel-linux-x86_64-fedora-clang, r-devel-linux-x86_64-fedora-gcc, r-devel-osx-x86_64-clang