CRAN Package Check Results for Package StreamMetabolism

Last updated on 2015-07-29 03:48:43.

Flavor Version Tinstall Tcheck Ttotal Status Flags
r-devel-linux-x86_64-debian-clang 1.1.1 1.22 17.74 18.96 NOTE
r-devel-linux-x86_64-debian-gcc 1.1.1 1.76 17.92 19.68 NOTE
r-devel-linux-x86_64-fedora-clang 1.1.1 36.22 NOTE
r-devel-linux-x86_64-fedora-gcc 1.1.1 33.65 NOTE
r-devel-osx-x86_64-clang 1.1.1 37.09 OK
r-devel-windows-ix86+x86_64 1.1.1 5.00 31.00 36.00 NOTE
r-patched-linux-x86_64 1.1.1 1.21 18.31 19.52 OK
r-patched-solaris-sparc 1.1.1 227.10 OK
r-patched-solaris-x86 1.1.1 55.80 OK
r-release-linux-x86_64 1.1.1 1.19 17.15 18.34 OK
r-release-osx-x86_64-mavericks 1.1.1 OK
r-release-windows-ix86+x86_64 1.1.1 8.00 32.00 40.00 OK
r-oldrel-windows-ix86+x86_64 1.1.1 9.00 41.00 50.00 OK

Check Details

Version: 1.1.1
Check: R code for possible problems
Result: NOTE
    window_chron: no visible global function definition for ‘window’
    Undefined global functions or variables:
     window
    Consider adding
     importFrom("stats", "window")
    to your NAMESPACE.
Flavors: r-devel-linux-x86_64-debian-clang, r-devel-linux-x86_64-debian-gcc, r-devel-linux-x86_64-fedora-clang, r-devel-linux-x86_64-fedora-gcc, r-devel-windows-ix86+x86_64