CRAN Package Check Results for Package StreamMetabolism

Last updated on 2016-08-30 12:47:16.

Flavor Version Tinstall Tcheck Ttotal Status Flags
r-devel-linux-x86_64-debian-clang 1.1.1 1.17 17.67 18.84 NOTE
r-devel-linux-x86_64-debian-gcc 1.1.1 1.17 17.57 18.75 NOTE
r-devel-linux-x86_64-fedora-clang 1.1.1 32.37 NOTE
r-devel-linux-x86_64-fedora-gcc 1.1.1 32.11 NOTE
r-devel-osx-x86_64-clang 1.1.1 28.04 NOTE
r-devel-windows-ix86+x86_64 1.1.1 9.00 66.00 75.00 NOTE
r-patched-linux-x86_64 1.1.1 1.29 17.77 19.07 NOTE
r-patched-solaris-sparc 1.1.1 204.70 NOTE
r-patched-solaris-x86 1.1.1 50.20 NOTE
r-release-linux-x86_64 1.1.1 1.20 17.45 18.66 NOTE
r-release-osx-x86_64-mavericks 1.1.1 NOTE
r-release-windows-ix86+x86_64 1.1.1 7.00 39.00 46.00 NOTE
r-oldrel-windows-ix86+x86_64 1.1.1 12.00 63.00 75.00 OK

Check Details

Version: 1.1.1
Check: R code for possible problems
Result: NOTE
    window_chron: no visible global function definition for ‘window’
    Undefined global functions or variables:
     window
    Consider adding
     importFrom("stats", "window")
    to your NAMESPACE file.
Flavors: r-devel-linux-x86_64-debian-clang, r-devel-linux-x86_64-debian-gcc, r-devel-linux-x86_64-fedora-clang, r-devel-linux-x86_64-fedora-gcc, r-devel-osx-x86_64-clang, r-devel-windows-ix86+x86_64, r-patched-linux-x86_64, r-patched-solaris-sparc, r-patched-solaris-x86, r-release-linux-x86_64, r-release-osx-x86_64-mavericks, r-release-windows-ix86+x86_64