CRAN Package Check Results for Package StreamMetabolism

Last updated on 2015-08-31 12:48:02.

Flavor Version Tinstall Tcheck Ttotal Status Flags
r-devel-linux-x86_64-debian-clang 1.1.1 1.09 15.80 16.90 NOTE
r-devel-linux-x86_64-debian-gcc 1.1.1 1.07 16.45 17.52 NOTE
r-devel-linux-x86_64-fedora-clang 1.1.1 33.48 NOTE
r-devel-linux-x86_64-fedora-gcc 1.1.1 31.09 NOTE
r-devel-osx-x86_64-clang 1.1.1 31.08 OK
r-devel-windows-ix86+x86_64 1.1.1 9.00 39.00 48.00 NOTE
r-patched-linux-x86_64 1.1.1 1.38 16.68 18.06 OK
r-patched-solaris-sparc 1.1.1 227.10 OK
r-patched-solaris-x86 1.1.1 56.50 OK
r-release-linux-x86_64 1.1.1 1.20 17.06 18.25 OK
r-release-osx-x86_64-mavericks 1.1.1 OK
r-release-windows-ix86+x86_64 1.1.1 9.00 39.00 48.00 OK
r-oldrel-windows-ix86+x86_64 1.1.1 11.00 43.00 54.00 OK

Check Details

Version: 1.1.1
Check: R code for possible problems
Result: NOTE
    window_chron: no visible global function definition for ‘window’
    Undefined global functions or variables:
     window
    Consider adding
     importFrom("stats", "window")
    to your NAMESPACE.
Flavors: r-devel-linux-x86_64-debian-clang, r-devel-linux-x86_64-debian-gcc, r-devel-linux-x86_64-fedora-clang, r-devel-linux-x86_64-fedora-gcc, r-devel-windows-ix86+x86_64