Last updated on 2023-12-10 14:51:58 CET.
Flavor | Version | Tinstall | Tcheck | Ttotal | Status | Flags |
---|---|---|---|---|---|---|
r-devel-linux-x86_64-debian-clang | 0.2.1 | 538.20 | 299.06 | 837.26 | NOTE | |
r-devel-linux-x86_64-debian-gcc | 0.2.1 | 391.93 | 219.20 | 611.13 | NOTE | |
r-devel-linux-x86_64-fedora-clang | 0.2.1 | 1300.92 | NOTE | |||
r-devel-linux-x86_64-fedora-gcc | 0.2.1 | 1248.59 | NOTE | |||
r-devel-windows-x86_64 | 0.2.1 | 400.00 | 208.00 | 608.00 | NOTE | |
r-patched-linux-x86_64 | 0.2.1 | 469.26 | 286.18 | 755.44 | NOTE | |
r-release-linux-x86_64 | 0.2.1 | 474.02 | 281.48 | 755.50 | NOTE | |
r-release-macos-arm64 | 0.2.1 | 269.00 | NOTE | |||
r-release-macos-x86_64 | 0.2.1 | 464.00 | NOTE | |||
r-release-windows-x86_64 | 0.2.1 | 506.00 | 301.00 | 807.00 | NOTE | |
r-oldrel-macos-arm64 | 0.2.1 | 237.00 | NOTE | |||
r-oldrel-macos-x86_64 | 0.2.1 | 304.00 | NOTE | |||
r-oldrel-windows-x86_64 | 0.2.1 | 493.00 | 276.00 | 769.00 | OK |
Version: 0.2.1
Check: C++ specification
Result: NOTE
Specified C++11: please drop specification unless essential
Flavors: r-devel-linux-x86_64-debian-clang, r-devel-linux-x86_64-debian-gcc, r-devel-linux-x86_64-fedora-clang, r-devel-linux-x86_64-fedora-gcc, r-devel-windows-x86_64, r-patched-linux-x86_64, r-release-linux-x86_64, r-release-macos-arm64, r-release-macos-x86_64, r-release-windows-x86_64
Version: 0.2.1
Check: installed package size
Result: NOTE
installed size is 12.0Mb
sub-directories of 1Mb or more:
libs 11.0Mb
Flavors: r-release-macos-arm64, r-release-macos-x86_64, r-oldrel-macos-arm64, r-oldrel-macos-x86_64