CRAN Package Check Results for Package SubtypeDrug

Last updated on 2020-09-27 12:48:49 CEST.

Flavor Version Tinstall Tcheck Ttotal Status Flags
r-devel-linux-x86_64-debian-clang 0.1.2 37.03 317.60 354.63 OK
r-devel-linux-x86_64-debian-gcc 0.1.2 33.39 241.44 274.83 OK
r-devel-linux-x86_64-fedora-clang 0.1.2 445.27 NOTE
r-devel-linux-x86_64-fedora-gcc 0.1.2 438.78 NOTE
r-devel-windows-ix86+x86_64 0.1.2 16.00 8.00 24.00 ERROR
r-patched-linux-x86_64 0.1.2 37.34 295.40 332.74 OK
r-release-linux-x86_64 0.1.2 36.32 297.17 333.49 OK
r-release-macos-x86_64 0.1.2 ERROR
r-release-windows-ix86+x86_64 0.1.2 67.00 289.00 356.00 OK
r-oldrel-macos-x86_64 0.1.2 ERROR
r-oldrel-windows-ix86+x86_64 0.1.1 50.00 223.00 273.00 OK

Check Details

Version: 0.1.2
Check: dependencies in R code
Result: NOTE
    Namespace in Imports field not imported from: ‘devtools’
     All declared Imports should be used.
Flavors: r-devel-linux-x86_64-fedora-clang, r-devel-linux-x86_64-fedora-gcc

Version: 0.1.2
Check: whether package can be installed
Result: ERROR
    Installation failed.
Flavor: r-devel-windows-ix86+x86_64

Version: 0.1.2
Check: package dependencies
Result: ERROR
    Package required but not available: ‘ChemmineR’
    
    See section ‘The DESCRIPTION file’ in the ‘Writing R Extensions’
    manual.
Flavors: r-release-macos-x86_64, r-oldrel-macos-x86_64