Last updated on 2022-08-20 00:52:14 CEST.
Flavor | Version | Tinstall | Tcheck | Ttotal | Status | Flags |
---|---|---|---|---|---|---|
r-devel-linux-x86_64-debian-clang | 1.2.1 | 4.64 | 30.35 | 34.99 | OK | |
r-devel-linux-x86_64-debian-gcc | 1.2.1 | 3.10 | 23.18 | 26.28 | OK | |
r-devel-linux-x86_64-fedora-clang | 1.2.1 | 54.58 | NOTE | |||
r-devel-linux-x86_64-fedora-gcc | 1.2.1 | 51.08 | NOTE | |||
r-devel-windows-x86_64 | 1.2.1 | 26.00 | 68.00 | 94.00 | OK | |
r-patched-linux-x86_64 | 1.2.1 | 3.62 | 29.19 | 32.81 | OK | |
r-release-linux-x86_64 | 1.2.1 | OK | ||||
r-release-macos-arm64 | 1.2.1 | 20.00 | OK | |||
r-release-macos-x86_64 | 1.2.1 | 26.00 | OK | |||
r-release-windows-x86_64 | 1.2.1 | 28.00 | 64.00 | 92.00 | OK | |
r-oldrel-macos-arm64 | 1.2.1 | 24.00 | OK | |||
r-oldrel-macos-x86_64 | 1.2.1 | 34.00 | OK | |||
r-oldrel-windows-ix86+x86_64 | 1.2.1 | 12.00 | 67.00 | 79.00 | OK |
Version: 1.2.1
Check: compiled code
Result: NOTE
File ‘SummaryLasso/libs/SummaryLasso.so’:
Found no calls to: ‘R_registerRoutines’, ‘R_useDynamicSymbols’
It is good practice to register native routines and to disable symbol
search.
See ‘Writing portable packages’ in the ‘Writing R Extensions’ manual.
Flavors: r-devel-linux-x86_64-fedora-clang, r-devel-linux-x86_64-fedora-gcc