CRAN Package Check Results for Package SuperLearner

Last updated on 2018-07-18 15:48:34 CEST.

Flavor Version Tinstall Tcheck Ttotal Status Flags
r-devel-linux-x86_64-debian-clang 2.0-23 5.32 620.91 626.23 WARN
r-devel-linux-x86_64-debian-gcc 2.0-23 3.80 487.06 490.86 WARN
r-devel-linux-x86_64-fedora-clang 2.0-23 725.96 WARN
r-devel-linux-x86_64-fedora-gcc 2.0-23 709.89 WARN
r-devel-windows-ix86+x86_64 2.0-23 11.00 934.00 945.00 OK
r-patched-linux-x86_64 2.0-23 6.14 579.27 585.41 OK
r-patched-solaris-x86 2.0-23 1244.80 OK
r-release-linux-x86_64 2.0-23 4.20 578.26 582.46 OK
r-release-windows-ix86+x86_64 2.0-23 11.00 823.00 834.00 OK
r-release-osx-x86_64 2.0-23 OK
r-oldrel-windows-ix86+x86_64 2.0-23 8.00 759.00 767.00 OK
r-oldrel-osx-x86_64 2.0-23 NOTE

Check Details

Version: 2.0-23
Check: for unstated dependencies in ‘tests’
Result: WARN
    '::' or ':::' import not declared from: ‘doMC’
Flavors: r-devel-linux-x86_64-debian-clang, r-devel-linux-x86_64-debian-gcc, r-devel-linux-x86_64-fedora-clang, r-devel-linux-x86_64-fedora-gcc

Version: 2.0-23
Check: package dependencies
Result: NOTE
    Packages suggested but not available for checking: ‘genefilter’ ‘sva’
Flavor: r-oldrel-osx-x86_64