CRAN Package Check Results for Package SuperLearner

Last updated on 2018-01-18 10:48:46 CET.

Flavor Version Tinstall Tcheck Ttotal Status Flags
r-devel-linux-x86_64-debian-clang 2.0-22 1.87 537.80 539.67 OK
r-devel-linux-x86_64-debian-gcc 2.0-22 1.50 444.69 446.19 OK
r-devel-linux-x86_64-fedora-clang 2.0-22 659.68 NOTE
r-devel-linux-x86_64-fedora-gcc 2.0-22 642.20 NOTE
r-devel-windows-ix86+x86_64 2.0-22 7.00 640.00 647.00 OK
r-patched-linux-x86_64 2.0-22 1.35 523.81 525.16 OK
r-patched-solaris-x86 2.0-22 1196.20 OK
r-release-linux-x86_64 2.0-22 1.80 516.56 518.36 OK
r-release-windows-ix86+x86_64 2.0-22 5.00 614.00 619.00 OK
r-release-osx-x86_64 2.0-22 NOTE
r-oldrel-windows-ix86+x86_64 2.0-22 7.00 797.00 804.00 OK
r-oldrel-osx-x86_64 2.0-22 OK

Check Details

Version: 2.0-22
Check: package dependencies
Result: NOTE
    Packages suggested but not available for checking: ‘genefilter’ ‘sva’
Flavors: r-devel-linux-x86_64-fedora-clang, r-devel-linux-x86_64-fedora-gcc, r-release-osx-x86_64