CRAN Package Check Results for Package SuperLearner

Last updated on 2017-11-18 15:51:49.

Flavor Version Tinstall Tcheck Ttotal Status Flags
r-devel-linux-x86_64-debian-clang 2.0-22 1.13 338.93 340.06 OK
r-devel-linux-x86_64-debian-gcc 2.0-22 1.53 354.96 356.49 OK
r-devel-linux-x86_64-fedora-clang 2.0-22 581.79 OK
r-devel-linux-x86_64-fedora-gcc 2.0-22 592.48 OK
r-devel-windows-ix86+x86_64 2.0-22 5.00 857.00 862.00 OK
r-patched-linux-x86_64 2.0-22 1.35 355.34 356.69 OK
r-patched-solaris-x86 2.0-22 1110.90 OK
r-release-linux-x86_64 2.0-22 1.18 353.18 354.36 OK
r-release-windows-ix86+x86_64 2.0-22 9.00 843.00 852.00 OK
r-release-osx-x86_64 2.0-22 NOTE
r-oldrel-windows-ix86+x86_64 2.0-22 3.00 640.00 643.00 OK
r-oldrel-osx-x86_64 2.0-22 OK

Check Details

Version: 2.0-22
Check: package dependencies
Result: NOTE
    Packages suggested but not available for checking: ‘genefilter’ ‘sva’
Flavor: r-release-osx-x86_64