CRAN Package Check Results for Package SuperpixelImageSegmentation

Last updated on 2022-11-28 05:52:38 CET.

Flavor Version Tinstall Tcheck Ttotal Status Flags
r-devel-linux-x86_64-debian-clang 1.0.5 58.65 45.34 103.99 OK
r-devel-linux-x86_64-debian-gcc 1.0.5 54.66 34.86 89.52 OK
r-devel-linux-x86_64-fedora-clang 1.0.5 158.45 OK
r-devel-linux-x86_64-fedora-gcc 1.0.5 165.01 OK
r-devel-windows-x86_64 1.0.5 87.00 104.00 191.00 OK
r-patched-linux-x86_64 1.0.5 57.50 43.44 100.94 OK
r-release-linux-x86_64 1.0.5 56.41 43.60 100.01 OK
r-release-macos-arm64 1.0.5 42.00 NOTE
r-release-macos-x86_64 1.0.5 69.00 NOTE
r-release-windows-x86_64 1.0.5 121.00 104.00 225.00 OK
r-oldrel-macos-arm64 1.0.5 36.00 NOTE
r-oldrel-macos-x86_64 1.0.5 49.00 NOTE
r-oldrel-windows-ix86+x86_64 1.0.5 144.00 118.00 262.00 OK

Check Details

Version: 1.0.5
Check: installed package size
Result: NOTE
     installed size is 5.7Mb
     sub-directories of 1Mb or more:
     libs 5.4Mb
Flavors: r-release-macos-arm64, r-release-macos-x86_64, r-oldrel-macos-arm64, r-oldrel-macos-x86_64