CRAN Package Check Results for Package SuppDists

Last updated on 2017-08-21 13:50:19.

Flavor Version Tinstall Tcheck Ttotal Status Flags
r-devel-linux-x86_64-debian-clang 1.1-9.4 3.28 15.03 18.31 NOTE
r-devel-linux-x86_64-debian-gcc 1.1-9.4 3.13 14.64 17.77 NOTE
r-devel-linux-x86_64-fedora-clang 1.1-9.4 30.05 NOTE
r-devel-linux-x86_64-fedora-gcc 1.1-9.4 30.94 NOTE
r-devel-windows-ix86+x86_64 1.1-9.4 15.00 34.00 49.00 OK
r-patched-linux-x86_64 1.1-9.4 3.66 14.25 17.91 NOTE
r-patched-solaris-x86 1.1-9.4 43.00 OK
r-release-linux-x86_64 1.1-9.4 2.99 14.96 17.95 NOTE
r-release-windows-ix86+x86_64 1.1-9.4 13.00 37.00 50.00 OK
r-release-osx-x86_64 1.1-9.4 OK
r-oldrel-windows-ix86+x86_64 1.1-9.4 11.00 30.00 41.00 OK
r-oldrel-osx-x86_64 1.1-9.4 OK

Additional issues

valgrind

Check Details

Version: 1.1-9.4
Check: compiled code
Result: NOTE
    File ‘SuppDists/libs/SuppDists.so’:
     Found no calls to: ‘R_registerRoutines’, ‘R_useDynamicSymbols’
    
    It is good practice to register native routines and to disable symbol
    search.
    
    See ‘Writing portable packages’ in the ‘Writing R Extensions’ manual.
Flavors: r-devel-linux-x86_64-debian-clang, r-devel-linux-x86_64-debian-gcc, r-devel-linux-x86_64-fedora-clang, r-devel-linux-x86_64-fedora-gcc, r-patched-linux-x86_64, r-release-linux-x86_64