CRAN Package Check Results for Package SuppDists

Last updated on 2015-07-30 13:47:47.

Flavor Version Tinstall Tcheck Ttotal Status Flags
r-devel-linux-x86_64-debian-clang 1.1-9.1 2.38 11.45 13.83 NOTE
r-devel-linux-x86_64-debian-gcc 1.1-9.1 2.76 11.32 14.08 NOTE
r-devel-linux-x86_64-fedora-clang 1.1-9.1 26.09 NOTE
r-devel-linux-x86_64-fedora-gcc 1.1-9.1 27.25 NOTE
r-devel-osx-x86_64-clang 1.1-9.1 26.10 OK
r-devel-windows-ix86+x86_64 1.1-9.1 14.00 23.00 37.00 NOTE
r-patched-linux-x86_64 1.1-9.1 2.87 11.52 14.39 OK
r-patched-solaris-sparc 1.1-9.1 171.10 OK
r-patched-solaris-x86 1.1-9.1 41.50 OK
r-release-linux-x86_64 1.1-9.1 2.84 12.43 15.27 OK
r-release-osx-x86_64-mavericks 1.1-9.1 OK
r-release-windows-ix86+x86_64 1.1-9.1 11.00 22.00 33.00 OK
r-oldrel-windows-ix86+x86_64 1.1-9.1 18.00 27.00 45.00 OK

Memtest notes: valgrind

Check Details

Version: 1.1-9.1
Check: R code for possible problems
Result: NOTE
    JohnsonFit: no visible global function definition for ‘quantile’
    moments: no visible global function definition for ‘var’
    Undefined global functions or variables:
     quantile var
    Consider adding
     importFrom("stats", "quantile", "var")
    to your NAMESPACE.
Flavors: r-devel-linux-x86_64-debian-clang, r-devel-linux-x86_64-debian-gcc, r-devel-linux-x86_64-fedora-clang, r-devel-linux-x86_64-fedora-gcc, r-devel-windows-ix86+x86_64