CRAN Package Check Results for Package SuppDists

Last updated on 2017-10-17 23:48:52.

Flavor Version Tinstall Tcheck Ttotal Status Flags
r-devel-linux-x86_64-debian-clang 1.1-9.4 3.25 14.95 18.20 NOTE
r-devel-linux-x86_64-debian-gcc 1.1-9.4 3.30 13.39 16.70 NOTE
r-devel-linux-x86_64-fedora-clang 1.1-9.4 31.18 NOTE
r-devel-linux-x86_64-fedora-gcc 1.1-9.4 29.94 NOTE
r-devel-windows-ix86+x86_64 1.1-9.4 19.00 35.00 54.00 OK
r-patched-linux-x86_64 1.1-9.4 3.01 14.26 17.27 NOTE
r-patched-solaris-x86 1.1-9.4 45.10 OK
r-release-linux-x86_64 1.1-9.4 3.02 14.77 17.79 NOTE
r-release-windows-ix86+x86_64 1.1-9.4 13.00 37.00 50.00 OK
r-release-osx-x86_64 1.1-9.4 OK
r-oldrel-windows-ix86+x86_64 1.1-9.4 11.00 30.00 41.00 OK
r-oldrel-osx-x86_64 1.1-9.4 OK

Additional issues

valgrind

Check Details

Version: 1.1-9.4
Check: compiled code
Result: NOTE
    File ‘SuppDists/libs/SuppDists.so’:
     Found no calls to: ‘R_registerRoutines’, ‘R_useDynamicSymbols’
    
    It is good practice to register native routines and to disable symbol
    search.
    
    See ‘Writing portable packages’ in the ‘Writing R Extensions’ manual.
Flavors: r-devel-linux-x86_64-debian-clang, r-devel-linux-x86_64-debian-gcc, r-devel-linux-x86_64-fedora-clang, r-devel-linux-x86_64-fedora-gcc, r-patched-linux-x86_64, r-release-linux-x86_64