CRAN Package Check Results for Package SuppDists

Last updated on 2018-02-25 09:50:41 CET.

Flavor Version Tinstall Tcheck Ttotal Status Flags
r-devel-linux-x86_64-debian-clang 1.1-9.4 5.45 21.17 26.62 WARN
r-devel-linux-x86_64-debian-gcc 1.1-9.4 3.31 16.35 19.66 NOTE
r-devel-linux-x86_64-fedora-clang 1.1-9.4 33.30 WARN
r-devel-linux-x86_64-fedora-gcc 1.1-9.4 32.07 NOTE
r-devel-windows-ix86+x86_64 1.1-9.4 19.00 49.00 68.00 OK
r-patched-linux-x86_64 1.1-9.4 4.32 20.94 25.26 NOTE
r-patched-solaris-x86 1.1-9.4 45.10 OK
r-release-linux-x86_64 1.1-9.4 3.53 20.39 23.92 NOTE
r-release-windows-ix86+x86_64 1.1-9.4 13.00 37.00 50.00 OK
r-release-osx-x86_64 1.1-9.4 OK
r-oldrel-windows-ix86+x86_64 1.1-9.4 11.00 30.00 41.00 OK
r-oldrel-osx-x86_64 1.1-9.4 OK

Additional issues

valgrind

Check Details

Version: 1.1-9.4
Check: whether package can be installed
Result: WARN
    Found the following significant warnings:
     dists.cc:4239:21: warning: explicitly assigning value of variable of type 'double' to itself [-Wself-assign]
Flavors: r-devel-linux-x86_64-debian-clang, r-devel-linux-x86_64-fedora-clang

Version: 1.1-9.4
Check: compiled code
Result: NOTE
    File ‘SuppDists/libs/SuppDists.so’:
     Found no calls to: ‘R_registerRoutines’, ‘R_useDynamicSymbols’
    
    It is good practice to register native routines and to disable symbol
    search.
    
    See ‘Writing portable packages’ in the ‘Writing R Extensions’ manual.
Flavors: r-devel-linux-x86_64-debian-clang, r-devel-linux-x86_64-debian-gcc, r-devel-linux-x86_64-fedora-clang, r-devel-linux-x86_64-fedora-gcc, r-patched-linux-x86_64, r-release-linux-x86_64