CRAN Package Check Results for Package SuppDists

Last updated on 2017-02-22 23:54:25.

Flavor Version Tinstall Tcheck Ttotal Status Flags
r-devel-linux-x86_64-debian-clang 1.1-9.4 3.19 13.77 16.96 NOTE
r-devel-linux-x86_64-debian-gcc 1.1-9.4 2.86 13.54 16.41 NOTE
r-devel-linux-x86_64-fedora-clang 1.1-9.4 29.17 NOTE --no-stop-on-test-error
r-devel-linux-x86_64-fedora-gcc 1.1-9.4 27.95 NOTE --no-stop-on-test-error
r-devel-macos-x86_64-clang 1.1-9.4 25.38 NOTE --no-stop-on-test-error
r-devel-windows-ix86+x86_64 1.1-9.4 16.00 45.00 61.00 OK
r-patched-linux-x86_64 1.1-9.4 2.85 11.83 14.68 OK
r-patched-solaris-sparc 1.1-9.4 160.70 OK
r-patched-solaris-x86 1.1-9.4 36.50 OK
r-release-linux-x86_64 1.1-9.4 2.90 11.92 14.82 OK
r-release-osx-x86_64-mavericks 1.1-9.4 OK
r-release-windows-ix86+x86_64 1.1-9.4 11.00 30.00 41.00 OK
r-oldrel-windows-ix86+x86_64 1.1-9.2 16.00 35.00 51.00 OK

Memtest notes: valgrind

Check Details

Version: 1.1-9.4
Check: compiled code
Result: NOTE
    File ‘SuppDists/libs/SuppDists.so’:
     Found no calls to: ‘R_registerRoutines’, ‘R_useDynamicSymbols’
    
    It is good practice to register native routines and to disable symbol
    search.
    
    See ‘Writing portable packages’ in the ‘Writing R Extensions’ manual.
Flavors: r-devel-linux-x86_64-debian-clang, r-devel-linux-x86_64-debian-gcc

Version: 1.1-9.4
Flags: --no-stop-on-test-error
Check: compiled code
Result: NOTE
    File ‘SuppDists/libs/SuppDists.so’:
     Found no calls to: ‘R_registerRoutines’, ‘R_useDynamicSymbols’
    
    It is good practice to register native routines and to disable symbol
    search.
    
    See ‘Writing portable packages’ in the ‘Writing R Extensions’ manual.
Flavors: r-devel-linux-x86_64-fedora-clang, r-devel-linux-x86_64-fedora-gcc, r-devel-macos-x86_64-clang