CRAN Package Check Results for Package SuppDists

Last updated on 2018-06-23 11:50:32 CEST.

Flavor Version Tinstall Tcheck Ttotal Status Flags
r-devel-linux-x86_64-debian-clang 1.1-9.4 5.52 22.23 27.75 WARN
r-devel-linux-x86_64-debian-gcc 1.1-9.4 3.13 17.62 20.75 NOTE
r-devel-linux-x86_64-fedora-clang 1.1-9.4 34.74 WARN
r-devel-linux-x86_64-fedora-gcc 1.1-9.4 31.88 NOTE
r-devel-windows-ix86+x86_64 1.1-9.4 20.00 50.00 70.00 OK
r-patched-linux-x86_64 1.1-9.4 4.96 21.55 26.51 NOTE
r-patched-solaris-x86 1.1-9.4 52.20 OK
r-release-linux-x86_64 1.1-9.4 4.79 21.00 25.79 NOTE
r-release-windows-ix86+x86_64 1.1-9.4 20.00 35.00 55.00 OK
r-release-osx-x86_64 1.1-9.4 WARN
r-oldrel-windows-ix86+x86_64 1.1-9.4 13.00 37.00 50.00 OK
r-oldrel-osx-x86_64 1.1-9.4 OK

Additional issues

valgrind

Check Details

Version: 1.1-9.4
Check: whether package can be installed
Result: WARN
    Found the following significant warnings:
     dists.cc:4239:21: warning: explicitly assigning value of variable of type 'double' to itself [-Wself-assign]
Flavors: r-devel-linux-x86_64-debian-clang, r-devel-linux-x86_64-fedora-clang, r-release-osx-x86_64

Version: 1.1-9.4
Check: compiled code
Result: NOTE
    File ‘SuppDists/libs/SuppDists.so’:
     Found no calls to: ‘R_registerRoutines’, ‘R_useDynamicSymbols’
    
    It is good practice to register native routines and to disable symbol
    search.
    
    See ‘Writing portable packages’ in the ‘Writing R Extensions’ manual.
Flavors: r-devel-linux-x86_64-debian-clang, r-devel-linux-x86_64-debian-gcc, r-devel-linux-x86_64-fedora-clang, r-devel-linux-x86_64-fedora-gcc, r-patched-linux-x86_64, r-release-linux-x86_64