CRAN Package Check Results for Package SuppDists

Last updated on 2018-09-21 03:49:06 CEST.

Flavor Version Tinstall Tcheck Ttotal Status Flags
r-devel-linux-x86_64-debian-clang 1.1-9.4 6.38 22.60 28.98 WARN
r-devel-linux-x86_64-debian-gcc 1.1-9.4 4.91 18.17 23.08 OK
r-devel-linux-x86_64-fedora-clang 1.1-9.4 36.37 WARN
r-devel-linux-x86_64-fedora-gcc 1.1-9.4 33.01 NOTE
r-devel-windows-ix86+x86_64 1.1-9.4 15.00 37.00 52.00 OK
r-patched-linux-x86_64 1.1-9.4 5.92 21.33 27.25 NOTE
r-patched-solaris-x86 1.1-9.4 51.20 OK
r-release-linux-x86_64 1.1-9.4 5.77 21.44 27.21 OK
r-release-windows-ix86+x86_64 1.1-9.4 20.00 35.00 55.00 OK
r-release-osx-x86_64 1.1-9.4 WARN
r-oldrel-windows-ix86+x86_64 1.1-9.4 13.00 37.00 50.00 OK
r-oldrel-osx-x86_64 1.1-9.4 OK

Additional issues

valgrind

Check Details

Version: 1.1-9.4
Check: whether package can be installed
Result: WARN
    Found the following significant warnings:
     dists.cc:4239:21: warning: explicitly assigning value of variable of type 'double' to itself [-Wself-assign]
Flavors: r-devel-linux-x86_64-debian-clang, r-devel-linux-x86_64-fedora-clang, r-release-osx-x86_64

Version: 1.1-9.4
Check: compiled code
Result: NOTE
    File ‘SuppDists/libs/SuppDists.so’:
     Found no calls to: ‘R_registerRoutines’, ‘R_useDynamicSymbols’
    
    It is good practice to register native routines and to disable symbol
    search.
    
    See ‘Writing portable packages’ in the ‘Writing R Extensions’ manual.
Flavors: r-devel-linux-x86_64-debian-clang, r-devel-linux-x86_64-fedora-clang, r-devel-linux-x86_64-fedora-gcc, r-patched-linux-x86_64