CRAN Package Check Results for Package SuppDists

Last updated on 2015-06-30 18:47:36.

Flavor Version Tinstall Tcheck Ttotal Status Flags
r-devel-linux-x86_64-debian-clang 1.1-9.1 2.34 11.01 13.34 NOTE
r-devel-linux-x86_64-debian-gcc 1.1-9.1 2.73 11.10 13.83 NOTE
r-devel-linux-x86_64-fedora-clang 1.1-9.1 25.95 NOTE
r-devel-linux-x86_64-fedora-gcc 1.1-9.1 25.23 OK
r-devel-osx-x86_64-clang 1.1-9.1 26.73 OK
r-devel-windows-ix86+x86_64 1.1-9.1 18.00 24.00 42.00 OK
r-patched-linux-x86_64 1.1-9.1 2.79 12.30 15.10 OK
r-patched-solaris-sparc 1.1-9.1 180.90 OK
r-patched-solaris-x86 1.1-9.1 42.40 OK
r-release-linux-x86_64 1.1-9.1 2.88 11.93 14.82 OK
r-release-osx-x86_64-mavericks 1.1-9.1 OK
r-release-windows-ix86+x86_64 1.1-9.1 11.00 27.00 38.00 OK
r-oldrel-windows-ix86+x86_64 1.1-9.1 18.00 27.00 45.00 OK

Memtest notes: valgrind

Check Details

Version: 1.1-9.1
Check: R code for possible problems
Result: NOTE
    JohnsonFit: no visible global function definition for ‘quantile’
    moments: no visible global function definition for ‘var’
Flavors: r-devel-linux-x86_64-debian-clang, r-devel-linux-x86_64-debian-gcc, r-devel-linux-x86_64-fedora-clang