CRAN Package Check Results for Package SuppDists

Last updated on 2017-06-29 06:53:25.

Flavor Version Tinstall Tcheck Ttotal Status Flags
r-devel-linux-x86_64-debian-clang 1.1-9.4 3.41 14.42 17.83 NOTE
r-devel-linux-x86_64-debian-gcc 1.1-9.4 3.04 15.39 18.44 NOTE
r-devel-linux-x86_64-fedora-clang 1.1-9.4 30.61 NOTE
r-devel-linux-x86_64-fedora-gcc 1.1-9.4 28.38 NOTE
r-devel-windows-ix86+x86_64 1.1-9.4 21.00 48.00 69.00 OK
r-patched-linux-x86_64 1.1-9.4 3.04 14.58 17.62 NOTE
r-patched-solaris-sparc 1.1-9.4 184.90 OK
r-patched-solaris-x86 1.1-9.4 43.20 OK
r-release-linux-x86_64 1.1-9.4 3.05 13.94 16.99 NOTE
r-release-windows-ix86+x86_64 1.1-9.4 15.00 34.00 49.00 OK
r-release-osx-x86_64 1.1-9.4 OK
r-oldrel-windows-ix86+x86_64 1.1-9.4 11.00 30.00 41.00 OK
r-oldrel-osx-x86_64 1.1-9.4 OK

Additional issues

valgrind

Check Details

Version: 1.1-9.4
Check: compiled code
Result: NOTE
    File ‘SuppDists/libs/SuppDists.so’:
     Found no calls to: ‘R_registerRoutines’, ‘R_useDynamicSymbols’
    
    It is good practice to register native routines and to disable symbol
    search.
    
    See ‘Writing portable packages’ in the ‘Writing R Extensions’ manual.
Flavors: r-devel-linux-x86_64-debian-clang, r-devel-linux-x86_64-debian-gcc, r-devel-linux-x86_64-fedora-clang, r-devel-linux-x86_64-fedora-gcc, r-patched-linux-x86_64, r-release-linux-x86_64