CRAN Package Check Results for Package SuppDists

Last updated on 2015-09-05 07:47:08.

Flavor Version Tinstall Tcheck Ttotal Status Flags
r-devel-linux-x86_64-debian-clang 1.1-9.1 2.41 11.30 13.71 NOTE
r-devel-linux-x86_64-debian-gcc 1.1-9.1 2.71 11.81 14.52 NOTE
r-devel-linux-x86_64-fedora-clang 1.1-9.1 26.46 NOTE
r-devel-linux-x86_64-fedora-gcc 1.1-9.1 24.63 NOTE
r-devel-osx-x86_64-clang 1.1-9.1 22.71 OK
r-devel-windows-ix86+x86_64 1.1-9.1 13.00 27.00 40.00 NOTE
r-patched-linux-x86_64 1.1-9.1 2.80 11.82 14.61 OK
r-patched-solaris-sparc 1.1-9.1 171.10 OK
r-patched-solaris-x86 1.1-9.1 42.00 OK
r-release-linux-x86_64 1.1-9.1 2.85 11.50 14.35 OK
r-release-osx-x86_64-mavericks 1.1-9.1 OK
r-release-windows-ix86+x86_64 1.1-9.1 13.00 33.00 46.00 OK
r-oldrel-windows-ix86+x86_64 1.1-9.1 18.00 27.00 45.00 OK

Memtest notes: valgrind

Check Details

Version: 1.1-9.1
Check: R code for possible problems
Result: NOTE
    JohnsonFit: no visible global function definition for ‘quantile’
    moments: no visible global function definition for ‘var’
    Undefined global functions or variables:
     quantile var
    Consider adding
     importFrom("stats", "quantile", "var")
    to your NAMESPACE.
Flavors: r-devel-linux-x86_64-debian-clang, r-devel-linux-x86_64-debian-gcc, r-devel-linux-x86_64-fedora-clang, r-devel-linux-x86_64-fedora-gcc, r-devel-windows-ix86+x86_64