CRAN Package Check Results for Package SuppDists

Last updated on 2017-04-27 11:54:03.

Flavor Version Tinstall Tcheck Ttotal Status Flags
r-devel-linux-x86_64-debian-clang 1.1-9.4 3.56 14.09 17.65 NOTE
r-devel-linux-x86_64-debian-gcc 1.1-9.4 2.92 14.20 17.11 NOTE
r-devel-linux-x86_64-fedora-clang 1.1-9.4 30.49 NOTE --no-stop-on-test-error
r-devel-linux-x86_64-fedora-gcc 1.1-9.4 28.53 NOTE --no-stop-on-test-error
r-devel-windows-ix86+x86_64 1.1-9.4 21.00 35.00 56.00 OK
r-patched-linux-x86_64 1.1-9.4 2.92 14.13 17.05 NOTE
r-patched-solaris-sparc 1.1-9.4 184.90 OK
r-patched-solaris-x86 1.1-9.4 43.20 OK
r-release-linux-x86_64 1.1-9.4 3.05 14.10 17.15 NOTE
r-release-windows-ix86+x86_64 1.1-9.4 15.00 34.00 49.00 OK
r-release-osx-x86_64 1.1-9.4 OK
r-oldrel-windows-ix86+x86_64 1.1-9.4 11.00 30.00 41.00 OK
r-oldrel-osx-x86_64 1.1-9.4 OK

Memtest notes: valgrind

Check Details

Version: 1.1-9.4
Check: compiled code
Result: NOTE
    File ‘SuppDists/libs/SuppDists.so’:
     Found no calls to: ‘R_registerRoutines’, ‘R_useDynamicSymbols’
    
    It is good practice to register native routines and to disable symbol
    search.
    
    See ‘Writing portable packages’ in the ‘Writing R Extensions’ manual.
Flavors: r-devel-linux-x86_64-debian-clang, r-devel-linux-x86_64-debian-gcc, r-patched-linux-x86_64, r-release-linux-x86_64

Version: 1.1-9.4
Flags: --no-stop-on-test-error
Check: compiled code
Result: NOTE
    File ‘SuppDists/libs/SuppDists.so’:
     Found no calls to: ‘R_registerRoutines’, ‘R_useDynamicSymbols’
    
    It is good practice to register native routines and to disable symbol
    search.
    
    See ‘Writing portable packages’ in the ‘Writing R Extensions’ manual.
Flavors: r-devel-linux-x86_64-fedora-clang, r-devel-linux-x86_64-fedora-gcc