CRAN Package Check Results for Package SurfaceTortoise

Last updated on 2019-07-18 15:47:37 CEST.

Flavor Version Tinstall Tcheck Ttotal Status Flags
r-devel-linux-x86_64-debian-clang 1.0.1 8.76 76.31 85.07 OK
r-devel-linux-x86_64-debian-gcc 1.0.1 6.83 61.00 67.83 OK
r-devel-linux-x86_64-fedora-clang 1.0.1 102.42 OK
r-devel-linux-x86_64-fedora-gcc 1.0.1 101.39 OK
r-devel-windows-ix86+x86_64 1.0.1 22.00 83.00 105.00 OK
r-patched-linux-x86_64 1.0.1 9.25 75.47 84.72 NOTE
r-patched-solaris-x86 1.0.1 158.60 OK
r-release-linux-x86_64 1.0.1 8.41 74.76 83.17 NOTE
r-release-windows-ix86+x86_64 1.0.1 21.00 85.00 106.00 OK
r-release-osx-x86_64 1.0.1 OK
r-oldrel-windows-ix86+x86_64 1.0.1 12.00 107.00 119.00 OK
r-oldrel-osx-x86_64 1.0.1 OK

Check Details

Version: 1.0.1
Check: DESCRIPTION meta-information
Result: NOTE
    Dependence on R version ‘3.4.4’ not with patchlevel 0
Flavors: r-patched-linux-x86_64, r-release-linux-x86_64