CRAN Package Check Results for Package SurfaceTortoise

Last updated on 2019-05-22 00:47:45 CEST.

Flavor Version Tinstall Tcheck Ttotal Status Flags
r-devel-linux-x86_64-debian-clang 1.0.1 9.12 74.80 83.92 OK
r-devel-linux-x86_64-debian-gcc 1.0.1 7.83 60.23 68.06 OK
r-devel-linux-x86_64-fedora-clang 1.0.1 101.40 OK
r-devel-linux-x86_64-fedora-gcc 1.0.1 98.02 OK
r-devel-windows-ix86+x86_64 1.0.1 19.00 124.00 143.00 OK
r-patched-linux-x86_64 1.0.1 8.33 75.26 83.59 NOTE
r-patched-solaris-x86 1.0.1 160.40 OK
r-release-linux-x86_64 1.0.1 9.14 75.20 84.34 NOTE
r-release-windows-ix86+x86_64 1.0.1 23.00 86.00 109.00 OK
r-release-osx-x86_64 1.0.1 OK
r-oldrel-windows-ix86+x86_64 1.0.1 8.00 76.00 84.00 OK
r-oldrel-osx-x86_64 1.0.1 OK

Check Details

Version: 1.0.1
Check: DESCRIPTION meta-information
Result: NOTE
    Dependence on R version ‘3.4.4’ not with patchlevel 0
Flavors: r-patched-linux-x86_64, r-release-linux-x86_64