CRAN Package Check Results for Package SurvGSD

Last updated on 2022-01-27 08:49:28 CET.

Flavor Version Tinstall Tcheck Ttotal Status Flags
r-devel-linux-x86_64-debian-clang 1.0.0 12.82 107.17 119.99 NOTE
r-devel-linux-x86_64-debian-gcc 1.0.0 9.31 79.43 88.74 NOTE
r-devel-linux-x86_64-fedora-clang 1.0.0 131.93 NOTE
r-devel-linux-x86_64-fedora-gcc 1.0.0 128.62 NOTE
r-devel-windows-x86_64-new-UL 1.0.0 21.00 119.00 140.00 NOTE
r-devel-windows-x86_64-new-TK 1.0.0 NOTE
r-patched-linux-x86_64 1.0.0 12.58 94.21 106.79 NOTE
r-release-linux-x86_64 1.0.0 8.39 93.44 101.83 NOTE
r-release-macos-arm64 1.0.0 NOTE
r-release-macos-x86_64 1.0.0 NOTE
r-release-windows-ix86+x86_64 1.0.0 25.00 108.00 133.00 NOTE
r-oldrel-macos-x86_64 1.0.0 OK
r-oldrel-windows-ix86+x86_64 1.0.0 25.00 109.00 134.00 OK

Check Details

Version: 1.0.0
Check: LazyData
Result: NOTE
     'LazyData' is specified without a 'data' directory
Flavors: r-devel-linux-x86_64-debian-clang, r-devel-linux-x86_64-debian-gcc, r-devel-linux-x86_64-fedora-clang, r-devel-linux-x86_64-fedora-gcc, r-devel-windows-x86_64-new-UL, r-devel-windows-x86_64-new-TK, r-patched-linux-x86_64, r-release-linux-x86_64, r-release-macos-arm64, r-release-macos-x86_64, r-release-windows-ix86+x86_64