CRAN Package Check Results for Package Survgini

Last updated on 2017-08-22 02:48:05.

Flavor Version Tinstall Tcheck Ttotal Status Flags
r-devel-linux-x86_64-debian-clang 1.0 2.51 32.85 35.35 NOTE
r-devel-linux-x86_64-debian-gcc 1.0 2.24 31.38 33.62 NOTE
r-devel-linux-x86_64-fedora-clang 1.0 78.68 NOTE
r-devel-linux-x86_64-fedora-gcc 1.0 82.59 NOTE
r-devel-windows-ix86+x86_64 1.0 8.00 55.00 63.00 NOTE
r-patched-linux-x86_64 1.0 2.27 31.90 34.18 NOTE
r-patched-solaris-x86 1.0 113.60 NOTE
r-release-linux-x86_64 1.0 2.27 31.83 34.10 NOTE
r-release-windows-ix86+x86_64 1.0 6.00 79.00 85.00 NOTE
r-release-osx-x86_64 1.0 NOTE
r-oldrel-windows-ix86+x86_64 1.0 5.00 47.00 52.00 NOTE
r-oldrel-osx-x86_64 1.0 NOTE

Check Details

Version: 1.0
Check: dependencies in R code
Result: NOTE
    'library' or 'require' call to ‘survival’ which was already attached by Depends.
     Please remove these calls from your code.
Flavors: r-devel-linux-x86_64-debian-clang, r-devel-linux-x86_64-debian-gcc, r-devel-linux-x86_64-fedora-clang, r-devel-linux-x86_64-fedora-gcc, r-devel-windows-ix86+x86_64, r-patched-linux-x86_64, r-patched-solaris-x86, r-release-linux-x86_64, r-release-windows-ix86+x86_64, r-release-osx-x86_64, r-oldrel-windows-ix86+x86_64, r-oldrel-osx-x86_64

Version: 1.0
Check: R code for possible problems
Result: NOTE
    Survgini: no visible global function definition for ‘pchisq’
    Undefined global functions or variables:
     pchisq
    Consider adding
     importFrom("stats", "pchisq")
    to your NAMESPACE file.
Flavors: r-devel-linux-x86_64-debian-clang, r-devel-linux-x86_64-debian-gcc, r-devel-linux-x86_64-fedora-clang, r-devel-linux-x86_64-fedora-gcc, r-devel-windows-ix86+x86_64, r-patched-linux-x86_64, r-patched-solaris-x86, r-release-linux-x86_64, r-release-windows-ix86+x86_64, r-release-osx-x86_64, r-oldrel-windows-ix86+x86_64, r-oldrel-osx-x86_64