CRAN Package Check Results for Package Survgini

Last updated on 2017-06-24 09:56:04.

Flavor Version Tinstall Tcheck Ttotal Status Flags
r-devel-linux-x86_64-debian-clang 1.0 2.23 33.22 35.45 NOTE
r-devel-linux-x86_64-debian-gcc 1.0 2.24 32.91 35.16 NOTE
r-devel-linux-x86_64-fedora-clang 1.0 78.61 NOTE
r-devel-linux-x86_64-fedora-gcc 1.0 77.22 NOTE
r-devel-windows-ix86+x86_64 1.0 8.00 76.00 84.00 NOTE
r-patched-linux-x86_64 1.0 2.24 31.04 33.28 NOTE
r-patched-solaris-sparc 1.0 435.30 NOTE
r-patched-solaris-x86 1.0 108.60 NOTE
r-release-linux-x86_64 1.0 2.31 32.51 34.82 NOTE
r-release-windows-ix86+x86_64 1.0 9.00 77.00 86.00 NOTE
r-release-osx-x86_64 1.0 NOTE
r-oldrel-windows-ix86+x86_64 1.0 7.00 67.00 74.00 NOTE
r-oldrel-osx-x86_64 1.0 NOTE

Check Details

Version: 1.0
Check: dependencies in R code
Result: NOTE
    'library' or 'require' call to ‘survival’ which was already attached by Depends.
     Please remove these calls from your code.
Flavors: r-devel-linux-x86_64-debian-clang, r-devel-linux-x86_64-debian-gcc, r-devel-linux-x86_64-fedora-clang, r-devel-linux-x86_64-fedora-gcc, r-devel-windows-ix86+x86_64, r-patched-linux-x86_64, r-patched-solaris-sparc, r-patched-solaris-x86, r-release-linux-x86_64, r-release-windows-ix86+x86_64, r-release-osx-x86_64, r-oldrel-windows-ix86+x86_64, r-oldrel-osx-x86_64

Version: 1.0
Check: R code for possible problems
Result: NOTE
    Survgini: no visible global function definition for ‘pchisq’
    Undefined global functions or variables:
     pchisq
    Consider adding
     importFrom("stats", "pchisq")
    to your NAMESPACE file.
Flavors: r-devel-linux-x86_64-debian-clang, r-devel-linux-x86_64-debian-gcc, r-devel-linux-x86_64-fedora-clang, r-devel-linux-x86_64-fedora-gcc, r-devel-windows-ix86+x86_64, r-patched-linux-x86_64, r-patched-solaris-sparc, r-patched-solaris-x86, r-release-linux-x86_64, r-release-windows-ix86+x86_64, r-release-osx-x86_64, r-oldrel-windows-ix86+x86_64, r-oldrel-osx-x86_64