CRAN Package Check Results for Package Survgini

Last updated on 2015-03-06 06:47:10.

Flavor Version Tinstall Tcheck Ttotal Status Flags
r-devel-linux-x86_64-debian-clang 1.0 0.54 12.26 12.80 NOTE
r-devel-linux-x86_64-debian-gcc 1.0 0.53 12.54 13.07 NOTE
r-devel-linux-x86_64-fedora-clang 1.0 24.61 NOTE
r-devel-linux-x86_64-fedora-gcc 1.0 23.78 NOTE
r-devel-osx-x86_64-clang 1.0 27.92 NOTE
r-devel-windows-ix86+x86_64 1.0 3.00 19.00 22.00 NOTE
r-patched-linux-x86_64 1.0 0.62 13.23 13.85 NOTE
r-patched-solaris-sparc 1.0 184.50 NOTE
r-patched-solaris-x86 1.0 41.40 NOTE
r-release-linux-ix86 1.0 0.85 19.22 20.07 NOTE
r-release-linux-x86_64 1.0 0.60 13.76 14.36 NOTE
r-release-osx-x86_64-mavericks 1.0 NOTE
r-release-osx-x86_64-snowleopard 1.0 NOTE
r-release-windows-ix86+x86_64 1.0 3.00 23.00 26.00 NOTE
r-oldrel-windows-ix86+x86_64 1.0 3.00 23.00 26.00 NOTE

Check Details

Version: 1.0
Check: dependencies in R code
Result: NOTE
    'library' or 'require' call to ‘survival’ which was already attached by Depends.
     Please remove these calls from your code.
Flavors: r-devel-linux-x86_64-debian-clang, r-devel-linux-x86_64-debian-gcc, r-devel-linux-x86_64-fedora-clang, r-devel-linux-x86_64-fedora-gcc, r-devel-osx-x86_64-clang, r-devel-windows-ix86+x86_64, r-patched-linux-x86_64, r-patched-solaris-sparc, r-patched-solaris-x86

Version: 1.0
Check: dependencies in R code
Result: NOTE
    'library' or 'require' call to ‘survival’ which was already attached by Depends.
     Please remove these calls from your code.
    See the information on DESCRIPTION files in the chapter ‘Creating R
    packages’ of the ‘Writing R Extensions’ manual.
Flavors: r-release-linux-ix86, r-release-linux-x86_64, r-release-osx-x86_64-mavericks, r-release-osx-x86_64-snowleopard, r-release-windows-ix86+x86_64, r-oldrel-windows-ix86+x86_64