CRAN Package Check Results for Package Survgini

Last updated on 2015-08-31 12:48:02.

Flavor Version Tinstall Tcheck Ttotal Status Flags
r-devel-linux-x86_64-debian-clang 1.0 0.48 13.06 13.54 NOTE
r-devel-linux-x86_64-debian-gcc 1.0 0.48 12.04 12.52 NOTE
r-devel-linux-x86_64-fedora-clang 1.0 25.72 NOTE
r-devel-linux-x86_64-fedora-gcc 1.0 24.77 NOTE
r-devel-osx-x86_64-clang 1.0 21.91 NOTE
r-devel-windows-ix86+x86_64 1.0 2.00 25.00 27.00 NOTE
r-patched-linux-x86_64 1.0 0.54 12.38 12.92 NOTE
r-patched-solaris-sparc 1.0 165.50 NOTE
r-patched-solaris-x86 1.0 36.90 NOTE
r-release-linux-x86_64 1.0 0.54 12.68 13.22 NOTE
r-release-osx-x86_64-mavericks 1.0 NOTE
r-release-windows-ix86+x86_64 1.0 3.00 32.00 35.00 NOTE
r-oldrel-windows-ix86+x86_64 1.0 3.00 25.00 28.00 NOTE

Check Details

Version: 1.0
Check: dependencies in R code
Result: NOTE
    'library' or 'require' call to ‘survival’ which was already attached by Depends.
     Please remove these calls from your code.
Flavors: r-devel-linux-x86_64-debian-clang, r-devel-linux-x86_64-debian-gcc, r-devel-linux-x86_64-fedora-clang, r-devel-linux-x86_64-fedora-gcc, r-devel-osx-x86_64-clang, r-devel-windows-ix86+x86_64, r-patched-linux-x86_64, r-patched-solaris-sparc, r-patched-solaris-x86, r-release-linux-x86_64, r-release-osx-x86_64-mavericks, r-release-windows-ix86+x86_64, r-oldrel-windows-ix86+x86_64

Version: 1.0
Check: R code for possible problems
Result: NOTE
    Survgini: no visible global function definition for ‘pchisq’
    Undefined global functions or variables:
     pchisq
    Consider adding
     importFrom("stats", "pchisq")
    to your NAMESPACE.
Flavors: r-devel-linux-x86_64-debian-clang, r-devel-linux-x86_64-debian-gcc, r-devel-linux-x86_64-fedora-clang, r-devel-linux-x86_64-fedora-gcc, r-devel-windows-ix86+x86_64