CRAN Package Check Results for Package Survgini

Last updated on 2018-06-20 06:47:08 CEST.

Flavor Version Tinstall Tcheck Ttotal Status Flags
r-devel-linux-x86_64-debian-clang 1.0 3.60 61.93 65.53 NOTE
r-devel-linux-x86_64-debian-gcc 1.0 4.09 48.13 52.22 NOTE
r-devel-linux-x86_64-fedora-clang 1.0 80.19 NOTE
r-devel-linux-x86_64-fedora-gcc 1.0 72.86 NOTE
r-devel-windows-ix86+x86_64 1.0 9.00 87.00 96.00 NOTE
r-patched-linux-x86_64 1.0 3.12 51.01 54.13 NOTE
r-patched-solaris-x86 1.0 109.70 NOTE
r-release-linux-x86_64 1.0 4.37 51.45 55.82 NOTE
r-release-windows-ix86+x86_64 1.0 8.00 81.00 89.00 NOTE
r-release-osx-x86_64 1.0 NOTE
r-oldrel-windows-ix86+x86_64 1.0 9.00 57.00 66.00 NOTE
r-oldrel-osx-x86_64 1.0 NOTE

Check Details

Version: 1.0
Check: dependencies in R code
Result: NOTE
    'library' or 'require' call to ‘survival’ which was already attached by Depends.
     Please remove these calls from your code.
Flavors: r-devel-linux-x86_64-debian-clang, r-devel-linux-x86_64-debian-gcc, r-devel-linux-x86_64-fedora-clang, r-devel-linux-x86_64-fedora-gcc, r-devel-windows-ix86+x86_64, r-patched-linux-x86_64, r-patched-solaris-x86, r-release-linux-x86_64, r-release-windows-ix86+x86_64, r-release-osx-x86_64, r-oldrel-windows-ix86+x86_64, r-oldrel-osx-x86_64

Version: 1.0
Check: R code for possible problems
Result: NOTE
    Survgini: no visible global function definition for ‘pchisq’
    Undefined global functions or variables:
     pchisq
    Consider adding
     importFrom("stats", "pchisq")
    to your NAMESPACE file.
Flavors: r-devel-linux-x86_64-debian-clang, r-devel-linux-x86_64-debian-gcc, r-devel-linux-x86_64-fedora-clang, r-devel-linux-x86_64-fedora-gcc, r-devel-windows-ix86+x86_64, r-patched-linux-x86_64, r-patched-solaris-x86, r-release-linux-x86_64, r-release-windows-ix86+x86_64, r-release-osx-x86_64, r-oldrel-windows-ix86+x86_64, r-oldrel-osx-x86_64