CRAN Package Check Results for Package Survgini

Last updated on 2014-04-19 23:50:03.

Flavor Version Tinstall Tcheck Ttotal Status Flags
r-devel-linux-x86_64-debian-clang 1.0 0.59 13.96 14.55 NOTE
r-devel-linux-x86_64-debian-gcc 1.0 0.58 13.72 14.31 NOTE
r-devel-linux-x86_64-fedora-clang 1.0 29.05 NOTE
r-devel-linux-x86_64-fedora-gcc 1.0 26.43 NOTE
r-devel-macosx-x86_64-clang 1.0 29.45 NOTE
r-devel-macosx-x86_64-gcc 1.0 NOTE
r-devel-windows-ix86+x86_64 1.0 2.00 21.00 23.00 NOTE
r-patched-linux-x86_64 1.0 0.60 13.80 14.40 NOTE
r-patched-solaris-sparc 1.0 154.70 NOTE
r-patched-solaris-x86 1.0 41.40 NOTE
r-release-linux-ix86 NOTE
r-release-linux-x86_64 1.0 0.59 14.02 14.61 NOTE
r-release-macosx-x86_64 1.0 NOTE
r-release-windows-ix86+x86_64 1.0 5.00 31.00 36.00 NOTE
r-oldrel-windows-ix86+x86_64 1.0 2.00 23.00 25.00 NOTE

Check Details

Version: 1.0
Check: dependencies in R code
Result: NOTE
    'library' or 'require' call to ‘survival’ which was already attached by Depends.
     Please remove these calls from your code.
    See the information on DESCRIPTION files in the chapter ‘Creating R
    packages’ of the ‘Writing R Extensions’ manual.
Flavors: r-devel-linux-x86_64-debian-clang, r-devel-linux-x86_64-debian-gcc, r-devel-linux-x86_64-fedora-clang, r-devel-linux-x86_64-fedora-gcc, r-devel-macosx-x86_64-clang, r-devel-macosx-x86_64-gcc, r-devel-windows-ix86+x86_64, r-patched-linux-x86_64, r-patched-solaris-sparc, r-patched-solaris-x86, r-release-linux-ix86, r-release-linux-x86_64, r-release-macosx-x86_64, r-release-windows-ix86+x86_64, r-oldrel-windows-ix86+x86_64