CRAN Package Check Results for Package Survgini

Last updated on 2014-10-30 12:51:45.

Flavor Version Tinstall Tcheck Ttotal Status Flags
r-devel-linux-x86_64-debian-clang 1.0 0.60 12.99 13.59 NOTE
r-devel-linux-x86_64-debian-gcc 1.0 0.63 13.16 13.80 NOTE
r-devel-linux-x86_64-fedora-clang 1.0 28.21 NOTE
r-devel-linux-x86_64-fedora-gcc 1.0 26.59 NOTE
r-devel-osx-x86_64-clang 1.0 29.84 NOTE
r-devel-windows-ix86+x86_64 1.0 2.00 20.00 22.00 NOTE
r-patched-linux-x86_64 1.0 0.63 13.77 14.40 NOTE
r-patched-solaris-sparc 1.0 185.50 NOTE
r-patched-solaris-x86 1.0 40.70 NOTE
r-release-linux-ix86 1.0 0.86 19.71 20.58 NOTE
r-release-linux-x86_64 1.0 0.59 14.04 14.62 NOTE
r-release-osx-x86_64-mavericks 1.0 NOTE
r-release-osx-x86_64-snowleopard 1.0 NOTE
r-release-windows-ix86+x86_64 1.0 4.00 23.00 27.00 NOTE
r-oldrel-windows-ix86+x86_64 1.0 2.00 23.00 25.00 NOTE

Check Details

Version: 1.0
Check: dependencies in R code
Result: NOTE
    'library' or 'require' call to ‘survival’ which was already attached by Depends.
     Please remove these calls from your code.
    See the information on DESCRIPTION files in the chapter ‘Creating R
    packages’ of the ‘Writing R Extensions’ manual.
Flavors: r-devel-linux-x86_64-debian-clang, r-devel-linux-x86_64-debian-gcc, r-devel-linux-x86_64-fedora-clang, r-devel-linux-x86_64-fedora-gcc, r-devel-osx-x86_64-clang, r-devel-windows-ix86+x86_64, r-patched-linux-x86_64, r-patched-solaris-sparc, r-patched-solaris-x86, r-release-linux-ix86, r-release-linux-x86_64, r-release-osx-x86_64-mavericks, r-release-osx-x86_64-snowleopard, r-release-windows-ix86+x86_64, r-oldrel-windows-ix86+x86_64