CRAN Package Check Results for Package Survgini

Last updated on 2017-10-20 06:49:10.

Flavor Version Tinstall Tcheck Ttotal Status Flags
r-devel-linux-x86_64-debian-clang 1.0 2.23 31.60 33.82 NOTE
r-devel-linux-x86_64-debian-gcc 1.0 3.00 36.11 39.11 NOTE
r-devel-linux-x86_64-fedora-clang 1.0 80.73 NOTE
r-devel-linux-x86_64-fedora-gcc 1.0 78.51 NOTE
r-devel-windows-ix86+x86_64 1.0 8.00 53.00 61.00 NOTE
r-patched-linux-x86_64 1.0 2.24 31.70 33.94 NOTE
r-patched-solaris-x86 1.0 107.60 NOTE
r-release-linux-x86_64 1.0 2.43 31.74 34.17 NOTE
r-release-windows-ix86+x86_64 1.0 8.00 56.00 64.00 NOTE
r-release-osx-x86_64 1.0 NOTE
r-oldrel-windows-ix86+x86_64 1.0 4.00 70.00 74.00 NOTE
r-oldrel-osx-x86_64 1.0 NOTE

Check Details

Version: 1.0
Check: dependencies in R code
Result: NOTE
    'library' or 'require' call to ‘survival’ which was already attached by Depends.
     Please remove these calls from your code.
Flavors: r-devel-linux-x86_64-debian-clang, r-devel-linux-x86_64-debian-gcc, r-devel-linux-x86_64-fedora-clang, r-devel-linux-x86_64-fedora-gcc, r-devel-windows-ix86+x86_64, r-patched-linux-x86_64, r-patched-solaris-x86, r-release-linux-x86_64, r-release-windows-ix86+x86_64, r-release-osx-x86_64, r-oldrel-windows-ix86+x86_64, r-oldrel-osx-x86_64

Version: 1.0
Check: R code for possible problems
Result: NOTE
    Survgini: no visible global function definition for ‘pchisq’
    Undefined global functions or variables:
     pchisq
    Consider adding
     importFrom("stats", "pchisq")
    to your NAMESPACE file.
Flavors: r-devel-linux-x86_64-debian-clang, r-devel-linux-x86_64-debian-gcc, r-devel-linux-x86_64-fedora-clang, r-devel-linux-x86_64-fedora-gcc, r-devel-windows-ix86+x86_64, r-patched-linux-x86_64, r-patched-solaris-x86, r-release-linux-x86_64, r-release-windows-ix86+x86_64, r-release-osx-x86_64, r-oldrel-windows-ix86+x86_64, r-oldrel-osx-x86_64