CRAN Package Check Results for Package Survgini

Last updated on 2016-06-25 21:47:41.

Flavor Version Tinstall Tcheck Ttotal Status Flags
r-devel-linux-x86_64-debian-gcc 1.0 2.52 31.00 33.52 NOTE
r-devel-linux-x86_64-fedora-clang 1.0 66.39 NOTE
r-devel-linux-x86_64-fedora-gcc 1.0 63.98 NOTE
r-devel-osx-x86_64-clang 1.0 52.19 NOTE
r-devel-windows-ix86+x86_64 1.0 8.00 76.00 84.00 NOTE
r-patched-linux-x86_64 1.0 2.90 31.34 34.23 NOTE
r-patched-solaris-sparc 1.0 375.40 NOTE
r-patched-solaris-x86 1.0 87.90 NOTE
r-release-linux-x86_64 1.0 2.63 32.47 35.10 NOTE
r-release-osx-x86_64-mavericks 1.0 NOTE
r-release-windows-ix86+x86_64 1.0 9.00 55.00 64.00 NOTE
r-oldrel-windows-ix86+x86_64 1.0 9.00 75.00 84.00 NOTE

Check Details

Version: 1.0
Check: dependencies in R code
Result: NOTE
    'library' or 'require' call to ‘survival’ which was already attached by Depends.
     Please remove these calls from your code.
Flavors: r-devel-linux-x86_64-debian-gcc, r-devel-linux-x86_64-fedora-clang, r-devel-linux-x86_64-fedora-gcc, r-devel-osx-x86_64-clang, r-devel-windows-ix86+x86_64, r-patched-linux-x86_64, r-patched-solaris-sparc, r-patched-solaris-x86, r-release-linux-x86_64, r-release-osx-x86_64-mavericks, r-release-windows-ix86+x86_64, r-oldrel-windows-ix86+x86_64

Version: 1.0
Check: R code for possible problems
Result: NOTE
    Survgini: no visible global function definition for ‘pchisq’
    Undefined global functions or variables:
     pchisq
    Consider adding
     importFrom("stats", "pchisq")
    to your NAMESPACE file.
Flavors: r-devel-linux-x86_64-debian-gcc, r-devel-linux-x86_64-fedora-clang, r-devel-linux-x86_64-fedora-gcc, r-devel-osx-x86_64-clang, r-devel-windows-ix86+x86_64, r-patched-linux-x86_64, r-patched-solaris-sparc, r-patched-solaris-x86, r-release-linux-x86_64, r-release-osx-x86_64-mavericks, r-release-windows-ix86+x86_64