CRAN Package Check Results for Package Survgini

Last updated on 2016-08-28 03:47:27.

Flavor Version Tinstall Tcheck Ttotal Status Flags
r-devel-linux-x86_64-debian-clang 1.0 2.54 31.92 34.46 NOTE
r-devel-linux-x86_64-debian-gcc 1.0 2.46 31.24 33.69 NOTE
r-devel-linux-x86_64-fedora-clang 1.0 68.63 NOTE
r-devel-linux-x86_64-fedora-gcc 1.0 69.01 NOTE
r-devel-osx-x86_64-clang 1.0 54.16 NOTE
r-devel-windows-ix86+x86_64 1.0 8.00 56.00 64.00 NOTE
r-patched-linux-x86_64 1.0 2.85 30.53 33.38 NOTE
r-patched-solaris-sparc 1.0 375.40 NOTE
r-patched-solaris-x86 1.0 88.30 NOTE
r-release-linux-x86_64 1.0 2.83 31.30 34.13 NOTE
r-release-osx-x86_64-mavericks 1.0 NOTE
r-release-windows-ix86+x86_64 1.0 9.00 85.00 94.00 NOTE
r-oldrel-windows-ix86+x86_64 1.0 6.00 72.00 78.00 NOTE

Check Details

Version: 1.0
Check: dependencies in R code
Result: NOTE
    'library' or 'require' call to ‘survival’ which was already attached by Depends.
     Please remove these calls from your code.
Flavors: r-devel-linux-x86_64-debian-clang, r-devel-linux-x86_64-debian-gcc, r-devel-linux-x86_64-fedora-clang, r-devel-linux-x86_64-fedora-gcc, r-devel-osx-x86_64-clang, r-devel-windows-ix86+x86_64, r-patched-linux-x86_64, r-patched-solaris-sparc, r-patched-solaris-x86, r-release-linux-x86_64, r-release-osx-x86_64-mavericks, r-release-windows-ix86+x86_64, r-oldrel-windows-ix86+x86_64

Version: 1.0
Check: R code for possible problems
Result: NOTE
    Survgini: no visible global function definition for ‘pchisq’
    Undefined global functions or variables:
     pchisq
    Consider adding
     importFrom("stats", "pchisq")
    to your NAMESPACE file.
Flavors: r-devel-linux-x86_64-debian-clang, r-devel-linux-x86_64-debian-gcc, r-devel-linux-x86_64-fedora-clang, r-devel-linux-x86_64-fedora-gcc, r-devel-osx-x86_64-clang, r-devel-windows-ix86+x86_64, r-patched-linux-x86_64, r-patched-solaris-sparc, r-patched-solaris-x86, r-release-linux-x86_64, r-release-osx-x86_64-mavericks, r-release-windows-ix86+x86_64