CRAN Package Check Results for Package Survgini

Last updated on 2014-11-27 08:47:13.

Flavor Version Tinstall Tcheck Ttotal Status Flags
r-devel-linux-x86_64-debian-clang 1.0 0.60 13.45 14.05 NOTE
r-devel-linux-x86_64-debian-gcc 1.0 0.60 12.95 13.55 NOTE
r-devel-linux-x86_64-fedora-clang 1.0 29.25 NOTE
r-devel-linux-x86_64-fedora-gcc 1.0 30.60 NOTE
r-devel-osx-x86_64-clang 1.0 29.99 NOTE
r-devel-windows-ix86+x86_64 1.0 2.00 21.00 23.00 NOTE
r-patched-linux-x86_64 1.0 0.63 13.94 14.56 NOTE
r-patched-solaris-sparc 1.0 185.50 NOTE
r-patched-solaris-x86 1.0 42.10 NOTE
r-release-linux-ix86 1.0 0.87 18.80 19.67 NOTE
r-release-linux-x86_64 1.0 0.62 13.37 14.00 NOTE
r-release-osx-x86_64-mavericks 1.0 NOTE
r-release-osx-x86_64-snowleopard 1.0 NOTE
r-release-windows-ix86+x86_64 1.0 3.00 25.00 28.00 NOTE
r-oldrel-windows-ix86+x86_64 1.0 2.00 23.00 25.00 NOTE

Check Details

Version: 1.0
Check: dependencies in R code
Result: NOTE
    'library' or 'require' call to ‘survival’ which was already attached by Depends.
     Please remove these calls from your code.
    See the information on DESCRIPTION files in the chapter ‘Creating R
    packages’ of the ‘Writing R Extensions’ manual.
Flavors: r-devel-linux-x86_64-debian-clang, r-devel-linux-x86_64-debian-gcc, r-devel-linux-x86_64-fedora-clang, r-devel-linux-x86_64-fedora-gcc, r-devel-osx-x86_64-clang, r-devel-windows-ix86+x86_64, r-patched-linux-x86_64, r-patched-solaris-sparc, r-patched-solaris-x86, r-release-linux-ix86, r-release-linux-x86_64, r-release-osx-x86_64-mavericks, r-release-osx-x86_64-snowleopard, r-release-windows-ix86+x86_64, r-oldrel-windows-ix86+x86_64