CRAN Package Check Results for Package Survgini

Last updated on 2015-05-25 08:48:40.

Flavor Version Tinstall Tcheck Ttotal Status Flags
r-devel-linux-x86_64-debian-clang 1.0 0.53 13.12 13.64 NOTE
r-devel-linux-x86_64-debian-gcc 1.0 0.53 12.01 12.54 NOTE
r-devel-linux-x86_64-fedora-clang 1.0 24.87 NOTE
r-devel-linux-x86_64-fedora-gcc 1.0 23.77 NOTE
r-devel-osx-x86_64-clang 1.0 27.02 NOTE
r-devel-windows-ix86+x86_64 1.0 2.00 20.00 22.00 NOTE
r-patched-linux-x86_64 1.0 0.58 12.30 12.88 NOTE
r-patched-solaris-sparc 1.0 153.50 NOTE
r-patched-solaris-x86 1.0 36.60 NOTE
r-release-linux-x86_64 1.0 0.54 12.21 12.74 NOTE
r-release-osx-x86_64-mavericks 1.0 NOTE
r-release-osx-x86_64-snowleopard 1.0 NOTE
r-release-windows-ix86+x86_64 1.0 2.00 24.00 26.00 NOTE
r-oldrel-windows-ix86+x86_64 1.0 5.00 24.00 29.00 NOTE

Check Details

Version: 1.0
Check: dependencies in R code
Result: NOTE
    'library' or 'require' call to ‘survival’ which was already attached by Depends.
     Please remove these calls from your code.
Flavors: r-devel-linux-x86_64-debian-clang, r-devel-linux-x86_64-debian-gcc, r-devel-linux-x86_64-fedora-clang, r-devel-linux-x86_64-fedora-gcc, r-devel-osx-x86_64-clang, r-devel-windows-ix86+x86_64, r-patched-linux-x86_64, r-patched-solaris-sparc, r-patched-solaris-x86, r-release-linux-x86_64, r-release-osx-x86_64-mavericks, r-release-osx-x86_64-snowleopard, r-release-windows-ix86+x86_64, r-oldrel-windows-ix86+x86_64