CRAN Package Check Results for Package Survgini

Last updated on 2017-12-11 19:48:40 CET.

Flavor Version Tinstall Tcheck Ttotal Status Flags
r-devel-linux-x86_64-debian-clang 1.0 2.86 41.61 44.47 NOTE
r-devel-linux-x86_64-debian-gcc 1.0 2.50 36.48 38.98 NOTE
r-devel-linux-x86_64-fedora-clang 1.0 64.20 NOTE
r-devel-linux-x86_64-fedora-gcc 1.0 63.27 NOTE
r-devel-windows-ix86+x86_64 1.0 9.00 74.00 83.00 NOTE
r-patched-linux-x86_64 1.0 3.32 48.91 52.23 NOTE
r-patched-solaris-x86 1.0 104.80 NOTE
r-release-linux-x86_64 1.0 3.98 48.43 52.41 NOTE
r-release-windows-ix86+x86_64 1.0 6.00 78.00 84.00 NOTE
r-release-osx-x86_64 1.0 NOTE
r-oldrel-windows-ix86+x86_64 1.0 7.00 72.00 79.00 NOTE
r-oldrel-osx-x86_64 1.0 NOTE

Check Details

Version: 1.0
Check: dependencies in R code
Result: NOTE
    'library' or 'require' call to ‘survival’ which was already attached by Depends.
     Please remove these calls from your code.
Flavors: r-devel-linux-x86_64-debian-clang, r-devel-linux-x86_64-debian-gcc, r-devel-linux-x86_64-fedora-clang, r-devel-linux-x86_64-fedora-gcc, r-devel-windows-ix86+x86_64, r-patched-linux-x86_64, r-patched-solaris-x86, r-release-linux-x86_64, r-release-windows-ix86+x86_64, r-release-osx-x86_64, r-oldrel-windows-ix86+x86_64, r-oldrel-osx-x86_64

Version: 1.0
Check: R code for possible problems
Result: NOTE
    Survgini: no visible global function definition for ‘pchisq’
    Undefined global functions or variables:
     pchisq
    Consider adding
     importFrom("stats", "pchisq")
    to your NAMESPACE file.
Flavors: r-devel-linux-x86_64-debian-clang, r-devel-linux-x86_64-debian-gcc, r-devel-linux-x86_64-fedora-clang, r-devel-linux-x86_64-fedora-gcc, r-devel-windows-ix86+x86_64, r-patched-linux-x86_64, r-patched-solaris-x86, r-release-linux-x86_64, r-release-windows-ix86+x86_64, r-release-osx-x86_64, r-oldrel-windows-ix86+x86_64, r-oldrel-osx-x86_64