CRAN Package Check Results for Package Survgini

Last updated on 2017-05-24 11:50:16.

Flavor Version Tinstall Tcheck Ttotal Status Flags
r-devel-linux-x86_64-debian-clang 1.0 2.22 32.13 34.35 NOTE
r-devel-linux-x86_64-debian-gcc 1.0 2.20 31.85 34.06 NOTE
r-devel-linux-x86_64-fedora-clang 1.0 80.65 NOTE --no-stop-on-test-error
r-devel-linux-x86_64-fedora-gcc 1.0 77.55 NOTE --no-stop-on-test-error
r-devel-windows-ix86+x86_64 1.0 6.00 77.00 83.00 NOTE
r-patched-linux-x86_64 1.0 2.44 33.12 35.56 NOTE
r-patched-solaris-sparc 1.0 435.30 NOTE
r-patched-solaris-x86 1.0 109.70 NOTE
r-release-linux-x86_64 1.0 2.20 31.92 34.12 NOTE
r-release-windows-ix86+x86_64 1.0 6.00 79.00 85.00 NOTE
r-release-osx-x86_64 1.0 NOTE
r-oldrel-windows-ix86+x86_64 1.0 8.00 68.00 76.00 NOTE
r-oldrel-osx-x86_64 1.0 NOTE

Check Details

Version: 1.0
Check: dependencies in R code
Result: NOTE
    'library' or 'require' call to ‘survival’ which was already attached by Depends.
     Please remove these calls from your code.
Flavors: r-devel-linux-x86_64-debian-clang, r-devel-linux-x86_64-debian-gcc, r-devel-windows-ix86+x86_64, r-patched-linux-x86_64, r-patched-solaris-sparc, r-patched-solaris-x86, r-release-linux-x86_64, r-release-windows-ix86+x86_64, r-release-osx-x86_64, r-oldrel-windows-ix86+x86_64, r-oldrel-osx-x86_64

Version: 1.0
Check: R code for possible problems
Result: NOTE
    Survgini: no visible global function definition for ‘pchisq’
    Undefined global functions or variables:
     pchisq
    Consider adding
     importFrom("stats", "pchisq")
    to your NAMESPACE file.
Flavors: r-devel-linux-x86_64-debian-clang, r-devel-linux-x86_64-debian-gcc, r-devel-windows-ix86+x86_64, r-patched-linux-x86_64, r-patched-solaris-sparc, r-patched-solaris-x86, r-release-linux-x86_64, r-release-windows-ix86+x86_64, r-release-osx-x86_64, r-oldrel-windows-ix86+x86_64, r-oldrel-osx-x86_64

Version: 1.0
Flags: --no-stop-on-test-error
Check: dependencies in R code
Result: NOTE
    'library' or 'require' call to ‘survival’ which was already attached by Depends.
     Please remove these calls from your code.
Flavors: r-devel-linux-x86_64-fedora-clang, r-devel-linux-x86_64-fedora-gcc

Version: 1.0
Flags: --no-stop-on-test-error
Check: R code for possible problems
Result: NOTE
    Survgini: no visible global function definition for ‘pchisq’
    Undefined global functions or variables:
     pchisq
    Consider adding
     importFrom("stats", "pchisq")
    to your NAMESPACE file.
Flavors: r-devel-linux-x86_64-fedora-clang, r-devel-linux-x86_64-fedora-gcc