CRAN Package Check Results for Package Survgini

Last updated on 2014-07-24 21:48:51.

Flavor Version Tinstall Tcheck Ttotal Status Flags
r-devel-linux-x86_64-debian-clang 1.0 0.53 13.01 13.54 NOTE
r-devel-linux-x86_64-debian-gcc 1.0 0.55 12.97 13.52 NOTE
r-devel-linux-x86_64-fedora-clang 1.0 29.16 NOTE
r-devel-linux-x86_64-fedora-gcc 1.0 28.11 NOTE
r-devel-osx-x86_64-clang 1.0 31.28 NOTE
r-devel-windows-ix86+x86_64 1.0 3.00 22.00 25.00 NOTE
r-patched-linux-x86_64 1.0 0.55 13.35 13.90 NOTE
r-patched-solaris-sparc 1.0 154.70 NOTE
r-patched-solaris-x86 1.0 39.80 NOTE
r-release-linux-ix86 1.0 0.86 19.64 20.51 NOTE
r-release-linux-x86_64 1.0 0.57 13.48 14.05 NOTE
r-release-osx-x86_64-mavericks 1.0 NOTE
r-release-osx-x86_64-snowleopard 1.0 NOTE
r-release-windows-ix86+x86_64 1.0 4.00 23.00 27.00 NOTE
r-oldrel-windows-ix86+x86_64 1.0 2.00 23.00 25.00 NOTE

Check Details

Version: 1.0
Check: dependencies in R code
Result: NOTE
    'library' or 'require' call to ‘survival’ which was already attached by Depends.
     Please remove these calls from your code.
    See the information on DESCRIPTION files in the chapter ‘Creating R
    packages’ of the ‘Writing R Extensions’ manual.
Flavors: r-devel-linux-x86_64-debian-clang, r-devel-linux-x86_64-debian-gcc, r-devel-linux-x86_64-fedora-clang, r-devel-linux-x86_64-fedora-gcc, r-devel-osx-x86_64-clang, r-devel-windows-ix86+x86_64, r-patched-linux-x86_64, r-patched-solaris-sparc, r-patched-solaris-x86, r-release-linux-ix86, r-release-linux-x86_64, r-release-osx-x86_64-mavericks, r-release-osx-x86_64-snowleopard, r-release-windows-ix86+x86_64, r-oldrel-windows-ix86+x86_64