CRAN Package Check Results for Package Survgini

Last updated on 2017-02-22 23:54:26.

Flavor Version Tinstall Tcheck Ttotal Status Flags
r-devel-linux-x86_64-debian-clang 1.0 2.40 32.16 34.55 NOTE
r-devel-linux-x86_64-debian-gcc 1.0 2.19 32.31 34.50 NOTE
r-devel-linux-x86_64-fedora-clang 1.0 78.86 NOTE --no-stop-on-test-error
r-devel-linux-x86_64-fedora-gcc 1.0 77.09 NOTE --no-stop-on-test-error
r-devel-macos-x86_64-clang 1.0 59.99 NOTE --no-stop-on-test-error
r-devel-windows-ix86+x86_64 1.0 8.00 109.00 117.00 NOTE
r-patched-linux-x86_64 1.0 2.31 28.90 31.21 NOTE
r-patched-solaris-sparc 1.0 390.30 NOTE
r-patched-solaris-x86 1.0 95.90 NOTE
r-release-linux-x86_64 1.0 2.04 29.32 31.36 NOTE
r-release-osx-x86_64-mavericks 1.0 NOTE
r-release-windows-ix86+x86_64 1.0 7.00 101.00 108.00 NOTE
r-oldrel-windows-ix86+x86_64 1.0 8.00 72.00 80.00 NOTE

Check Details

Version: 1.0
Check: dependencies in R code
Result: NOTE
    'library' or 'require' call to ‘survival’ which was already attached by Depends.
     Please remove these calls from your code.
Flavors: r-devel-linux-x86_64-debian-clang, r-devel-linux-x86_64-debian-gcc, r-devel-windows-ix86+x86_64, r-patched-linux-x86_64, r-patched-solaris-sparc, r-patched-solaris-x86, r-release-linux-x86_64, r-release-osx-x86_64-mavericks, r-release-windows-ix86+x86_64, r-oldrel-windows-ix86+x86_64

Version: 1.0
Check: R code for possible problems
Result: NOTE
    Survgini: no visible global function definition for ‘pchisq’
    Undefined global functions or variables:
     pchisq
    Consider adding
     importFrom("stats", "pchisq")
    to your NAMESPACE file.
Flavors: r-devel-linux-x86_64-debian-clang, r-devel-linux-x86_64-debian-gcc, r-devel-windows-ix86+x86_64, r-patched-linux-x86_64, r-patched-solaris-sparc, r-patched-solaris-x86, r-release-linux-x86_64, r-release-osx-x86_64-mavericks, r-release-windows-ix86+x86_64

Version: 1.0
Flags: --no-stop-on-test-error
Check: dependencies in R code
Result: NOTE
    'library' or 'require' call to ‘survival’ which was already attached by Depends.
     Please remove these calls from your code.
Flavors: r-devel-linux-x86_64-fedora-clang, r-devel-linux-x86_64-fedora-gcc, r-devel-macos-x86_64-clang

Version: 1.0
Flags: --no-stop-on-test-error
Check: R code for possible problems
Result: NOTE
    Survgini: no visible global function definition for ‘pchisq’
    Undefined global functions or variables:
     pchisq
    Consider adding
     importFrom("stats", "pchisq")
    to your NAMESPACE file.
Flavors: r-devel-linux-x86_64-fedora-clang, r-devel-linux-x86_64-fedora-gcc, r-devel-macos-x86_64-clang