CRAN Package Check Results for Package Survgini

Last updated on 2018-04-25 19:47:34 CEST.

Flavor Version Tinstall Tcheck Ttotal Status Flags
r-devel-linux-x86_64-debian-clang 1.0 3.45 50.38 53.83 NOTE
r-devel-linux-x86_64-debian-gcc 1.0 3.53 40.26 43.79 NOTE
r-devel-linux-x86_64-fedora-clang 1.0 68.60 NOTE
r-devel-linux-x86_64-fedora-gcc 1.0 67.60 NOTE
r-devel-windows-ix86+x86_64 1.0 8.00 58.00 66.00 NOTE
r-patched-linux-x86_64 1.0 4.17 49.78 53.95 NOTE
r-patched-solaris-x86 1.0 109.80 NOTE
r-release-linux-x86_64 1.0 4.22 51.04 55.26 NOTE
r-release-windows-ix86+x86_64 1.0 8.00 58.00 66.00 NOTE
r-release-osx-x86_64 1.0 NOTE
r-oldrel-windows-ix86+x86_64 1.0 7.00 76.00 83.00 NOTE
r-oldrel-osx-x86_64 1.0 NOTE

Check Details

Version: 1.0
Check: dependencies in R code
Result: NOTE
    'library' or 'require' call to ‘survival’ which was already attached by Depends.
     Please remove these calls from your code.
Flavors: r-devel-linux-x86_64-debian-clang, r-devel-linux-x86_64-debian-gcc, r-devel-linux-x86_64-fedora-clang, r-devel-linux-x86_64-fedora-gcc, r-devel-windows-ix86+x86_64, r-patched-linux-x86_64, r-patched-solaris-x86, r-release-linux-x86_64, r-release-windows-ix86+x86_64, r-release-osx-x86_64, r-oldrel-windows-ix86+x86_64, r-oldrel-osx-x86_64

Version: 1.0
Check: R code for possible problems
Result: NOTE
    Survgini: no visible global function definition for ‘pchisq’
    Undefined global functions or variables:
     pchisq
    Consider adding
     importFrom("stats", "pchisq")
    to your NAMESPACE file.
Flavors: r-devel-linux-x86_64-debian-clang, r-devel-linux-x86_64-debian-gcc, r-devel-linux-x86_64-fedora-clang, r-devel-linux-x86_64-fedora-gcc, r-devel-windows-ix86+x86_64, r-patched-linux-x86_64, r-patched-solaris-x86, r-release-linux-x86_64, r-release-windows-ix86+x86_64, r-release-osx-x86_64, r-oldrel-windows-ix86+x86_64, r-oldrel-osx-x86_64