CRAN Package Check Results for Package Survgini

Last updated on 2015-04-02 08:49:44.

Flavor Version Tinstall Tcheck Ttotal Status Flags
r-devel-linux-x86_64-debian-clang 1.0 0.53 12.83 13.36 NOTE
r-devel-linux-x86_64-debian-gcc 1.0 0.53 12.52 13.05 NOTE
r-devel-linux-x86_64-fedora-clang 1.0 24.48 NOTE
r-devel-linux-x86_64-fedora-gcc 1.0 22.62 NOTE
r-devel-osx-x86_64-clang 1.0 30.41 NOTE
r-prerel-windows-ix86+x86_64 1.0 3.00 19.00 22.00 NOTE
r-prerel-linux-x86_64 1.0 0.57 11.97 12.54 NOTE
r-prerel-solaris-sparc 1.0 158.40 NOTE
r-prerel-solaris-x86 1.0 35.90 NOTE
r-release-linux-x86_64 1.0 0.64 13.45 14.09 NOTE
r-release-osx-x86_64-mavericks 1.0 NOTE
r-release-osx-x86_64-snowleopard 1.0 NOTE
r-release-windows-ix86+x86_64 1.0 5.00 24.00 29.00 NOTE
r-oldrel-windows-ix86+x86_64 1.0 3.00 23.00 26.00 NOTE

Check Details

Version: 1.0
Check: dependencies in R code
Result: NOTE
    'library' or 'require' call to ‘survival’ which was already attached by Depends.
     Please remove these calls from your code.
Flavors: r-devel-linux-x86_64-debian-clang, r-devel-linux-x86_64-debian-gcc, r-devel-linux-x86_64-fedora-clang, r-devel-linux-x86_64-fedora-gcc, r-devel-osx-x86_64-clang, r-prerel-windows-ix86+x86_64, r-prerel-linux-x86_64, r-prerel-solaris-sparc, r-prerel-solaris-x86, r-release-linux-x86_64, r-release-windows-ix86+x86_64

Version: 1.0
Check: dependencies in R code
Result: NOTE
    'library' or 'require' call to ‘survival’ which was already attached by Depends.
     Please remove these calls from your code.
    See the information on DESCRIPTION files in the chapter ‘Creating R
    packages’ of the ‘Writing R Extensions’ manual.
Flavors: r-release-osx-x86_64-mavericks, r-release-osx-x86_64-snowleopard, r-oldrel-windows-ix86+x86_64