CRAN Package Check Results for Package Survgini

Last updated on 2015-06-30 06:47:20.

Flavor Version Tinstall Tcheck Ttotal Status Flags
r-devel-linux-x86_64-debian-clang 1.0 0.51 11.81 12.32 NOTE
r-devel-linux-x86_64-debian-gcc 1.0 0.51 11.98 12.49 NOTE
r-devel-linux-x86_64-fedora-clang 1.0 24.80 NOTE
r-devel-linux-x86_64-fedora-gcc 1.0 22.13 NOTE
r-devel-osx-x86_64-clang 1.0 25.47 NOTE
r-devel-windows-ix86+x86_64 1.0 4.00 20.00 24.00 NOTE
r-patched-linux-x86_64 1.0 0.53 11.86 12.39 NOTE
r-patched-solaris-sparc 1.0 153.50 NOTE
r-patched-solaris-x86 1.0 37.50 NOTE
r-release-linux-x86_64 1.0 0.62 12.08 12.70 NOTE
r-release-osx-x86_64-mavericks 1.0 NOTE
r-release-windows-ix86+x86_64 1.0 3.00 20.00 23.00 NOTE
r-oldrel-windows-ix86+x86_64 1.0 3.00 24.00 27.00 NOTE

Check Details

Version: 1.0
Check: dependencies in R code
Result: NOTE
    'library' or 'require' call to ‘survival’ which was already attached by Depends.
     Please remove these calls from your code.
Flavors: r-devel-linux-x86_64-debian-clang, r-devel-linux-x86_64-debian-gcc, r-devel-linux-x86_64-fedora-clang, r-devel-linux-x86_64-fedora-gcc, r-devel-osx-x86_64-clang, r-devel-windows-ix86+x86_64, r-patched-linux-x86_64, r-patched-solaris-sparc, r-patched-solaris-x86, r-release-linux-x86_64, r-release-osx-x86_64-mavericks, r-release-windows-ix86+x86_64, r-oldrel-windows-ix86+x86_64

Version: 1.0
Check: R code for possible problems
Result: NOTE
    Survgini: no visible global function definition for ‘pchisq’
Flavors: r-devel-linux-x86_64-debian-clang, r-devel-linux-x86_64-debian-gcc