CRAN Package Check Results for Package SvyNom

Last updated on 2016-07-25 17:49:56.

Flavor Version Tinstall Tcheck Ttotal Status Flags
r-devel-linux-x86_64-debian-clang 1.1 4.78 52.62 57.40 NOTE
r-devel-linux-x86_64-debian-gcc 1.1 5.77 52.99 58.76 NOTE
r-devel-linux-x86_64-fedora-clang 1.1 102.15 NOTE
r-devel-linux-x86_64-fedora-gcc 1.1 99.76 NOTE
r-devel-osx-x86_64-clang 1.1 79.30 NOTE
r-devel-windows-ix86+x86_64 1.1 17.00 92.00 109.00 NOTE
r-patched-linux-x86_64 1.1 5.15 47.92 53.07 NOTE
r-patched-solaris-sparc 1.1 581.50 NOTE
r-patched-solaris-x86 1.1 131.00 NOTE
r-release-linux-x86_64 1.1 4.64 51.20 55.84 NOTE
r-release-osx-x86_64-mavericks 1.1 NOTE
r-release-windows-ix86+x86_64 1.1 15.00 112.00 127.00 NOTE
r-oldrel-windows-ix86+x86_64 1.1 20.00 117.00 137.00 OK

Check Details

Version: 1.1
Check: R code for possible problems
Result: NOTE
    svycox.calibrate: no visible global function definition for ‘quantile’
    svycox.calibrate: no visible binding for global variable ‘median’
    svycox.calibrate: no visible global function definition for
     ‘as.formula’
    svycox.calibrate: no visible global function definition for ‘plot’
    svycox.calibrate: no visible global function definition for ‘arrows’
    svycox.calibrate: no visible global function definition for ‘abline’
    svycox.nomogram: no visible global function definition for ‘predict’
    svycox.nomogram: no visible global function definition for ‘as.formula’
    svycox.validate : internal.validate.func: no visible global function
     definition for ‘as.formula’
    svycox.validate : internal.validate.func: no visible global function
     definition for ‘formula’
    Undefined global functions or variables:
     abline arrows as.formula formula median plot predict quantile
    Consider adding
     importFrom("graphics", "abline", "arrows", "plot")
     importFrom("stats", "as.formula", "formula", "median", "predict",
     "quantile")
    to your NAMESPACE file.
Flavors: r-devel-linux-x86_64-debian-clang, r-devel-linux-x86_64-debian-gcc, r-devel-linux-x86_64-fedora-clang, r-devel-linux-x86_64-fedora-gcc, r-devel-osx-x86_64-clang, r-devel-windows-ix86+x86_64, r-patched-linux-x86_64, r-patched-solaris-sparc, r-patched-solaris-x86, r-release-linux-x86_64, r-release-osx-x86_64-mavericks, r-release-windows-ix86+x86_64