CRAN Package Check Results for Package SvyNom

Last updated on 2016-12-08 18:47:26.

Flavor Version Tinstall Tcheck Ttotal Status Flags
r-devel-linux-x86_64-debian-clang 1.1 3.71 51.53 55.24 NOTE
r-devel-linux-x86_64-debian-gcc 1.1 4.05 50.72 54.78 NOTE
r-devel-linux-x86_64-fedora-clang 1.1 134.01 NOTE --no-stop-on-test-error
r-devel-linux-x86_64-fedora-gcc 1.1 131.01 NOTE --no-stop-on-test-error
r-devel-macos-x86_64-clang 1.1 94.34 NOTE --no-stop-on-test-error
r-devel-windows-ix86+x86_64 1.1 13.00 91.00 104.00 NOTE
r-patched-linux-x86_64 1.1 3.54 45.06 48.59 NOTE
r-patched-solaris-sparc 1.1 679.20 NOTE
r-patched-solaris-x86 1.1 146.50 NOTE
r-release-linux-x86_64 1.1 3.62 45.84 49.46 NOTE
r-release-osx-x86_64-mavericks 1.1 NOTE
r-release-windows-ix86+x86_64 1.1 12.00 81.00 93.00 NOTE
r-oldrel-windows-ix86+x86_64 1.1 19.00 79.00 98.00 OK

Check Details

Version: 1.1
Check: R code for possible problems
Result: NOTE
    svycox.calibrate: no visible global function definition for ‘quantile’
    svycox.calibrate: no visible binding for global variable ‘median’
    svycox.calibrate: no visible global function definition for
     ‘as.formula’
    svycox.calibrate: no visible global function definition for ‘plot’
    svycox.calibrate: no visible global function definition for ‘arrows’
    svycox.calibrate: no visible global function definition for ‘abline’
    svycox.nomogram: no visible global function definition for ‘predict’
    svycox.nomogram: no visible global function definition for ‘as.formula’
    svycox.validate : internal.validate.func: no visible global function
     definition for ‘as.formula’
    svycox.validate : internal.validate.func: no visible global function
     definition for ‘formula’
    Undefined global functions or variables:
     abline arrows as.formula formula median plot predict quantile
    Consider adding
     importFrom("graphics", "abline", "arrows", "plot")
     importFrom("stats", "as.formula", "formula", "median", "predict",
     "quantile")
    to your NAMESPACE file.
Flavors: r-devel-linux-x86_64-debian-clang, r-devel-linux-x86_64-debian-gcc, r-devel-windows-ix86+x86_64, r-patched-linux-x86_64, r-patched-solaris-sparc, r-patched-solaris-x86, r-release-linux-x86_64, r-release-osx-x86_64-mavericks, r-release-windows-ix86+x86_64

Version: 1.1
Flags: --no-stop-on-test-error
Check: R code for possible problems
Result: NOTE
    svycox.calibrate: no visible global function definition for ‘quantile’
    svycox.calibrate: no visible binding for global variable ‘median’
    svycox.calibrate: no visible global function definition for
     ‘as.formula’
    svycox.calibrate: no visible global function definition for ‘plot’
    svycox.calibrate: no visible global function definition for ‘arrows’
    svycox.calibrate: no visible global function definition for ‘abline’
    svycox.nomogram: no visible global function definition for ‘predict’
    svycox.nomogram: no visible global function definition for ‘as.formula’
    svycox.validate : internal.validate.func: no visible global function
     definition for ‘as.formula’
    svycox.validate : internal.validate.func: no visible global function
     definition for ‘formula’
    Undefined global functions or variables:
     abline arrows as.formula formula median plot predict quantile
    Consider adding
     importFrom("graphics", "abline", "arrows", "plot")
     importFrom("stats", "as.formula", "formula", "median", "predict",
     "quantile")
    to your NAMESPACE file.
Flavors: r-devel-linux-x86_64-fedora-clang, r-devel-linux-x86_64-fedora-gcc, r-devel-macos-x86_64-clang