CRAN Package Check Results for Package SvyNom

Last updated on 2016-09-29 23:47:52.

Flavor Version Tinstall Tcheck Ttotal Status Flags
r-devel-linux-x86_64-debian-clang 1.1 3.30 43.96 47.26 NOTE
r-devel-linux-x86_64-debian-gcc 1.1 3.30 43.86 47.15 NOTE
r-devel-linux-x86_64-fedora-clang 1.1 111.29 NOTE
r-devel-linux-x86_64-fedora-gcc 1.1 98.63 NOTE
r-devel-macos-x86_64-clang 1.1 74.03 NOTE
r-devel-windows-ix86+x86_64 1.1 18.00 125.00 143.00 NOTE
r-patched-linux-x86_64 1.1 3.30 43.00 46.30 NOTE
r-patched-solaris-sparc 1.1 581.50 NOTE
r-patched-solaris-x86 1.1 135.70 NOTE
r-release-linux-x86_64 1.1 3.64 44.19 47.83 NOTE
r-release-osx-x86_64-mavericks 1.1 NOTE
r-release-windows-ix86+x86_64 1.1 12.00 76.00 88.00 NOTE
r-oldrel-windows-ix86+x86_64 1.1 19.00 109.00 128.00 OK

Check Details

Version: 1.1
Check: R code for possible problems
Result: NOTE
    svycox.calibrate: no visible global function definition for ‘quantile’
    svycox.calibrate: no visible binding for global variable ‘median’
    svycox.calibrate: no visible global function definition for
     ‘as.formula’
    svycox.calibrate: no visible global function definition for ‘plot’
    svycox.calibrate: no visible global function definition for ‘arrows’
    svycox.calibrate: no visible global function definition for ‘abline’
    svycox.nomogram: no visible global function definition for ‘predict’
    svycox.nomogram: no visible global function definition for ‘as.formula’
    svycox.validate : internal.validate.func: no visible global function
     definition for ‘as.formula’
    svycox.validate : internal.validate.func: no visible global function
     definition for ‘formula’
    Undefined global functions or variables:
     abline arrows as.formula formula median plot predict quantile
    Consider adding
     importFrom("graphics", "abline", "arrows", "plot")
     importFrom("stats", "as.formula", "formula", "median", "predict",
     "quantile")
    to your NAMESPACE file.
Flavors: r-devel-linux-x86_64-debian-clang, r-devel-linux-x86_64-debian-gcc, r-devel-linux-x86_64-fedora-clang, r-devel-linux-x86_64-fedora-gcc, r-devel-macos-x86_64-clang, r-devel-windows-ix86+x86_64, r-patched-linux-x86_64, r-patched-solaris-sparc, r-patched-solaris-x86, r-release-linux-x86_64, r-release-osx-x86_64-mavericks, r-release-windows-ix86+x86_64