CRAN Package Check Results for Package SvyNom

Last updated on 2015-09-04 22:47:09.

Flavor Version Tinstall Tcheck Ttotal Status Flags
r-devel-linux-x86_64-debian-clang 1.1 3.66 46.51 50.17 NOTE
r-devel-linux-x86_64-debian-gcc 1.1 3.97 46.07 50.04 NOTE
r-devel-linux-x86_64-fedora-clang 1.1 102.65 NOTE
r-devel-linux-x86_64-fedora-gcc 1.1 98.28 NOTE
r-devel-osx-x86_64-clang 1.1 76.73 OK
r-devel-windows-ix86+x86_64 1.1 12.00 89.00 101.00 NOTE
r-patched-linux-x86_64 1.1 3.83 49.70 53.53 OK
r-patched-solaris-sparc 1.1 383.90 OK
r-patched-solaris-x86 1.1 161.30 OK
r-release-linux-x86_64 1.1 3.80 48.46 52.26 OK
r-release-osx-x86_64-mavericks 1.1 OK
r-release-windows-ix86+x86_64 1.1 19.00 78.00 97.00 OK
r-oldrel-windows-ix86+x86_64 1.1 27.00 159.00 186.00 OK

Check Details

Version: 1.1
Check: R code for possible problems
Result: NOTE
    svycox.calibrate: no visible global function definition for ‘quantile’
    svycox.calibrate: no visible binding for global variable ‘median’
    svycox.calibrate: no visible global function definition for
     ‘as.formula’
    svycox.calibrate: no visible global function definition for ‘plot’
    svycox.calibrate: no visible global function definition for ‘arrows’
    svycox.calibrate: no visible global function definition for ‘abline’
    svycox.nomogram: no visible global function definition for ‘predict’
    svycox.nomogram: no visible global function definition for ‘as.formula’
    svycox.validate : internal.validate.func: no visible global function
     definition for ‘as.formula’
    svycox.validate : internal.validate.func: no visible global function
     definition for ‘formula’
    Undefined global functions or variables:
     abline arrows as.formula formula median plot predict quantile
    Consider adding
     importFrom("graphics", "abline", "arrows", "plot")
     importFrom("stats", "as.formula", "formula", "median", "predict",
     "quantile")
    to your NAMESPACE.
Flavors: r-devel-linux-x86_64-debian-clang, r-devel-linux-x86_64-debian-gcc, r-devel-linux-x86_64-fedora-clang, r-devel-linux-x86_64-fedora-gcc, r-devel-windows-ix86+x86_64