CRAN Package Check Results for Package SvyNom

Last updated on 2014-10-25 15:48:38.

Flavor Version Tinstall Tcheck Ttotal Status Flags
r-devel-linux-x86_64-debian-clang 1.0 0.58 14.49 15.07 NOTE
r-devel-linux-x86_64-debian-gcc 1.0 0.56 14.71 15.28 NOTE
r-devel-linux-x86_64-fedora-clang 1.0 30.02 NOTE
r-devel-linux-x86_64-fedora-gcc 1.0 29.23 NOTE
r-devel-osx-x86_64-clang 1.0 31.77 NOTE
r-devel-windows-ix86+x86_64 1.0 2.00 23.00 25.00 NOTE
r-patched-linux-x86_64 1.0 0.59 14.54 15.13 NOTE
r-patched-solaris-sparc 1.0 179.10 NOTE
r-patched-solaris-x86 1.0 45.80 NOTE
r-release-linux-ix86 1.0 0.83 22.50 23.34 OK
r-release-linux-x86_64 1.0 0.52 15.77 16.29 NOTE
r-release-osx-x86_64-mavericks 1.0 OK
r-release-windows-ix86+x86_64 1.0 2.00 27.00 29.00 OK
r-oldrel-windows-ix86+x86_64 1.0 3.00 27.00 30.00 OK

Check Details

Version: 1.0
Check: R code for possible problems
Result: NOTE
    svycox.calibrate: no visible global function definition for ‘svykm’
    svycox.nomogram: no visible global function definition for ‘svycoxph’
    svycox.nomogram: no visible global function definition for ‘ols’
    svycox.nomogram: no visible global function definition for ‘nomogram’
    svycox.validate : internal.validate.func: no visible global function
     definition for ‘svydesign’
    svycox.validate : internal.validate.func: no visible global function
     definition for ‘svycoxph’
    svycox.validate : internal.validate.func: no visible global function
     definition for ‘rcorr.cens’
    svycox.validate : internal.validate.func: no visible global function
     definition for ‘Surv’
Flavors: r-devel-linux-x86_64-debian-clang, r-devel-linux-x86_64-debian-gcc, r-devel-linux-x86_64-fedora-clang, r-devel-linux-x86_64-fedora-gcc, r-devel-osx-x86_64-clang, r-devel-windows-ix86+x86_64, r-patched-linux-x86_64, r-patched-solaris-sparc, r-patched-solaris-x86

Version: 1.0
Check: Rd line widths
Result: NOTE
    Rd file 'svycox.calibrate.Rd':
     \examples lines wider than 100 characters:
     mynom=svycox.nomogram(.design=dstr2, .model=Surv(survival,surv_cens)~ECOG+liver_only+Alb+Hb+Age+Differentiation+Gt_1_m1site+lymph_only, ... [TRUNCATED]
    
    Rd file 'svycox.nomogram.Rd':
     \examples lines wider than 100 characters:
     mynom=svycox.nomogram(.design=dstr2, .model=Surv(survival,surv_cens)~ECOG+liver_only+Alb+Hb+Age+Differentiation+Gt_1_m1site+lymph_only, ... [TRUNCATED]
    
    Rd file 'svycox.validate.Rd':
     \examples lines wider than 100 characters:
     mynom=svycox.nomogram(.design=dstr2, .model=Surv(survival,surv_cens)~ECOG+liver_only+Alb+Hb+Age+Differentiation+Gt_1_m1site+lymph_only, ... [TRUNCATED]
    
    These lines will be truncated in the PDF manual.
Flavors: r-devel-linux-x86_64-debian-clang, r-devel-linux-x86_64-debian-gcc, r-devel-linux-x86_64-fedora-clang, r-devel-linux-x86_64-fedora-gcc, r-patched-linux-x86_64, r-release-linux-x86_64