CRAN Package Check Results for Package SvyNom

Last updated on 2014-09-16 08:49:57.

Flavor Version Tinstall Tcheck Ttotal Status Flags
r-devel-linux-x86_64-debian-clang 1.0 0.56 15.04 15.60 NOTE
r-devel-linux-x86_64-debian-gcc 1.0 0.48 13.40 13.88 NOTE
r-devel-linux-x86_64-fedora-clang 1.0 29.43 NOTE
r-devel-linux-x86_64-fedora-gcc 1.0 28.20 NOTE
r-devel-osx-x86_64-clang 1.0 30.02 NOTE
r-devel-windows-ix86+x86_64 1.0 2.00 22.00 24.00 NOTE
r-patched-linux-x86_64 1.0 0.53 15.38 15.91 OK
r-patched-solaris-sparc 1.0 202.40 OK
r-patched-solaris-x86 1.0 44.90 OK
r-release-linux-ix86 1.0 0.80 23.05 23.85 OK
r-release-linux-x86_64 1.0 0.67 15.20 15.87 NOTE
r-release-osx-x86_64-mavericks 1.0 OK
r-release-windows-ix86+x86_64 1.0 2.00 24.00 26.00 OK
r-oldrel-windows-ix86+x86_64 1.0 2.00 25.00 27.00 OK

Check Details

Version: 1.0
Check: R code for possible problems
Result: NOTE
    svycox.calibrate: no visible global function definition for ‘svykm’
    svycox.nomogram: no visible global function definition for ‘svycoxph’
    svycox.nomogram: no visible global function definition for ‘ols’
    svycox.nomogram: no visible global function definition for ‘nomogram’
    svycox.validate : internal.validate.func: no visible global function
     definition for ‘svydesign’
    svycox.validate : internal.validate.func: no visible global function
     definition for ‘svycoxph’
    svycox.validate : internal.validate.func: no visible global function
     definition for ‘rcorr.cens’
    svycox.validate : internal.validate.func: no visible global function
     definition for ‘Surv’
Flavors: r-devel-linux-x86_64-debian-clang, r-devel-linux-x86_64-debian-gcc, r-devel-linux-x86_64-fedora-clang, r-devel-linux-x86_64-fedora-gcc, r-devel-osx-x86_64-clang, r-devel-windows-ix86+x86_64

Version: 1.0
Check: Rd line widths
Result: NOTE
    Rd file 'svycox.calibrate.Rd':
     \examples lines wider than 100 characters:
     mynom=svycox.nomogram(.design=dstr2, .model=Surv(survival,surv_cens)~ECOG+liver_only+Alb+Hb+Age+Differentiation+Gt_1_m1site+lymph_only, ... [TRUNCATED]
    
    Rd file 'svycox.nomogram.Rd':
     \examples lines wider than 100 characters:
     mynom=svycox.nomogram(.design=dstr2, .model=Surv(survival,surv_cens)~ECOG+liver_only+Alb+Hb+Age+Differentiation+Gt_1_m1site+lymph_only, ... [TRUNCATED]
    
    Rd file 'svycox.validate.Rd':
     \examples lines wider than 100 characters:
     mynom=svycox.nomogram(.design=dstr2, .model=Surv(survival,surv_cens)~ECOG+liver_only+Alb+Hb+Age+Differentiation+Gt_1_m1site+lymph_only, ... [TRUNCATED]
    
    These lines will be truncated in the PDF manual.
Flavors: r-devel-linux-x86_64-debian-clang, r-devel-linux-x86_64-debian-gcc, r-devel-linux-x86_64-fedora-clang, r-devel-linux-x86_64-fedora-gcc, r-release-linux-x86_64