CRAN Package Check Results for Package SvyNom

Last updated on 2017-06-23 22:48:16.

Flavor Version Tinstall Tcheck Ttotal Status Flags
r-devel-linux-x86_64-debian-clang 1.1 4.34 53.28 57.62 NOTE
r-devel-linux-x86_64-debian-gcc 1.1 3.90 52.97 56.88 NOTE
r-devel-linux-x86_64-fedora-clang 1.1 124.68 NOTE
r-devel-linux-x86_64-fedora-gcc 1.1 120.98 NOTE
r-devel-windows-ix86+x86_64 1.1 19.00 120.00 139.00 NOTE
r-patched-linux-x86_64 1.1 3.85 53.41 57.26 NOTE
r-patched-solaris-sparc 1.1 712.00 NOTE
r-patched-solaris-x86 1.1 171.00 NOTE
r-release-linux-x86_64 1.1 4.64 52.74 57.38 NOTE
r-release-windows-ix86+x86_64 1.1 12.00 84.00 96.00 NOTE
r-release-osx-x86_64 1.1 NOTE
r-oldrel-windows-ix86+x86_64 1.1 19.00 113.00 132.00 NOTE
r-oldrel-osx-x86_64 1.1 NOTE

Check Details

Version: 1.1
Check: R code for possible problems
Result: NOTE
    svycox.calibrate: no visible global function definition for ‘quantile’
    svycox.calibrate: no visible binding for global variable ‘median’
    svycox.calibrate: no visible global function definition for
     ‘as.formula’
    svycox.calibrate: no visible global function definition for ‘plot’
    svycox.calibrate: no visible global function definition for ‘arrows’
    svycox.calibrate: no visible global function definition for ‘abline’
    svycox.nomogram: no visible global function definition for ‘predict’
    svycox.nomogram: no visible global function definition for ‘as.formula’
    svycox.validate : internal.validate.func: no visible global function
     definition for ‘as.formula’
    svycox.validate : internal.validate.func: no visible global function
     definition for ‘formula’
    Undefined global functions or variables:
     abline arrows as.formula formula median plot predict quantile
    Consider adding
     importFrom("graphics", "abline", "arrows", "plot")
     importFrom("stats", "as.formula", "formula", "median", "predict",
     "quantile")
    to your NAMESPACE file.
Flavors: r-devel-linux-x86_64-debian-clang, r-devel-linux-x86_64-debian-gcc, r-devel-linux-x86_64-fedora-clang, r-devel-linux-x86_64-fedora-gcc, r-devel-windows-ix86+x86_64, r-patched-linux-x86_64, r-patched-solaris-sparc, r-patched-solaris-x86, r-release-linux-x86_64, r-release-windows-ix86+x86_64, r-release-osx-x86_64, r-oldrel-windows-ix86+x86_64, r-oldrel-osx-x86_64