CRAN Package Check Results for Package SvyNom

Last updated on 2017-04-30 23:51:59.

Flavor Version Tinstall Tcheck Ttotal Status Flags
r-devel-linux-x86_64-debian-clang 1.1 3.88 52.41 56.29 NOTE
r-devel-linux-x86_64-debian-gcc 1.1 4.51 51.80 56.31 NOTE
r-devel-linux-x86_64-fedora-clang 1.1 125.53 NOTE --no-stop-on-test-error
r-devel-linux-x86_64-fedora-gcc 1.1 126.37 NOTE --no-stop-on-test-error
r-devel-windows-ix86+x86_64 1.1 12.00 146.00 158.00 NOTE
r-patched-linux-x86_64 1.1 4.38 52.02 56.39 NOTE
r-patched-solaris-sparc 1.1 712.00 NOTE
r-patched-solaris-x86 1.1 170.60 NOTE
r-release-linux-x86_64 1.1 3.88 55.79 59.67 NOTE
r-release-windows-ix86+x86_64 1.1 22.00 128.00 150.00 NOTE
r-release-osx-x86_64 1.1 NOTE
r-oldrel-windows-ix86+x86_64 1.1 23.00 117.00 140.00 NOTE
r-oldrel-osx-x86_64 1.1 NOTE

Check Details

Version: 1.1
Check: R code for possible problems
Result: NOTE
    svycox.calibrate: no visible global function definition for ‘quantile’
    svycox.calibrate: no visible binding for global variable ‘median’
    svycox.calibrate: no visible global function definition for
     ‘as.formula’
    svycox.calibrate: no visible global function definition for ‘plot’
    svycox.calibrate: no visible global function definition for ‘arrows’
    svycox.calibrate: no visible global function definition for ‘abline’
    svycox.nomogram: no visible global function definition for ‘predict’
    svycox.nomogram: no visible global function definition for ‘as.formula’
    svycox.validate : internal.validate.func: no visible global function
     definition for ‘as.formula’
    svycox.validate : internal.validate.func: no visible global function
     definition for ‘formula’
    Undefined global functions or variables:
     abline arrows as.formula formula median plot predict quantile
    Consider adding
     importFrom("graphics", "abline", "arrows", "plot")
     importFrom("stats", "as.formula", "formula", "median", "predict",
     "quantile")
    to your NAMESPACE file.
Flavors: r-devel-linux-x86_64-debian-clang, r-devel-linux-x86_64-debian-gcc, r-devel-windows-ix86+x86_64, r-patched-linux-x86_64, r-patched-solaris-sparc, r-patched-solaris-x86, r-release-linux-x86_64, r-release-windows-ix86+x86_64, r-release-osx-x86_64, r-oldrel-windows-ix86+x86_64, r-oldrel-osx-x86_64

Version: 1.1
Flags: --no-stop-on-test-error
Check: R code for possible problems
Result: NOTE
    svycox.calibrate: no visible global function definition for ‘quantile’
    svycox.calibrate: no visible binding for global variable ‘median’
    svycox.calibrate: no visible global function definition for
     ‘as.formula’
    svycox.calibrate: no visible global function definition for ‘plot’
    svycox.calibrate: no visible global function definition for ‘arrows’
    svycox.calibrate: no visible global function definition for ‘abline’
    svycox.nomogram: no visible global function definition for ‘predict’
    svycox.nomogram: no visible global function definition for ‘as.formula’
    svycox.validate : internal.validate.func: no visible global function
     definition for ‘as.formula’
    svycox.validate : internal.validate.func: no visible global function
     definition for ‘formula’
    Undefined global functions or variables:
     abline arrows as.formula formula median plot predict quantile
    Consider adding
     importFrom("graphics", "abline", "arrows", "plot")
     importFrom("stats", "as.formula", "formula", "median", "predict",
     "quantile")
    to your NAMESPACE file.
Flavors: r-devel-linux-x86_64-fedora-clang, r-devel-linux-x86_64-fedora-gcc