CRAN Package Check Results for Package SvyNom

Last updated on 2014-08-23 20:47:06.

Flavor Version Tinstall Tcheck Ttotal Status Flags
r-devel-linux-x86_64-debian-clang 1.0 0.52 14.10 14.62 NOTE
r-devel-linux-x86_64-debian-gcc 1.0 0.48 13.65 14.13 NOTE
r-devel-linux-x86_64-fedora-clang 1.0 29.59 NOTE
r-devel-linux-x86_64-fedora-gcc 1.0 25.91 NOTE
r-devel-osx-x86_64-clang 1.0 30.61 NOTE
r-devel-windows-ix86+x86_64 1.0 2.00 25.00 27.00 OK
r-patched-linux-x86_64 1.0 0.52 15.15 15.67 OK
r-patched-solaris-sparc 1.0 202.40 OK
r-patched-solaris-x86 1.0 44.20 OK
r-release-linux-ix86 1.0 0.84 21.84 22.68 OK
r-release-linux-x86_64 1.0 0.53 14.75 15.28 OK
r-release-osx-x86_64-mavericks 1.0 OK
r-release-windows-ix86+x86_64 1.0 2.00 23.00 25.00 OK
r-oldrel-windows-ix86+x86_64 1.0 2.00 27.00 29.00 OK

Check Details

Version: 1.0
Check: R code for possible problems
Result: NOTE
    svycox.calibrate: no visible global function definition for ‘svykm’
    svycox.nomogram: no visible global function definition for ‘svycoxph’
    svycox.nomogram: no visible global function definition for ‘ols’
    svycox.nomogram: no visible global function definition for ‘nomogram’
    svycox.validate : internal.validate.func: no visible global function
     definition for ‘svydesign’
    svycox.validate : internal.validate.func: no visible global function
     definition for ‘svycoxph’
    svycox.validate : internal.validate.func: no visible global function
     definition for ‘rcorr.cens’
    svycox.validate : internal.validate.func: no visible global function
     definition for ‘Surv’
Flavors: r-devel-linux-x86_64-debian-clang, r-devel-linux-x86_64-debian-gcc, r-devel-linux-x86_64-fedora-clang, r-devel-linux-x86_64-fedora-gcc, r-devel-osx-x86_64-clang

Version: 1.0
Check: Rd line widths
Result: NOTE
    Rd file 'svycox.calibrate.Rd':
     \examples lines wider than 100 characters:
     mynom=svycox.nomogram(.design=dstr2, .model=Surv(survival,surv_cens)~ECOG+liver_only+Alb+Hb+Age+Differentiation+Gt_1_m1site+lymph_only, ... [TRUNCATED]
    
    Rd file 'svycox.nomogram.Rd':
     \examples lines wider than 100 characters:
     mynom=svycox.nomogram(.design=dstr2, .model=Surv(survival,surv_cens)~ECOG+liver_only+Alb+Hb+Age+Differentiation+Gt_1_m1site+lymph_only, ... [TRUNCATED]
    
    Rd file 'svycox.validate.Rd':
     \examples lines wider than 100 characters:
     mynom=svycox.nomogram(.design=dstr2, .model=Surv(survival,surv_cens)~ECOG+liver_only+Alb+Hb+Age+Differentiation+Gt_1_m1site+lymph_only, ... [TRUNCATED]
    
    These lines will be truncated in the PDF manual.
Flavors: r-devel-linux-x86_64-fedora-clang, r-devel-linux-x86_64-fedora-gcc