CRAN Package Check Results for Package SvyNom

Last updated on 2016-02-08 19:48:41.

Flavor Version Tinstall Tcheck Ttotal Status Flags
r-devel-linux-x86_64-debian-gcc 1.1 3.47 45.01 48.48 NOTE
r-devel-linux-x86_64-fedora-clang 1.1 98.04 NOTE
r-devel-linux-x86_64-fedora-gcc 1.1 92.94 NOTE
r-devel-osx-x86_64-clang 1.1 99.23 NOTE
r-devel-windows-ix86+x86_64 1.1 15.00 79.00 94.00 NOTE
r-patched-linux-x86_64 1.1 4.01 49.88 53.89 OK
r-patched-solaris-sparc 1.1 613.10 OK
r-patched-solaris-x86 1.1 138.70 OK
r-release-linux-x86_64 1.1 4.24 49.80 54.04 OK
r-release-osx-x86_64-mavericks 1.1 OK
r-release-windows-ix86+x86_64 1.1 15.00 75.00 90.00 OK
r-oldrel-windows-ix86+x86_64 1.1 34.00 188.00 222.00 OK

Check Details

Version: 1.1
Check: R code for possible problems
Result: NOTE
    svycox.calibrate: no visible global function definition for ‘quantile’
    svycox.calibrate: no visible binding for global variable ‘median’
    svycox.calibrate: no visible global function definition for
     ‘as.formula’
    svycox.calibrate: no visible global function definition for ‘plot’
    svycox.calibrate: no visible global function definition for ‘arrows’
    svycox.calibrate: no visible global function definition for ‘abline’
    svycox.nomogram: no visible global function definition for ‘predict’
    svycox.nomogram: no visible global function definition for ‘as.formula’
    svycox.validate : internal.validate.func: no visible global function
     definition for ‘as.formula’
    svycox.validate : internal.validate.func: no visible global function
     definition for ‘formula’
    Undefined global functions or variables:
     abline arrows as.formula formula median plot predict quantile
    Consider adding
     importFrom("graphics", "abline", "arrows", "plot")
     importFrom("stats", "as.formula", "formula", "median", "predict",
     "quantile")
    to your NAMESPACE file.
Flavors: r-devel-linux-x86_64-debian-gcc, r-devel-linux-x86_64-fedora-clang, r-devel-linux-x86_64-fedora-gcc, r-devel-osx-x86_64-clang, r-devel-windows-ix86+x86_64