CRAN Package Check Results for Package SvyNom

Last updated on 2016-05-02 13:49:11.

Flavor Version Tinstall Tcheck Ttotal Status Flags
r-devel-linux-x86_64-debian-gcc 1.1 3.69 43.84 47.53 NOTE
r-devel-linux-x86_64-fedora-clang 1.1 94.90 NOTE
r-devel-linux-x86_64-fedora-gcc 1.1 90.47 NOTE
r-devel-osx-x86_64-clang 1.1 97.16 NOTE
r-devel-windows-ix86+x86_64 1.1 12.00 80.00 92.00 NOTE
r-patched-linux-x86_64 1.1 3.51 44.49 48.01 NOTE
r-patched-solaris-sparc 1.1 560.30 NOTE
r-patched-solaris-x86 1.1 132.30 NOTE
r-release-linux-x86_64 1.1 3.82 48.54 52.36 OK
r-release-osx-x86_64-mavericks 1.1 OK
r-release-windows-ix86+x86_64 1.1 18.00 107.00 125.00 OK
r-oldrel-windows-ix86+x86_64 1.1 36.00 202.00 238.00 OK

Check Details

Version: 1.1
Check: R code for possible problems
Result: NOTE
    svycox.calibrate: no visible global function definition for ‘quantile’
    svycox.calibrate: no visible binding for global variable ‘median’
    svycox.calibrate: no visible global function definition for
     ‘as.formula’
    svycox.calibrate: no visible global function definition for ‘plot’
    svycox.calibrate: no visible global function definition for ‘arrows’
    svycox.calibrate: no visible global function definition for ‘abline’
    svycox.nomogram: no visible global function definition for ‘predict’
    svycox.nomogram: no visible global function definition for ‘as.formula’
    svycox.validate : internal.validate.func: no visible global function
     definition for ‘as.formula’
    svycox.validate : internal.validate.func: no visible global function
     definition for ‘formula’
    Undefined global functions or variables:
     abline arrows as.formula formula median plot predict quantile
    Consider adding
     importFrom("graphics", "abline", "arrows", "plot")
     importFrom("stats", "as.formula", "formula", "median", "predict",
     "quantile")
    to your NAMESPACE file.
Flavors: r-devel-linux-x86_64-debian-gcc, r-devel-linux-x86_64-fedora-clang, r-devel-linux-x86_64-fedora-gcc, r-devel-osx-x86_64-clang, r-devel-windows-ix86+x86_64, r-patched-linux-x86_64, r-patched-solaris-sparc, r-patched-solaris-x86