CRAN Package Check Results for Package SvyNom

Last updated on 2015-08-03 06:47:25.

Flavor Version Tinstall Tcheck Ttotal Status Flags
r-devel-linux-x86_64-debian-clang 1.1 1.72 27.42 29.14 NOTE
r-devel-linux-x86_64-debian-gcc 1.1 1.68 26.80 28.47 NOTE
r-devel-linux-x86_64-fedora-clang 1.1 62.50 NOTE
r-devel-linux-x86_64-fedora-gcc 1.1 65.64 NOTE
r-devel-osx-x86_64-clang 1.1 51.36 OK
r-devel-windows-ix86+x86_64 1.1 9.00 52.00 61.00 NOTE
r-patched-linux-x86_64 1.1 1.84 28.25 30.09 OK
r-patched-solaris-sparc 1.1 383.90 OK
r-patched-solaris-x86 1.1 91.10 OK
r-release-linux-x86_64 1.1 1.72 27.03 28.75 OK
r-release-osx-x86_64-mavericks 1.1 OK
r-release-windows-ix86+x86_64 1.1 12.00 49.00 61.00 OK
r-oldrel-windows-ix86+x86_64 1.1 29.00 117.00 146.00 OK

Check Details

Version: 1.1
Check: R code for possible problems
Result: NOTE
    svycox.calibrate: no visible global function definition for ‘quantile’
    svycox.calibrate: no visible binding for global variable ‘median’
    svycox.calibrate: no visible global function definition for
     ‘as.formula’
    svycox.calibrate: no visible global function definition for ‘plot’
    svycox.calibrate: no visible global function definition for ‘arrows’
    svycox.calibrate: no visible global function definition for ‘abline’
    svycox.nomogram: no visible global function definition for ‘predict’
    svycox.nomogram: no visible global function definition for ‘as.formula’
    svycox.validate : internal.validate.func: no visible global function
     definition for ‘as.formula’
    svycox.validate : internal.validate.func: no visible global function
     definition for ‘formula’
    Undefined global functions or variables:
     abline arrows as.formula formula median plot predict quantile
    Consider adding
     importFrom("graphics", "abline", "arrows", "plot")
     importFrom("stats", "as.formula", "formula", "median", "predict",
     "quantile")
    to your NAMESPACE.
Flavors: r-devel-linux-x86_64-debian-clang, r-devel-linux-x86_64-debian-gcc, r-devel-linux-x86_64-fedora-clang, r-devel-linux-x86_64-fedora-gcc, r-devel-windows-ix86+x86_64