CRAN Package Check Results for Package SvyNom

Last updated on 2015-05-27 19:47:23.

Flavor Version Tinstall Tcheck Ttotal Status Flags
r-devel-linux-x86_64-debian-clang 1.1 1.72 28.40 30.12 OK
r-devel-linux-x86_64-debian-gcc 1.1 1.68 26.75 28.43 OK
r-devel-linux-x86_64-fedora-clang 1.1 60.06 OK
r-devel-linux-x86_64-fedora-gcc 1.1 59.03 OK
r-devel-osx-x86_64-clang 1.1 52.38 OK
r-devel-windows-ix86+x86_64 1.1 8.00 43.00 51.00 OK
r-patched-linux-x86_64 1.1 2.19 28.01 30.20 OK
r-patched-solaris-sparc 1.1 376.00 OK
r-patched-solaris-x86 1.1 88.30 OK
r-release-linux-x86_64 1.1 1.78 26.62 28.40 OK
r-release-osx-x86_64-mavericks 1.1 OK
r-release-osx-x86_64-snowleopard 1.1 ERROR
r-release-windows-ix86+x86_64 1.1 7.00 46.00 53.00 OK
r-oldrel-windows-ix86+x86_64 1.1 21.00 106.00 127.00 OK

Check Details

Version: 1.1
Check: package dependencies
Result: ERROR
    Packages required but not available: ‘rms’ ‘Hmisc’ ‘survey’
    
    See section ‘The DESCRIPTION file’ in the ‘Writing R Extensions’
    manual.
Flavor: r-release-osx-x86_64-snowleopard