CRAN Package Check Results for Package SvyNom

Last updated on 2014-07-24 11:53:32.

Flavor Version Tinstall Tcheck Ttotal Status Flags
r-devel-linux-x86_64-debian-clang 1.0 0.53 14.45 14.98 OK
r-devel-linux-x86_64-debian-gcc 1.0 0.57 14.55 15.12 OK
r-devel-linux-x86_64-fedora-clang 1.0 32.53 NOTE
r-devel-linux-x86_64-fedora-gcc 1.0 30.76 NOTE
r-devel-osx-x86_64-clang 1.0 31.53 OK
r-devel-windows-ix86+x86_64 1.0 2.00 25.00 27.00 OK
r-patched-linux-x86_64 1.0 0.51 14.37 14.88 OK
r-patched-solaris-sparc 1.0 181.80 OK
r-patched-solaris-x86 1.0 45.00 OK
r-release-linux-ix86 1.0 0.82 21.82 22.65 OK
r-release-linux-x86_64 1.0 0.52 14.84 15.36 OK
r-release-osx-x86_64-mavericks 1.0 OK
r-release-windows-ix86+x86_64 1.0 2.00 26.00 28.00 OK
r-oldrel-windows-ix86+x86_64 1.0 2.00 25.00 27.00 OK

Check Details

Version: 1.0
Check: Rd line widths
Result: NOTE
    Rd file 'svycox.calibrate.Rd':
     \examples lines wider than 100 characters:
     mynom=svycox.nomogram(.design=dstr2, .model=Surv(survival,surv_cens)~ECOG+liver_only+Alb+Hb+Age+Differentiation+Gt_1_m1site+lymph_only, ... [TRUNCATED]
    
    Rd file 'svycox.nomogram.Rd':
     \examples lines wider than 100 characters:
     mynom=svycox.nomogram(.design=dstr2, .model=Surv(survival,surv_cens)~ECOG+liver_only+Alb+Hb+Age+Differentiation+Gt_1_m1site+lymph_only, ... [TRUNCATED]
    
    Rd file 'svycox.validate.Rd':
     \examples lines wider than 100 characters:
     mynom=svycox.nomogram(.design=dstr2, .model=Surv(survival,surv_cens)~ECOG+liver_only+Alb+Hb+Age+Differentiation+Gt_1_m1site+lymph_only, ... [TRUNCATED]
    
    These lines will be truncated in the PDF manual.
Flavors: r-devel-linux-x86_64-fedora-clang, r-devel-linux-x86_64-fedora-gcc