CRAN Package Check Results for Package SvyNom

Last updated on 2015-07-03 16:47:41.

Flavor Version Tinstall Tcheck Ttotal Status Flags
r-devel-linux-x86_64-debian-clang 1.1 1.78 28.29 30.07 NOTE
r-devel-linux-x86_64-debian-gcc 1.1 1.66 27.38 29.04 NOTE
r-devel-linux-x86_64-fedora-clang 1.1 58.40 NOTE
r-devel-linux-x86_64-fedora-gcc 1.1 54.97 NOTE
r-devel-osx-x86_64-clang 1.1 54.85 OK
r-devel-windows-ix86+x86_64 1.1 8.00 45.00 53.00 NOTE
r-patched-linux-x86_64 1.1 1.71 27.00 28.70 OK
r-patched-solaris-sparc 1.1 376.00 OK
r-patched-solaris-x86 1.1 90.20 OK
r-release-linux-x86_64 1.1 1.71 27.55 29.26 OK
r-release-osx-x86_64-mavericks 1.1 OK
r-release-windows-ix86+x86_64 1.1 10.00 47.00 57.00 OK
r-oldrel-windows-ix86+x86_64 1.1 18.00 103.00 121.00 OK

Check Details

Version: 1.1
Check: R code for possible problems
Result: NOTE
    svycox.calibrate: no visible global function definition for ‘quantile’
    svycox.calibrate: no visible binding for global variable ‘median’
    svycox.calibrate: no visible global function definition for
     ‘as.formula’
    svycox.calibrate: no visible global function definition for ‘plot’
    svycox.calibrate: no visible global function definition for ‘arrows’
    svycox.calibrate: no visible global function definition for ‘abline’
    svycox.nomogram: no visible global function definition for ‘predict’
    svycox.nomogram: no visible global function definition for ‘as.formula’
    svycox.validate : internal.validate.func: no visible global function
     definition for ‘as.formula’
    svycox.validate : internal.validate.func: no visible global function
     definition for ‘formula’
    Undefined global functions or variables:
     abline arrows as.formula formula median plot predict quantile
Flavors: r-devel-linux-x86_64-debian-clang, r-devel-linux-x86_64-debian-gcc, r-devel-linux-x86_64-fedora-clang, r-devel-linux-x86_64-fedora-gcc, r-devel-windows-ix86+x86_64