CRAN Package Check Results for Package SweaveListingUtils

Last updated on 2014-08-30 23:48:36.

Flavor Version Tinstall Tcheck Ttotal Status Flags
r-devel-linux-x86_64-debian-clang 0.6.1 1.36 22.50 23.86 NOTE
r-devel-linux-x86_64-debian-gcc 0.6.1 1.30 21.60 22.90 NOTE
r-devel-linux-x86_64-fedora-clang 0.6.1 46.27 NOTE
r-devel-linux-x86_64-fedora-gcc 0.6.1 41.12 NOTE
r-devel-osx-x86_64-clang 0.6.1 50.25 NOTE
r-devel-windows-ix86+x86_64 0.6.1 5.00 39.00 44.00 NOTE
r-patched-linux-x86_64 0.6.1 1.40 26.54 27.94 NOTE
r-patched-solaris-sparc 0.6.1 328.20 NOTE
r-patched-solaris-x86 0.6.1 71.30 NOTE
r-release-linux-ix86 0.6.1 1.90 34.72 36.62 NOTE
r-release-linux-x86_64 0.6.1 1.44 25.03 26.47 NOTE
r-release-osx-x86_64-mavericks 0.6.1 NOTE
r-release-windows-ix86+x86_64 0.6.1 4.00 44.00 48.00 NOTE
r-oldrel-windows-ix86+x86_64 0.6.1 7.00 44.00 51.00 NOTE

Check Details

Version: 0.6.1
Check: dependencies in R code
Result: NOTE
    Namespace in Imports field not imported from: ‘stats’
     All declared Imports should be used.
    See the information on DESCRIPTION files in the chapter ‘Creating R
    packages’ of the ‘Writing R Extensions’ manual.
Flavors: r-devel-linux-x86_64-debian-clang, r-devel-linux-x86_64-debian-gcc, r-devel-linux-x86_64-fedora-clang, r-devel-linux-x86_64-fedora-gcc, r-devel-osx-x86_64-clang, r-devel-windows-ix86+x86_64, r-patched-linux-x86_64, r-patched-solaris-sparc, r-patched-solaris-x86, r-release-linux-ix86, r-release-linux-x86_64, r-release-osx-x86_64-mavericks, r-release-windows-ix86+x86_64, r-oldrel-windows-ix86+x86_64

Version: 0.6.1
Check: top-level files
Result: NOTE
    Non-standard file/directory found at top level:
     ‘SweaveListingUtils-Ex.R’
Flavors: r-devel-linux-x86_64-fedora-clang, r-devel-linux-x86_64-fedora-gcc