CRAN Package Check Results for Package SweaveListingUtils

Last updated on 2015-02-27 20:49:49.

Flavor Version Tinstall Tcheck Ttotal Status Flags
r-devel-linux-x86_64-debian-clang 0.6.2 1.24 24.21 25.45 NOTE
r-devel-linux-x86_64-debian-gcc 0.6.2 1.14 21.76 22.90 NOTE
r-devel-linux-x86_64-fedora-clang 0.6.2 38.33 NOTE
r-devel-linux-x86_64-fedora-gcc 0.6.2 38.65 NOTE
r-devel-osx-x86_64-clang 0.6.2 48.20 NOTE
r-devel-windows-ix86+x86_64 0.6.2 6.00 35.00 41.00 NOTE
r-patched-linux-x86_64 0.6.2 1.48 23.56 25.04 OK
r-patched-solaris-sparc 0.6.2 282.00 OK
r-release-linux-ix86 0.6.2 1.91 32.04 33.95 OK
r-release-linux-x86_64 0.6.2 1.40 25.72 27.12 OK
r-release-osx-x86_64-mavericks 0.6.2 OK
r-release-osx-x86_64-snowleopard 0.6.2 OK
r-release-windows-ix86+x86_64 0.6.2 5.00 39.00 44.00 OK
r-oldrel-windows-ix86+x86_64 0.6.2 5.00 40.00 45.00 OK

Check Details

Version: 0.6.2
Check: DESCRIPTION meta-information
Result: NOTE
    Malformed Description field: should contain one or more complete sentences.
Flavors: r-devel-linux-x86_64-debian-clang, r-devel-linux-x86_64-debian-gcc, r-devel-linux-x86_64-fedora-clang, r-devel-linux-x86_64-fedora-gcc, r-devel-osx-x86_64-clang, r-devel-windows-ix86+x86_64