CRAN Package Check Results for Package SweaveListingUtils

Last updated on 2016-02-14 10:47:01.

Flavor Version Tinstall Tcheck Ttotal Status Flags
r-devel-linux-x86_64-debian-gcc 0.6.2 1.32 18.71 20.03 NOTE
r-devel-linux-x86_64-fedora-clang 0.6.2 32.89 NOTE
r-devel-linux-x86_64-fedora-gcc 0.6.2 31.37 NOTE
r-devel-osx-x86_64-clang 0.6.2 43.97 NOTE
r-devel-windows-ix86+x86_64 0.6.2 6.00 50.00 56.00 NOTE
r-patched-linux-x86_64 0.6.2 1.26 21.42 22.69 NOTE
r-patched-solaris-sparc 0.6.2 225.70 NOTE
r-patched-solaris-x86 0.6.2 48.80 NOTE
r-release-linux-x86_64 0.6.2 1.23 21.51 22.74 NOTE
r-release-osx-x86_64-mavericks 0.6.2 NOTE
r-release-windows-ix86+x86_64 0.6.2 6.00 54.00 60.00 NOTE
r-oldrel-windows-ix86+x86_64 0.6.2 7.00 44.00 51.00 OK

Check Details

Version: 0.6.2
Check: DESCRIPTION meta-information
Result: NOTE
    Malformed Description field: should contain one or more complete sentences.
Flavors: r-devel-linux-x86_64-debian-gcc, r-devel-linux-x86_64-fedora-clang, r-devel-linux-x86_64-fedora-gcc, r-devel-osx-x86_64-clang, r-devel-windows-ix86+x86_64, r-patched-linux-x86_64, r-patched-solaris-sparc, r-patched-solaris-x86, r-release-linux-x86_64, r-release-osx-x86_64-mavericks, r-release-windows-ix86+x86_64

Version: 0.6.2
Check: R code for possible problems
Result: NOTE
    .lstsetTempl: no visible global function definition for ‘is’
    SweaveListingPreparations: no visible global function definition for
     ‘assignInMyNamespace’
    SweaveListingPreparations: no visible global function definition for
     ‘assignInNamespace’
    lstdefRstyle: no visible global function definition for ‘is’
    readSourceFromRForge: no visible global function definition for ‘is’
    Undefined global functions or variables:
     assignInMyNamespace assignInNamespace is
    Consider adding
     importFrom("methods", "is")
     importFrom("utils", "assignInMyNamespace", "assignInNamespace")
    to your NAMESPACE file (and ensure that your DESCRIPTION Imports field
    contains 'methods').
Flavors: r-devel-linux-x86_64-debian-gcc, r-devel-linux-x86_64-fedora-clang, r-devel-linux-x86_64-fedora-gcc, r-devel-osx-x86_64-clang, r-devel-windows-ix86+x86_64