CRAN Package Check Results for Package SweaveListingUtils

Last updated on 2014-09-19 03:47:27.

Flavor Version Tinstall Tcheck Ttotal Status Flags
r-devel-linux-x86_64-debian-clang 0.6.1 1.34 23.10 24.44 NOTE
r-devel-linux-x86_64-debian-gcc 0.6.1 1.86 22.59 24.45 NOTE
r-devel-linux-x86_64-fedora-clang 0.6.1 43.21 NOTE
r-devel-linux-x86_64-fedora-gcc 0.6.1 41.50 NOTE
r-devel-osx-x86_64-clang 0.6.1 50.75 NOTE
r-devel-windows-ix86+x86_64 0.6.1 4.00 37.00 41.00 NOTE
r-patched-linux-x86_64 0.6.1 1.43 26.28 27.70 NOTE
r-patched-solaris-sparc 0.6.1 328.20 NOTE
r-patched-solaris-x86 0.6.1 69.20 NOTE
r-release-linux-ix86 0.6.1 1.92 34.47 36.39 NOTE
r-release-linux-x86_64 0.6.1 1.44 26.73 28.16 NOTE
r-release-osx-x86_64-mavericks 0.6.1 NOTE
r-release-windows-ix86+x86_64 0.6.1 4.00 45.00 49.00 NOTE
r-oldrel-windows-ix86+x86_64 0.6.1 4.00 41.00 45.00 NOTE

Check Details

Version: 0.6.1
Check: top-level files
Result: NOTE
    Non-standard file/directory found at top level:
     ‘SweaveListingUtils-Ex.R’
Flavors: r-devel-linux-x86_64-debian-clang, r-devel-linux-x86_64-debian-gcc, r-devel-linux-x86_64-fedora-clang, r-devel-linux-x86_64-fedora-gcc, r-patched-linux-x86_64, r-release-linux-x86_64

Version: 0.6.1
Check: dependencies in R code
Result: NOTE
    Namespace in Imports field not imported from: ‘stats’
     All declared Imports should be used.
    See the information on DESCRIPTION files in the chapter ‘Creating R
    packages’ of the ‘Writing R Extensions’ manual.
Flavors: r-devel-linux-x86_64-debian-clang, r-devel-linux-x86_64-debian-gcc, r-devel-linux-x86_64-fedora-clang, r-devel-linux-x86_64-fedora-gcc, r-devel-osx-x86_64-clang, r-devel-windows-ix86+x86_64, r-patched-linux-x86_64, r-patched-solaris-sparc, r-patched-solaris-x86, r-release-linux-ix86, r-release-linux-x86_64, r-release-osx-x86_64-mavericks, r-release-windows-ix86+x86_64, r-oldrel-windows-ix86+x86_64