CRAN Package Check Results for Package SweaveListingUtils

Last updated on 2018-06-24 16:49:12 CEST.

Flavor Version Tinstall Tcheck Ttotal Status Flags
r-devel-linux-x86_64-debian-clang 0.7.7 2.09 35.37 37.46 WARN
r-devel-linux-x86_64-debian-gcc 0.7.7 1.42 27.76 29.18 WARN
r-devel-linux-x86_64-fedora-clang 0.7.7 45.94 WARN
r-devel-linux-x86_64-fedora-gcc 0.7.7 41.90 WARN
r-devel-windows-ix86+x86_64 0.7.7 7.00 62.00 69.00 OK
r-patched-linux-x86_64 0.7.7 2.16 33.42 35.58 WARN
r-patched-solaris-x86 0.7.7 62.30 WARN
r-release-linux-x86_64 0.7.7 1.64 32.95 34.59 WARN
r-release-windows-ix86+x86_64 0.7.7 5.00 63.00 68.00 OK
r-release-osx-x86_64 0.7.7 OK
r-oldrel-windows-ix86+x86_64 0.7.7 6.00 73.00 79.00 OK
r-oldrel-osx-x86_64 0.7.7 OK

Check Details

Version: 0.7.7
Check: re-building of vignette outputs
Result: WARN
    Error in re-building vignettes:
     ...
    Loading required package: SweaveListingUtils
    Loading required package: startupmsg
    :startupmsg> Utilities for Start-Up Messages (version 0.9.4)
    :startupmsg>
    :startupmsg> For more information see ?"startupmsg",
    :startupmsg> NEWS("startupmsg")
    
    :SweaveListingUtils> Utilities for Sweave Together with
    :SweaveListingUtils> TeX 'listings' Package (version
    :SweaveListingUtils> 0.7.7)
    :SweaveListingUtils>
    :SweaveListingUtils> NOTE: Support for this package
    :SweaveListingUtils> will stop soon.
    :SweaveListingUtils>
    :SweaveListingUtils> Package 'knitr' is providing the
    :SweaveListingUtils> same functionality in a better
    :SweaveListingUtils> way.
    :SweaveListingUtils>
    :SweaveListingUtils> Some functions from package 'base'
    :SweaveListingUtils> are intentionally masked ---see
    :SweaveListingUtils> SweaveListingMASK().
    :SweaveListingUtils>
    :SweaveListingUtils> Note that global options are
    :SweaveListingUtils> controlled by
    :SweaveListingUtils> SweaveListingoptions() ---c.f.
    :SweaveListingUtils> ?"SweaveListingoptions".
    :SweaveListingUtils>
    :SweaveListingUtils> For more information see
    :SweaveListingUtils> ?"SweaveListingUtils",
    :SweaveListingUtils> NEWS("SweaveListingUtils")
    :SweaveListingUtils> There is a vignette to this
    :SweaveListingUtils> package; try
    :SweaveListingUtils> vignette("ExampleSweaveListingUtils").
    
    
    Attaching package: ‘SweaveListingUtils’
    
    The following objects are masked from ‘package:base’:
    
     library, require
    
    Warning in print.taglist(taglist, LineLength = LineLength, offset.start = nchar(startS), :
     Some elements of taglist are too long
    Warning in kws[idxRec] <- rep(getSweaveListingOption("Recomd.Keywordstyle"), :
     number of items to replace is not a multiple of replacement length
    Warning in methods::show(res$value) :
     arithmetics on distributions are understood as operations on r.v.'s
    see 'distrARITH()'; for switching off this warning see '?distroptions'
    Error in texi2dvi(file = file, pdf = TRUE, clean = clean, quiet = quiet, :
     Running ‘texi2dvi’ on ‘ExampleSweaveListingUtils.tex’ failed.
    LaTeX errors:
    ! Package inputenc Error: Invalid UTF-8 byte 167.
    
    See the inputenc package documentation for explanation.
    Type H <return> for immediate help.
     ...
    ! Package inputenc Error: Invalid UTF-8 byte 167.
    
    See the inputenc package documentation for explanation.
    Type H <return> for immediate help.
     ...
    Calls: buildVignettes -> texi2pdf -> texi2dvi
    Execution halted
Flavors: r-devel-linux-x86_64-debian-clang, r-devel-linux-x86_64-debian-gcc, r-devel-linux-x86_64-fedora-clang, r-devel-linux-x86_64-fedora-gcc, r-patched-linux-x86_64, r-patched-solaris-x86

Version: 0.7.7
Check: re-building of vignette outputs
Result: WARN
    Error in re-building vignettes:
     ...
    Loading required package: SweaveListingUtils
    Loading required package: startupmsg
    :startupmsg> Utilities for Start-Up Messages (version 0.9.4)
    :startupmsg>
    :startupmsg> For more information see ?"startupmsg",
    :startupmsg> NEWS("startupmsg")
    
    :SweaveListingUtils> Utilities for Sweave Together with
    :SweaveListingUtils> TeX 'listings' Package (version
    :SweaveListingUtils> 0.7.7)
    :SweaveListingUtils>
    :SweaveListingUtils> NOTE: Support for this package
    :SweaveListingUtils> will stop soon.
    :SweaveListingUtils>
    :SweaveListingUtils> Package 'knitr' is providing the
    :SweaveListingUtils> same functionality in a better
    :SweaveListingUtils> way.
    :SweaveListingUtils>
    :SweaveListingUtils> Some functions from package 'base'
    :SweaveListingUtils> are intentionally masked ---see
    :SweaveListingUtils> SweaveListingMASK().
    :SweaveListingUtils>
    :SweaveListingUtils> Note that global options are
    :SweaveListingUtils> controlled by
    :SweaveListingUtils> SweaveListingoptions() ---c.f.
    :SweaveListingUtils> ?"SweaveListingoptions".
    :SweaveListingUtils>
    :SweaveListingUtils> For more information see
    :SweaveListingUtils> ?"SweaveListingUtils",
    :SweaveListingUtils> NEWS("SweaveListingUtils")
    :SweaveListingUtils> There is a vignette to this
    :SweaveListingUtils> package; try
    :SweaveListingUtils> vignette("ExampleSweaveListingUtils").
    
    
    Attaching package: ‘SweaveListingUtils’
    
    The following objects are masked from ‘package:base’:
    
     library, require
    
    Warning in print.taglist(taglist, LineLength = LineLength, offset.start = nchar(startS), :
     Some elements of taglist are too long
    Warning in kws[idxRec] <- rep(getSweaveListingOption("Recomd.Keywordstyle"), :
     number of items to replace is not a multiple of replacement length
    Warning in methods::show(res$value) :
     arithmetics on distributions are understood as operations on r.v.'s
    see 'distrARITH()'; for switching off this warning see '?distroptions'
    Warning in grepl("(Rerun to get|biblatex.*\\(re\\)run)", readLines(log, :
     input string 716 is invalid in this locale
    Warning in grepl("(Rerun to get|biblatex.*\\(re\\)run)", readLines(log, :
     input string 731 is invalid in this locale
    Error in texi2dvi(file = file, pdf = TRUE, clean = clean, quiet = quiet, :
     Running ‘texi2dvi’ on ‘ExampleSweaveListingUtils.tex’ failed.
    LaTeX errors:
    ! Package inputenc Error: Invalid UTF-8 byte 167.
    
    See the inputenc package documentation for explanation.
    Type H <return> for immediate help.
     ...
    ! Package inputenc Error: Invalid UTF-8 byte 167.
    
    See the inputenc package documentation for explanation.
    Type H <return> for immediate help.
     ...
    Calls: buildVignettes -> texi2pdf -> texi2dvi
    Execution halted
Flavor: r-release-linux-x86_64