CRAN Package Check Results for Package SweaveListingUtils

Last updated on 2014-07-24 17:49:09.

Flavor Version Tinstall Tcheck Ttotal Status Flags
r-devel-linux-x86_64-debian-clang 0.6.1 1.45 25.14 26.59 NOTE
r-devel-linux-x86_64-debian-gcc 0.6.1 1.36 31.77 33.13 NOTE
r-devel-linux-x86_64-fedora-clang 0.6.1 52.23 NOTE
r-devel-linux-x86_64-fedora-gcc 0.6.1 50.59 NOTE
r-devel-osx-x86_64-clang 0.6.1 59.15 NOTE
r-devel-windows-ix86+x86_64 0.6.1 4.00 44.00 48.00 NOTE
r-patched-linux-x86_64 0.6.1 1.52 26.40 27.92 NOTE
r-patched-solaris-sparc 0.6.1 293.30 NOTE
r-patched-solaris-x86 0.6.1 72.20 NOTE
r-release-linux-ix86 0.6.1 1.94 34.40 36.33 NOTE
r-release-linux-x86_64 0.6.1 1.44 25.50 26.95 NOTE
r-release-osx-x86_64-mavericks 0.6.1 NOTE
r-release-windows-ix86+x86_64 0.6.1 4.00 46.00 50.00 NOTE
r-oldrel-windows-ix86+x86_64 0.6.1 4.00 42.00 46.00 NOTE

Check Details

Version: 0.6.1
Check: dependencies in R code
Result: NOTE
    Namespace in Imports field not imported from: ‘stats’
     All declared Imports should be used.
    See the information on DESCRIPTION files in the chapter ‘Creating R
    packages’ of the ‘Writing R Extensions’ manual.
Flavors: r-devel-linux-x86_64-debian-clang, r-devel-linux-x86_64-debian-gcc, r-devel-linux-x86_64-fedora-clang, r-devel-linux-x86_64-fedora-gcc, r-devel-osx-x86_64-clang, r-devel-windows-ix86+x86_64, r-patched-linux-x86_64, r-patched-solaris-sparc, r-patched-solaris-x86, r-release-linux-ix86, r-release-linux-x86_64, r-release-osx-x86_64-mavericks, r-release-windows-ix86+x86_64, r-oldrel-windows-ix86+x86_64

Version: 0.6.1
Check: top-level files
Result: NOTE
    Non-standard file/directory found at top level:
     ‘SweaveListingUtils-Ex.R’
Flavors: r-devel-linux-x86_64-fedora-clang, r-devel-linux-x86_64-fedora-gcc