CRAN Package Check Results for Package SweaveListingUtils

Last updated on 2014-11-29 03:52:05.

Flavor Version Tinstall Tcheck Ttotal Status Flags
r-devel-linux-x86_64-debian-clang 0.6.2 1.30 23.38 24.68 OK
r-devel-linux-x86_64-debian-gcc 0.6.2 1.26 23.57 24.83 OK
r-devel-linux-x86_64-fedora-clang 0.6.2 43.56 OK
r-devel-linux-x86_64-fedora-gcc 0.6.2 45.72 OK
r-devel-osx-x86_64-clang 0.6.2 50.96 OK
r-devel-windows-ix86+x86_64 0.6.2 4.00 39.00 43.00 OK
r-patched-linux-x86_64 0.6.2 1.38 24.84 26.22 OK
r-patched-solaris-sparc 0.6.2 272.10 OK
r-patched-solaris-x86 0.6.2 61.40 OK
r-release-linux-ix86 0.6.1 1.92 30.78 32.69 NOTE
r-release-linux-x86_64 0.6.2 1.36 23.66 25.02 OK
r-release-osx-x86_64-mavericks 0.6.2 OK
r-release-osx-x86_64-snowleopard 0.6.2 OK
r-release-windows-ix86+x86_64 0.6.2 4.00 40.00 44.00 OK
r-oldrel-windows-ix86+x86_64 0.6.2 4.00 40.00 44.00 OK

Check Details

Version: 0.6.1
Check: dependencies in R code
Result: NOTE
    Namespace in Imports field not imported from: ‘stats’
     All declared Imports should be used.
    See the information on DESCRIPTION files in the chapter ‘Creating R
    packages’ of the ‘Writing R Extensions’ manual.
Flavor: r-release-linux-ix86