CRAN Package Check Results for Package SweaveListingUtils

Last updated on 2014-04-18 17:48:12.

Flavor Version Tinstall Tcheck Ttotal Status Flags
r-devel-linux-x86_64-debian-clang 0.6.1 1.48 30.96 32.44 NOTE
r-devel-linux-x86_64-debian-gcc NOTE
r-devel-linux-x86_64-fedora-clang 0.6.1 51.77 NOTE
r-devel-linux-x86_64-fedora-gcc 0.6.1 48.82 NOTE
r-devel-macosx-x86_64-clang 0.6.1 58.12 NOTE
r-devel-macosx-x86_64-gcc 0.6.1 WARN
r-devel-windows-ix86+x86_64 0.6.1 3.00 40.00 43.00 NOTE
r-patched-linux-x86_64 0.6.1 1.65 29.43 31.08 NOTE
r-patched-solaris-sparc 0.6.1 293.30 NOTE
r-patched-solaris-x86 0.6.1 72.10 NOTE
r-release-linux-ix86 0.6.1 4.00 49.00 53.00 NOTE
r-release-linux-x86_64 0.6.1 1.62 31.40 33.02 NOTE
r-release-windows-ix86+x86_64 0.6.1 4.00 63.00 67.00 NOTE
r-oldrel-windows-ix86+x86_64 0.6.1 4.00 46.00 50.00 NOTE

Check Details

Version: 0.6.1
Check: dependencies in R code
Result: NOTE
    Namespace in Imports field not imported from: ‘stats’
     All declared Imports should be used.
    See the information on DESCRIPTION files in the chapter ‘Creating R
    packages’ of the ‘Writing R Extensions’ manual.
Flavors: r-devel-linux-x86_64-debian-clang, r-devel-linux-x86_64-debian-gcc, r-devel-linux-x86_64-fedora-clang, r-devel-linux-x86_64-fedora-gcc, r-devel-macosx-x86_64-clang, r-devel-macosx-x86_64-gcc, r-devel-windows-ix86+x86_64, r-patched-linux-x86_64, r-patched-solaris-sparc, r-patched-solaris-x86, r-release-linux-ix86, r-release-linux-x86_64, r-release-windows-ix86+x86_64, r-oldrel-windows-ix86+x86_64

Version: 0.6.1
Check: top-level files
Result: NOTE
    Non-standard file/directory found at top level:
     ‘SweaveListingUtils-Ex.R’
Flavors: r-devel-linux-x86_64-fedora-clang, r-devel-linux-x86_64-fedora-gcc

Version: 0.6.1
Check: package dependencies
Result: NOTE
    Packages suggested but not available for checking: ‘distr’ ‘distrEx’
Flavor: r-devel-macosx-x86_64-gcc

Version: 0.6.1
Check: running R code from vignettes
Result: WARNING
    Errors in running code in vignettes:
    when running code in ‘ExampleSweaveListingUtils.Rnw’
     ...
    
    > require(distr)
    Warning in library(package, lib.loc = lib.loc, character.only = TRUE, logical.return = TRUE, :
     there is no package called ‘distr’
    
    > N <- Norm(mean = 2, sd = 1.3)
    
     When sourcing ‘ExampleSweaveListingUtils.R’:
    Error: could not find function "Norm"
    Execution halted
Flavor: r-devel-macosx-x86_64-gcc

Version: 0.6.1
Check: re-building of vignette outputs
Result: NOTE
    Error in re-building vignettes:
     ...
    :SweaveListingUtils> NEWS("SweaveListingUtils")
    :SweaveListingUtils> There is a vignette to this
    :SweaveListingUtils> package; try
    :SweaveListingUtils> vignette("ExampleSweaveListingUtils").
    
    
    Attaching package: ‘SweaveListingUtils’
    
    The following objects are masked from ‘package:base’:
    
     library, require
    
    Warning in print.taglist(taglist, LineLength = LineLength, offset.start = nchar(startS), :
     Some elements of taglist are too long
    Warning in setBaseOrRecommended(pkgs = pkgs) :
     number of items to replace is not a multiple of replacement length
    Warning in library(package, lib.loc = lib.loc, character.only = TRUE, logical.return = TRUE, :
     there is no package called ‘distr’
    Warning in library(package, lib.loc = lib.loc, character.only = TRUE, logical.return = TRUE, :
     there is no package called ‘distr’
    
    Error: processing vignette 'ExampleSweaveListingUtils.Rnw' failed with diagnostics:
     chunk 4 (label = exam1)
    Error in eval(expr, envir, enclos) : could not find function "Norm"
    Execution halted
Flavor: r-devel-macosx-x86_64-gcc