CRAN Package Check Results for Package SweaveListingUtils

Last updated on 2016-05-28 09:12:01.

Flavor Version Tinstall Tcheck Ttotal Status Flags
r-devel-linux-x86_64-debian-gcc 0.7.5 1.19 24.85 26.04 OK
r-devel-linux-x86_64-fedora-clang 0.7.5 41.50 NOTE
r-devel-linux-x86_64-fedora-gcc 0.7.5 36.60 NOTE
r-devel-osx-x86_64-clang 0.7.5 46.88 NOTE
r-devel-windows-ix86+x86_64 0.7.5 4.00 55.00 59.00 NOTE
r-patched-linux-x86_64 0.7.5 1.22 23.90 25.12 OK
r-patched-solaris-sparc 0.7.5 238.10 OK
r-patched-solaris-x86 0.7.5 55.30 OK
r-release-linux-x86_64 0.7.5 1.38 22.94 24.32 OK
r-release-osx-x86_64-mavericks 0.7.5 OK
r-release-windows-ix86+x86_64 0.7.5 5.00 66.00 71.00 OK
r-oldrel-windows-ix86+x86_64 0.7.5 4.00 74.00 78.00 OK

Check Details

Version: 0.7.5
Check: DESCRIPTION meta-information
Result: NOTE
    Authors@R field gives no person with name and author role
Flavors: r-devel-linux-x86_64-fedora-clang, r-devel-linux-x86_64-fedora-gcc, r-devel-osx-x86_64-clang, r-devel-windows-ix86+x86_64