CRAN Package Check Results for Package SweaveListingUtils

Last updated on 2015-07-30 22:50:12.

Flavor Version Tinstall Tcheck Ttotal Status Flags
r-devel-linux-x86_64-debian-clang 0.6.2 1.27 21.22 22.50 NOTE
r-devel-linux-x86_64-debian-gcc 0.6.2 1.32 20.75 22.06 NOTE
r-devel-linux-x86_64-fedora-clang 0.6.2 39.54 NOTE
r-devel-linux-x86_64-fedora-gcc 0.6.2 39.27 NOTE
r-devel-osx-x86_64-clang 0.6.2 43.71 NOTE
r-devel-windows-ix86+x86_64 0.6.2 7.00 99.00 106.00 NOTE
r-patched-linux-x86_64 0.6.2 1.24 21.42 22.66 NOTE
r-patched-solaris-sparc 0.6.2 243.20 NOTE
r-patched-solaris-x86 0.6.2 55.40 NOTE
r-release-linux-x86_64 0.6.2 1.28 21.60 22.88 NOTE
r-release-osx-x86_64-mavericks 0.6.2 NOTE
r-release-windows-ix86+x86_64 0.6.2 6.00 56.00 62.00 NOTE
r-oldrel-windows-ix86+x86_64 0.6.2 8.00 61.00 69.00 OK

Check Details

Version: 0.6.2
Check: DESCRIPTION meta-information
Result: NOTE
    Malformed Description field: should contain one or more complete sentences.
Flavors: r-devel-linux-x86_64-debian-clang, r-devel-linux-x86_64-debian-gcc, r-devel-linux-x86_64-fedora-clang, r-devel-linux-x86_64-fedora-gcc, r-devel-osx-x86_64-clang, r-devel-windows-ix86+x86_64, r-patched-linux-x86_64, r-patched-solaris-sparc, r-patched-solaris-x86, r-release-linux-x86_64, r-release-osx-x86_64-mavericks, r-release-windows-ix86+x86_64

Version: 0.6.2
Check: R code for possible problems
Result: NOTE
    .lstsetTempl: no visible global function definition for ‘is’
    SweaveListingPreparations: no visible global function definition for
     ‘assignInMyNamespace’
    SweaveListingPreparations: no visible global function definition for
     ‘assignInNamespace’
    lstdefRstyle: no visible global function definition for ‘is’
    readSourceFromRForge: no visible global function definition for ‘is’
    Undefined global functions or variables:
     assignInMyNamespace assignInNamespace is
    Consider adding
     importFrom("methods", "is")
     importFrom("utils", "assignInMyNamespace", "assignInNamespace")
    to your NAMESPACE.
Flavors: r-devel-linux-x86_64-debian-clang, r-devel-linux-x86_64-debian-gcc, r-devel-linux-x86_64-fedora-clang, r-devel-linux-x86_64-fedora-gcc, r-devel-windows-ix86+x86_64