CRAN Package Check Results for Package SweaveListingUtils

Last updated on 2014-10-25 19:47:49.

Flavor Version Tinstall Tcheck Ttotal Status Flags
r-devel-linux-x86_64-debian-clang 0.6.1 1.41 23.51 24.92 NOTE
r-devel-linux-x86_64-debian-gcc 0.6.1 1.98 23.49 25.48 NOTE
r-devel-linux-x86_64-fedora-clang 0.6.1 44.79 NOTE
r-devel-linux-x86_64-fedora-gcc 0.6.1 41.81 NOTE
r-devel-osx-x86_64-clang 0.6.1 52.24 NOTE
r-devel-windows-ix86+x86_64 0.6.1 4.00 37.00 41.00 NOTE
r-patched-linux-x86_64 0.6.1 1.47 23.65 25.12 NOTE
r-patched-solaris-sparc 0.6.1 289.50 NOTE
r-patched-solaris-x86 0.6.1 63.80 NOTE
r-release-linux-ix86 0.6.1 1.94 34.84 36.78 NOTE
r-release-linux-x86_64 0.6.1 1.56 26.32 27.88 NOTE
r-release-osx-x86_64-mavericks 0.6.1 NOTE
r-release-windows-ix86+x86_64 0.6.1 4.00 43.00 47.00 NOTE
r-oldrel-windows-ix86+x86_64 0.6.1 4.00 45.00 49.00 NOTE

Check Details

Version: 0.6.1
Check: top-level files
Result: NOTE
    Non-standard file/directory found at top level:
     ‘SweaveListingUtils-Ex.R’
Flavors: r-devel-linux-x86_64-debian-clang, r-devel-linux-x86_64-debian-gcc, r-devel-linux-x86_64-fedora-clang, r-devel-linux-x86_64-fedora-gcc, r-patched-linux-x86_64, r-release-linux-x86_64

Version: 0.6.1
Check: dependencies in R code
Result: NOTE
    Namespace in Imports field not imported from: ‘stats’
     All declared Imports should be used.
    See the information on DESCRIPTION files in the chapter ‘Creating R
    packages’ of the ‘Writing R Extensions’ manual.
Flavors: r-devel-linux-x86_64-debian-clang, r-devel-linux-x86_64-debian-gcc, r-devel-linux-x86_64-fedora-clang, r-devel-linux-x86_64-fedora-gcc, r-devel-osx-x86_64-clang, r-devel-windows-ix86+x86_64, r-patched-linux-x86_64, r-patched-solaris-sparc, r-patched-solaris-x86, r-release-linux-ix86, r-release-linux-x86_64, r-release-osx-x86_64-mavericks, r-release-windows-ix86+x86_64, r-oldrel-windows-ix86+x86_64