CRAN Package Check Results for Package SweaveListingUtils

Last updated on 2015-05-29 23:48:18.

Flavor Version Tinstall Tcheck Ttotal Status Flags
r-devel-linux-x86_64-debian-clang 0.6.2 1.20 21.50 22.70 NOTE
r-devel-linux-x86_64-debian-gcc 0.6.2 1.69 21.28 22.96 NOTE
r-devel-linux-x86_64-fedora-clang 0.6.2 39.61 NOTE
r-devel-linux-x86_64-fedora-gcc 0.6.2 36.06 NOTE
r-devel-osx-x86_64-clang 0.6.2 49.53 NOTE
r-devel-windows-ix86+x86_64 0.6.2 4.00 36.00 40.00 NOTE
r-patched-linux-x86_64 0.6.2 1.17 21.32 22.48 NOTE
r-patched-solaris-sparc 0.6.2 254.80 NOTE
r-patched-solaris-x86 0.6.2 53.70 NOTE
r-release-linux-x86_64 0.6.2 1.27 24.36 25.63 NOTE
r-release-osx-x86_64-mavericks 0.6.2 NOTE
r-release-osx-x86_64-snowleopard 0.6.2 NOTE
r-release-windows-ix86+x86_64 0.6.2 4.00 39.00 43.00 NOTE
r-oldrel-windows-ix86+x86_64 0.6.2 5.00 38.00 43.00 OK

Check Details

Version: 0.6.2
Check: DESCRIPTION meta-information
Result: NOTE
    Malformed Description field: should contain one or more complete sentences.
Flavors: r-devel-linux-x86_64-debian-clang, r-devel-linux-x86_64-debian-gcc, r-devel-linux-x86_64-fedora-clang, r-devel-linux-x86_64-fedora-gcc, r-devel-osx-x86_64-clang, r-devel-windows-ix86+x86_64, r-patched-linux-x86_64, r-patched-solaris-sparc, r-patched-solaris-x86, r-release-linux-x86_64, r-release-osx-x86_64-mavericks, r-release-osx-x86_64-snowleopard, r-release-windows-ix86+x86_64