CRAN Package Check Results for Package SweaveListingUtils

Last updated on 2015-03-26 23:47:57.

Flavor Version Tinstall Tcheck Ttotal Status Flags
r-devel-linux-x86_64-debian-clang 0.6.2 1.22 22.62 23.84 NOTE
r-devel-linux-x86_64-debian-gcc 0.6.2 1.16 21.09 22.24 NOTE
r-devel-linux-x86_64-fedora-clang 0.6.2 39.19 NOTE
r-devel-linux-x86_64-fedora-gcc 0.6.2 36.85 NOTE
r-devel-osx-x86_64-clang 0.6.2 53.20 NOTE
r-prerel-windows-ix86+x86_64 0.6.2 4.00 36.00 40.00 NOTE
r-prerel-linux-x86_64 0.6.2 1.18 21.19 22.36 NOTE
r-prerel-solaris-sparc 0.6.2 261.90 NOTE
r-prerel-solaris-x86 0.6.2 53.10 NOTE
r-release-linux-x86_64 0.6.2 1.84 23.31 25.16 OK
r-release-osx-x86_64-mavericks 0.6.2 OK
r-release-osx-x86_64-snowleopard 0.6.2 OK
r-release-windows-ix86+x86_64 0.6.2 5.00 37.00 42.00 OK
r-oldrel-windows-ix86+x86_64 0.6.2 5.00 40.00 45.00 OK

Check Details

Version: 0.6.2
Check: DESCRIPTION meta-information
Result: NOTE
    Malformed Description field: should contain one or more complete sentences.
Flavors: r-devel-linux-x86_64-debian-clang, r-devel-linux-x86_64-debian-gcc, r-devel-linux-x86_64-fedora-clang, r-devel-linux-x86_64-fedora-gcc, r-devel-osx-x86_64-clang, r-prerel-windows-ix86+x86_64, r-prerel-linux-x86_64, r-prerel-solaris-sparc, r-prerel-solaris-x86