CRAN Package Check Results for Package SwimmeR

Last updated on 2020-02-26 08:52:39 CET.

Flavor Version Tinstall Tcheck Ttotal Status Flags
r-devel-linux-x86_64-debian-clang 0.1.0.0 4.15 36.06 40.21 OK
r-devel-linux-x86_64-debian-gcc 0.1.0.0 3.31 28.08 31.39 OK
r-devel-linux-x86_64-fedora-clang 0.1.0.0 48.24 NOTE
r-devel-linux-x86_64-fedora-gcc 0.1.0.0 47.08 NOTE
r-devel-windows-ix86+x86_64 0.1.0.0 9.00 47.00 56.00 OK
r-devel-windows-ix86+x86_64-gcc8 0.1.0.0 9.00 46.00 55.00 OK
r-patched-linux-x86_64 0.1.0.0 3.57 32.44 36.01 OK
r-patched-solaris-x86 0.1.0.0 72.10 NOTE
r-release-linux-x86_64 0.1.0.0 3.46 32.45 35.91 OK
r-release-windows-ix86+x86_64 0.1.0.0 7.00 52.00 59.00 OK
r-release-osx-x86_64 0.1.0.0 NOTE
r-oldrel-windows-ix86+x86_64 0.1.0.0 5.00 49.00 54.00 OK
r-oldrel-osx-x86_64 0.1.0.0 NOTE

Check Details

Version: 0.1.0.0
Check: dependencies in R code
Result: NOTE
    Namespace in Imports field not imported from: ‘utils’
     All declared Imports should be used.
Flavors: r-devel-linux-x86_64-fedora-clang, r-devel-linux-x86_64-fedora-gcc, r-patched-solaris-x86, r-release-osx-x86_64, r-oldrel-osx-x86_64