CRAN Package Check Results for Package SymbolicDeterminants

Last updated on 2024-02-27 12:50:51 CET.

Flavor Version Tinstall Tcheck Ttotal Status Flags
r-devel-linux-x86_64-debian-clang 2.0.0 4.09 33.84 37.93 NOTE
r-devel-linux-x86_64-debian-gcc 2.0.0 2.66 25.46 28.12 NOTE
r-devel-linux-x86_64-fedora-clang 2.0.0 46.45 NOTE
r-devel-linux-x86_64-fedora-gcc 2.0.0 55.14 NOTE
r-devel-windows-x86_64 2.0.0 4.00 46.00 50.00 NOTE
r-patched-linux-x86_64 2.0.0 3.95 32.58 36.53 NOTE
r-release-linux-x86_64 2.0.0 3.97 32.25 36.22 NOTE
r-release-macos-arm64 2.0.0 23.00 NOTE
r-release-macos-x86_64 2.0.0 43.00 NOTE
r-release-windows-x86_64 2.0.0 5.00 49.00 54.00 NOTE
r-oldrel-macos-arm64 2.0.0 19.00 NOTE
r-oldrel-windows-x86_64 2.0.0 5.00 56.00 61.00 NOTE

Check Details

Version: 2.0.0
Check: LazyData
Result: NOTE 'LazyData' is specified without a 'data' directory Flavors: r-devel-linux-x86_64-debian-clang, r-devel-linux-x86_64-debian-gcc, r-devel-linux-x86_64-fedora-clang, r-devel-linux-x86_64-fedora-gcc, r-devel-windows-x86_64, r-patched-linux-x86_64, r-release-linux-x86_64, r-release-macos-arm64, r-release-macos-x86_64, r-release-windows-x86_64, r-oldrel-macos-arm64, r-oldrel-windows-x86_64