CRAN Package Check Results for Package Synth

Last updated on 2019-07-17 18:48:14 CEST.

Flavor Version Tinstall Tcheck Ttotal Status Flags
r-devel-linux-x86_64-debian-clang 1.1-5 4.82 38.16 42.98 NOTE
r-devel-linux-x86_64-debian-gcc 1.1-5 3.98 30.83 34.81 NOTE
r-devel-linux-x86_64-fedora-clang 1.1-5 52.37 NOTE
r-devel-linux-x86_64-fedora-gcc 1.1-5 49.17 NOTE
r-devel-windows-ix86+x86_64 1.1-5 11.00 49.00 60.00 NOTE
r-patched-linux-x86_64 1.1-5 4.23 37.81 42.04 NOTE
r-patched-solaris-x86 1.1-5 79.30 NOTE
r-release-linux-x86_64 1.1-5 4.12 37.80 41.92 NOTE
r-release-windows-ix86+x86_64 1.1-5 9.00 65.00 74.00 NOTE
r-release-osx-x86_64 1.1-5 NOTE
r-oldrel-windows-ix86+x86_64 1.1-5 6.00 71.00 77.00 NOTE
r-oldrel-osx-x86_64 1.1-5 NOTE

Check Details

Version: 1.1-5
Check: dependencies in R code
Result: NOTE
    'library' or 'require' calls in package code:
     'LowRankQP' 'rgenoud'
     Please use :: or requireNamespace() instead.
     See section 'Suggested packages' in the 'Writing R Extensions' manual.
Flavors: r-devel-linux-x86_64-debian-clang, r-devel-linux-x86_64-debian-gcc, r-devel-linux-x86_64-fedora-clang, r-devel-linux-x86_64-fedora-gcc, r-devel-windows-ix86+x86_64, r-patched-linux-x86_64, r-patched-solaris-x86, r-release-linux-x86_64, r-release-windows-ix86+x86_64, r-release-osx-x86_64, r-oldrel-windows-ix86+x86_64, r-oldrel-osx-x86_64

Version: 1.1-5
Check: R code for possible problems
Result: NOTE
    fn.V: no visible global function definition for 'LowRankQP'
    gaps.plot: no visible global function definition for 'abline'
    path.plot: no visible global function definition for 'lines'
    path.plot: no visible global function definition for 'abline'
    path.plot: no visible global function definition for 'legend'
    synth: no visible binding for global variable 'sd'
    synth: no visible binding for global variable 'var'
    synth: no visible global function definition for 'LowRankQP'
    Undefined global functions or variables:
     LowRankQP abline legend lines sd var
    Consider adding
     importFrom("graphics", "abline", "legend", "lines")
     importFrom("stats", "sd", "var")
    to your NAMESPACE file.
Flavors: r-devel-linux-x86_64-debian-clang, r-devel-linux-x86_64-debian-gcc, r-devel-linux-x86_64-fedora-clang, r-devel-linux-x86_64-fedora-gcc, r-devel-windows-ix86+x86_64, r-patched-linux-x86_64, r-patched-solaris-x86, r-release-linux-x86_64, r-release-windows-ix86+x86_64, r-release-osx-x86_64, r-oldrel-windows-ix86+x86_64, r-oldrel-osx-x86_64