CRAN Package Check Results for Package T4transport

Last updated on 2022-11-26 22:04:06 CET.

Flavor Version Tinstall Tcheck Ttotal Status Flags
r-devel-linux-x86_64-debian-clang 0.1.1 104.31 149.05 253.36 OK
r-devel-linux-x86_64-debian-gcc 0.1.1 90.25 113.50 203.75 OK
r-devel-linux-x86_64-fedora-clang 0.1.1 375.08 NOTE
r-devel-linux-x86_64-fedora-gcc 0.1.1 370.36 OK
r-devel-windows-x86_64 0.1.1 246.00 195.00 441.00 NOTE
r-patched-linux-x86_64 0.1.1 OK
r-release-linux-x86_64 0.1.1 94.64 143.11 237.75 OK
r-release-macos-arm64 0.1.1 81.00 NOTE
r-release-macos-x86_64 0.1.1 115.00 NOTE
r-release-windows-x86_64 0.1.1 109.00 197.00 306.00 NOTE
r-oldrel-macos-arm64 0.1.1 75.00 NOTE
r-oldrel-macos-x86_64 0.1.1 113.00 NOTE
r-oldrel-windows-ix86+x86_64 0.1.1 275.00 232.00 507.00 NOTE

Check Details

Version: 0.1.1
Check: installed package size
Result: NOTE
     installed size is 5.1Mb
     sub-directories of 1Mb or more:
     data 4.3Mb
Flavors: r-devel-linux-x86_64-fedora-clang, r-devel-windows-x86_64, r-release-macos-arm64, r-release-macos-x86_64, r-release-windows-x86_64, r-oldrel-macos-arm64, r-oldrel-macos-x86_64, r-oldrel-windows-ix86+x86_64