Last updated on 2023-12-03 13:49:56 CET.
Flavor | Version | Tinstall | Tcheck | Ttotal | Status | Flags |
---|---|---|---|---|---|---|
r-devel-linux-x86_64-debian-clang | 0.1.2 | 131.04 | 146.61 | 277.65 | OK | |
r-devel-linux-x86_64-debian-gcc | 0.1.2 | 84.81 | 110.66 | 195.47 | OK | |
r-devel-linux-x86_64-fedora-clang | 0.1.2 | 370.87 | OK | |||
r-devel-linux-x86_64-fedora-gcc | 0.1.2 | 378.70 | OK | |||
r-devel-windows-x86_64 | 0.1.2 | 94.00 | 149.00 | 243.00 | NOTE | |
r-patched-linux-x86_64 | 0.1.2 | 107.15 | 145.16 | 252.31 | OK | |
r-release-linux-x86_64 | 0.1.2 | 106.19 | 142.44 | 248.63 | OK | |
r-release-macos-arm64 | 0.1.2 | 97.00 | NOTE | |||
r-release-macos-x86_64 | 0.1.2 | 182.00 | NOTE | |||
r-release-windows-x86_64 | 0.1.2 | 123.00 | 204.00 | 327.00 | NOTE | |
r-oldrel-macos-arm64 | 0.1.2 | 94.00 | NOTE | |||
r-oldrel-macos-x86_64 | 0.1.2 | 115.00 | NOTE | |||
r-oldrel-windows-x86_64 | 0.1.2 | 116.00 | 183.00 | 299.00 | NOTE |
Version: 0.1.2
Check: installed package size
Result: NOTE
installed size is 6.0Mb
sub-directories of 1Mb or more:
data 4.3Mb
libs 1.4Mb
Flavors: r-devel-windows-x86_64, r-release-macos-arm64, r-release-macos-x86_64, r-release-windows-x86_64, r-oldrel-macos-arm64, r-oldrel-macos-x86_64, r-oldrel-windows-x86_64