CRAN Package Check Results for Package T4transport

Last updated on 2025-06-23 22:50:55 CEST.

Flavor Version Tinstall Tcheck Ttotal Status Flags
r-devel-linux-x86_64-debian-clang 0.1.3 102.99 122.74 225.73 OK
r-devel-linux-x86_64-debian-gcc 0.1.3 79.57 91.40 170.97 OK
r-devel-linux-x86_64-fedora-clang 0.1.3 418.68 OK
r-devel-linux-x86_64-fedora-gcc 0.1.3 374.24 OK
r-devel-windows-x86_64 0.1.3 121.00 155.00 276.00 OK
r-patched-linux-x86_64 0.1.3 107.98 118.46 226.44 OK
r-release-linux-x86_64 0.1.3 111.66 118.72 230.38 OK
r-release-macos-arm64 0.1.3 89.00 OK
r-release-macos-x86_64 0.1.3 153.00 OK
r-release-windows-x86_64 0.1.3 120.00 237.00 357.00 OK
r-oldrel-macos-arm64 0.1.3 92.00 NOTE
r-oldrel-macos-x86_64 0.1.3 181.00 NOTE
r-oldrel-windows-x86_64 0.1.3 142.00 186.00 328.00 NOTE

Check Details

Version: 0.1.3
Check: installed package size
Result: NOTE installed size is 11.1Mb sub-directories of 1Mb or more: data 4.5Mb libs 6.3Mb Flavors: r-oldrel-macos-arm64, r-oldrel-macos-x86_64, r-oldrel-windows-x86_64