CRAN Package Check Results for Package TAHMMAnnot

Last updated on 2014-04-18 11:47:27.

Flavor Version Tinstall Tcheck Ttotal Status Flags
r-devel-linux-x86_64-debian-clang 2.0 1.70 17.12 18.82 WARN
r-devel-linux-x86_64-debian-gcc WARN
r-devel-linux-x86_64-fedora-clang 2.0 37.66 WARN
r-devel-linux-x86_64-fedora-gcc 2.0 35.67 WARN
r-devel-macosx-x86_64-clang 2.0 36.95 WARN
r-devel-macosx-x86_64-gcc 2.0 NOTE
r-devel-windows-ix86+x86_64 2.0 13.00 37.00 50.00 WARN
r-patched-linux-x86_64 2.0 1.78 17.46 19.24 WARN
r-patched-solaris-sparc 2.0 203.20 NOTE
r-patched-solaris-x86 2.0 48.00 NOTE
r-release-linux-ix86 2.0 5.00 33.00 38.00 WARN
r-release-linux-x86_64 2.0 1.82 17.60 19.42 WARN
r-release-macosx-x86_64 2.0 NOTE
r-release-windows-ix86+x86_64 2.0 26.00 40.00 66.00 WARN
r-oldrel-windows-ix86+x86_64 2.0 13.00 30.00 43.00 NOTE

Check Details

Version: 2.0
Check: whether package can be installed
Result: WARNING
    Found the following significant warnings:
     Convert.c:20:1: warning: control reaches end of non-void function [-Wreturn-type]
     Convert.c:40:1: warning: control reaches end of non-void function [-Wreturn-type]
    See ‘/home/hornik/tmp/R.check/r-devel-clang/Work/PKGS/TAHMMAnnot.Rcheck/00install.out’ for details.
Flavor: r-devel-linux-x86_64-debian-clang

Version: 2.0
Check: dependencies in R code
Result: NOTE
    'library' or 'require' call to ‘mnormt’ which was already attached by Depends.
     Please remove these calls from your code.
    Package in Depends field not imported from: ‘mnormt’
     These packages need to be imported from (in the NAMESPACE file)
     for when this namespace is loaded but not attached.
    See the information on DESCRIPTION files in the chapter ‘Creating R
    packages’ of the ‘Writing R Extensions’ manual.
Flavors: r-devel-linux-x86_64-debian-clang, r-devel-linux-x86_64-debian-gcc, r-devel-linux-x86_64-fedora-clang, r-devel-linux-x86_64-fedora-gcc, r-devel-macosx-x86_64-clang, r-devel-macosx-x86_64-gcc, r-devel-windows-ix86+x86_64, r-patched-linux-x86_64, r-patched-solaris-sparc, r-patched-solaris-x86, r-release-linux-ix86, r-release-linux-x86_64, r-release-windows-ix86+x86_64, r-oldrel-windows-ix86+x86_64

Version: 2.0
Check: whether package can be installed
Result: WARNING
    Found the following significant warnings:
     Convert.c:20:1: warning: control reaches end of non-void function [-Wreturn-type]
     Convert.c:40:1: warning: control reaches end of non-void function [-Wreturn-type]
    See ‘/home/hornik/tmp/R.check/r-devel-gcc/Work/PKGS/TAHMMAnnot.Rcheck/00install.out’ for details.
Flavor: r-devel-linux-x86_64-debian-gcc

Version: 2.0
Check: whether package can be installed
Result: WARNING
    Found the following significant warnings:
     Convert.c:20:1: warning: control reaches end of non-void function [-Wreturn-type]
     Convert.c:40:1: warning: control reaches end of non-void function [-Wreturn-type]
    See ‘/data/gannet/ripley/R/packages/tests-clang/TAHMMAnnot.Rcheck/00install.out’ for details.
Flavor: r-devel-linux-x86_64-fedora-clang

Version: 2.0
Check: Rd line widths
Result: NOTE
    Rd file 'normalisation_lowess.Rd':
     \usage lines wider than 90 characters:
     normalisation_lowess(fileIN,MeanDyeswap=TRUE,Lowess=TRUE,graph=TRUE,name.chr,underscore=FALSE,sep.write="\t",sep.read="\t")
    
    These lines will be truncated in the PDF manual.
Flavors: r-devel-linux-x86_64-fedora-clang, r-devel-linux-x86_64-fedora-gcc

Version: 2.0
Check: whether package can be installed
Result: WARNING
    Found the following significant warnings:
     Convert.c:20:1: warning: control reaches end of non-void function [-Wreturn-type]
     Convert.c:40:1: warning: control reaches end of non-void function [-Wreturn-type]
    See ‘/data/gannet/ripley/R/packages/tests-devel/TAHMMAnnot.Rcheck/00install.out’ for details.
Flavor: r-devel-linux-x86_64-fedora-gcc

Version: 2.0
Check: whether package can be installed
Result: WARNING
    Found the following significant warnings:
     Convert.c:20:1: warning: control reaches end of non-void function [-Wreturn-type]
     Convert.c:40:1: warning: control reaches end of non-void function [-Wreturn-type]
    See ‘/Users/ripley/R/packages/tests-devel/TAHMMAnnot.Rcheck/00install.out’ for details.
Flavor: r-devel-macosx-x86_64-clang

Version: 2.0
Check: whether package can be installed
Result: WARNING
    Found the following significant warnings:
     Convert.c:40:1: warning: control reaches end of non-void function [-Wreturn-type]
     Convert.c:20:1: warning: control reaches end of non-void function [-Wreturn-type]
     Convert.c:40:1: warning: control reaches end of non-void function [-Wreturn-type]
     Convert.c:20:1: warning: control reaches end of non-void function [-Wreturn-type]
    See 'd:/Rcompile/CRANpkg/local/3.2/TAHMMAnnot.Rcheck/00install.out' for details.
Flavor: r-devel-windows-ix86+x86_64

Version: 2.0
Check: whether package can be installed
Result: WARNING
    Found the following significant warnings:
     Convert.c:20:1: warning: control reaches end of non-void function [-Wreturn-type]
     Convert.c:40:1: warning: control reaches end of non-void function [-Wreturn-type]
    See ‘/home/hornik/tmp/R.check/r-patched-gcc/Work/PKGS/TAHMMAnnot.Rcheck/00install.out’ for details.
Flavor: r-patched-linux-x86_64

Version: 2.0
Check: whether package can be installed
Result: WARNING
    Found the following significant warnings:
     Convert.c:20:1: warning: control reaches end of non-void function [-Wreturn-type]
     Convert.c:40:1: warning: control reaches end of non-void function [-Wreturn-type]
    See ‘/home/hornik/tmp/R.check/r-release-gcc/Work/PKGS/TAHMMAnnot.Rcheck/00install.out’ for details.
Flavors: r-release-linux-ix86, r-release-linux-x86_64

Version: 2.0
Check: dependencies in R code
Result: NOTE
    'library' or 'require' call to 'mnormt' which was already attached by Depends.
     Please remove these calls from your code.
    See the information on DESCRIPTION files in the chapter 'Creating R
    packages' of the 'Writing R Extensions' manual.
Flavor: r-release-macosx-x86_64

Version: 2.0
Check: whether package can be installed
Result: WARNING
    Found the following significant warnings:
     Convert.c:40:1: warning: control reaches end of non-void function [-Wreturn-type]
     Convert.c:20:1: warning: control reaches end of non-void function [-Wreturn-type]
     Convert.c:40:1: warning: control reaches end of non-void function [-Wreturn-type]
     Convert.c:20:1: warning: control reaches end of non-void function [-Wreturn-type]
    See 'd:/Rcompile/CRANpkg/local/3.1/TAHMMAnnot.Rcheck/00install.out' for details.
Flavor: r-release-windows-ix86+x86_64