CRAN Package Check Results for Package TAM

Last updated on 2014-04-17 05:47:19.

Flavor Version Tinstall Tcheck Ttotal Status Flags
r-devel-linux-x86_64-debian-clang 1.0-2 22.35 46.62 68.97 OK
r-devel-linux-x86_64-debian-gcc 1.0-2 24.32 46.96 71.28 OK
r-devel-linux-x86_64-fedora-clang 1.0-2 89.86 OK
r-devel-linux-x86_64-fedora-gcc 1.0-2 83.52 OK
r-devel-macosx-x86_64-clang 1.0-2 69.44 OK
r-devel-macosx-x86_64-gcc 1.0-2 NOTE
r-devel-windows-ix86+x86_64 1.0-2 69.00 87.00 156.00 OK
r-patched-linux-x86_64 1.0-2 24.31 46.34 70.65 OK
r-patched-solaris-sparc 1.0-2 762.30 OK
r-patched-solaris-x86 1.0-2 48.50 ERROR
r-release-linux-ix86 1.0-2 52.00 76.00 128.00 OK
r-release-linux-x86_64 1.0-2 24.23 46.78 71.01 OK
r-release-macosx-x86_64 1.0-2 OK
r-release-windows-ix86+x86_64 1.0-2 81.00 92.00 173.00 OK
r-oldrel-windows-ix86+x86_64 1.0-2 79.00 91.00 170.00 OK

Check Details

Version: 1.0-2
Check: package dependencies
Result: NOTE
    Packages suggested but not available for checking: ‘CDM’ ‘sirt’
Flavor: r-devel-macosx-x86_64-gcc

Version: 1.0-2
Check: whether package can be installed
Result: ERROR
    Installation failed.
    See ‘/home/ripley/R/packages/tests32/TAM.Rcheck/00install.out’ for details.
Flavor: r-patched-solaris-x86