CRAN Package Check Results for Package TAM

Last updated on 2016-05-30 03:47:53.

Flavor Version Tinstall Tcheck Ttotal Status Flags
r-devel-linux-x86_64-debian-gcc 1.99-6 67.74 101.79 169.54 NOTE
r-devel-linux-x86_64-fedora-clang 1.99-6 309.57 NOTE
r-devel-linux-x86_64-fedora-gcc 1.99-6 288.13 NOTE
r-devel-osx-x86_64-clang 1.99-6 288.15 OK
r-devel-windows-ix86+x86_64 1.99-6 159.00 182.00 341.00 OK
r-patched-linux-x86_64 1.99-6 49.35 104.89 154.24 NOTE
r-patched-solaris-sparc 1.99-6 1716.80 OK
r-patched-solaris-x86 1.99-6 334.50 OK
r-release-linux-x86_64 1.99-6 49.48 100.25 149.73 NOTE
r-release-osx-x86_64-mavericks 1.99-6 OK
r-release-windows-ix86+x86_64 1.99-6 225.00 241.00 466.00 OK
r-oldrel-windows-ix86+x86_64 1.99-6 156.00 201.00 357.00 OK

Check Details

Version: 1.99-6
Check: installed package size
Result: NOTE
     installed size is 5.5Mb
     sub-directories of 1Mb or more:
     libs 4.4Mb
Flavors: r-devel-linux-x86_64-debian-gcc, r-devel-linux-x86_64-fedora-clang, r-devel-linux-x86_64-fedora-gcc, r-patched-linux-x86_64, r-release-linux-x86_64