CRAN Package Check Results for Package TAM

Last updated on 2015-03-04 19:50:32.

Flavor Version Tinstall Tcheck Ttotal Status Flags
r-devel-linux-x86_64-debian-clang 1.5-2 41.17 99.20 140.37 OK
r-devel-linux-x86_64-debian-gcc 1.5-2 50.04 94.23 144.26 NOTE
r-devel-linux-x86_64-fedora-clang 1.5-2 293.87 OK
r-devel-linux-x86_64-fedora-gcc 1.5-2 277.36 NOTE
r-devel-osx-x86_64-clang 1.5-2 226.27 OK
r-devel-windows-ix86+x86_64 1.5-2 148.00 177.00 325.00 OK
r-patched-linux-x86_64 1.5-2 51.31 118.08 169.39 NOTE
r-patched-solaris-sparc 1.5-2 2072.70 NOTE
r-patched-solaris-x86 1.5-2 439.50 NOTE
r-release-linux-ix86 1.5-2 62.06 159.87 221.93 OK
r-release-linux-x86_64 1.5-2 51.33 116.14 167.47 NOTE
r-release-osx-x86_64-mavericks 1.5-2 ERROR
r-release-osx-x86_64-snowleopard 1.5-2 OK
r-release-windows-ix86+x86_64 1.5-2 146.00 228.00 374.00 OK
r-oldrel-windows-ix86+x86_64 1.5-2 110.00 215.00 325.00 OK

Check Details

Version: 1.5-2
Check: installed package size
Result: NOTE
     installed size is 5.8Mb
     sub-directories of 1Mb or more:
     libs 4.2Mb
Flavors: r-devel-linux-x86_64-debian-gcc, r-devel-linux-x86_64-fedora-gcc, r-patched-linux-x86_64, r-patched-solaris-sparc, r-patched-solaris-x86, r-release-linux-x86_64

Version: 1.5-2
Check: package dependencies
Result: ERROR
    Package required and available but unsuitable version: ‘CDM’
    
    See section ‘The DESCRIPTION file’ in the ‘Writing R Extensions’
    manual.
Flavor: r-release-osx-x86_64-mavericks