CRAN Package Check Results for Package TAM

Last updated on 2015-01-25 23:52:24.

Flavor Version Tinstall Tcheck Ttotal Status Flags
r-devel-linux-x86_64-debian-clang 1.4-1 38.28 98.98 137.26 OK
r-devel-linux-x86_64-debian-gcc 1.4-1 45.64 106.69 152.33 NOTE
r-devel-linux-x86_64-fedora-clang 1.4-1 331.08 OK
r-devel-linux-x86_64-fedora-gcc 1.4-1 331.21 NOTE
r-devel-osx-x86_64-clang 1.4-1 252.69 OK
r-devel-windows-ix86+x86_64 1.4-1 163.00 192.00 355.00 OK
r-patched-linux-x86_64 1.4-1 47.94 112.38 160.31 NOTE
r-patched-solaris-sparc 1.4-1 1750.30 NOTE
r-patched-solaris-x86 1.4-1 413.70 NOTE
r-release-linux-ix86 1.4-1 54.94 132.23 187.17 OK
r-release-linux-x86_64 1.4-1 45.50 111.20 156.70 NOTE
r-release-osx-x86_64-mavericks 1.4-1 ERROR
r-release-osx-x86_64-snowleopard 1.4-1 OK
r-release-windows-ix86+x86_64 1.4-1 126.00 229.00 355.00 OK
r-oldrel-windows-ix86+x86_64 1.4-1 128.00 233.00 361.00 OK

Check Details

Version: 1.4-1
Check: installed package size
Result: NOTE
     installed size is 5.4Mb
     sub-directories of 1Mb or more:
     libs 3.8Mb
Flavors: r-devel-linux-x86_64-debian-gcc, r-devel-linux-x86_64-fedora-gcc, r-patched-linux-x86_64, r-patched-solaris-sparc, r-patched-solaris-x86, r-release-linux-x86_64

Version: 1.4-1
Check: examples
Result: ERROR
    Running examples in ‘TAM-Ex.R’ failed
    The error most likely occurred in:
    
    > ### Name: tam.fit
    > ### Title: Item Infit and Outfit Statistic
    > ### Aliases: tam.fit tam.mml.fit tam.jml.fit summary.tam.fit
    > ### Keywords: Item fit Infit Outfit Fit statistics
    >
    > ### ** Examples
    >
    > #############################################################################
    > # EXAMPLE 1: Dichotomous data sim.rasch
    > #############################################################################
    >
    > data(sim.rasch)
    > # estimate Rasch model
    > mod1 <- tam.mml(resp=sim.rasch)
    ....................................................
    Processing Data 2015-01-25 01:08:10
     * Response Data: 2000 Persons and 40 Items
     * Numerical integration with 21 nodes
     * Created Design Matrices ( 2015-01-25 01:08:10 )
     * Calculated Sufficient Statistics ( 2015-01-25 01:08:10 )
    ....................................................
    Iteration 1 2015-01-25 01:08:10
    E Step
    M Step Intercepts |----
     Deviance = 84803.9272 | Deviance change: -84803.93
     Maximum intercept parameter change: 0.33272
     Maximum regression parameter change: 0
     Variance: 1.1259 | Maximum change: 0.125876
     beta 0
    ....................................................
    Iteration 2 2015-01-25 01:08:10
    E Step
    M Step Intercepts |---
     Deviance = 84201.8406 | Deviance change: 602.0866
     Maximum intercept parameter change: 0.044568
     Maximum regression parameter change: 0
     Variance: 1.2932 | Maximum change: 0.167316
     beta 0
    ....................................................
    Iteration 3 2015-01-25 01:08:10
    E Step
    M Step Intercepts |--
     Deviance = 84162.1461 | Deviance change: 39.6945
     Maximum intercept parameter change: 0.017468
     Maximum regression parameter change: 0
     Variance: 1.363 | Maximum change: 0.069771
     beta 0
    ....................................................
    Iteration 4 2015-01-25 01:08:10
    E Step
    M Step Intercepts |--
     Deviance = 84156.6153 | Deviance change: 5.5308
     Maximum intercept parameter change: 0.006594
     Maximum regression parameter change: 0
     Variance: 1.3893 | Maximum change: 0.026369
     beta 0
    ....................................................
    Iteration 5 2015-01-25 01:08:10
    E Step
    M Step Intercepts |--
     Deviance = 84155.879 | Deviance change: 0.7363
     Maximum intercept parameter change: 0.00247
     Maximum regression parameter change: 0
     Variance: 1.399 | Maximum change: 0.00966
     beta 0
    ....................................................
    Iteration 6 2015-01-25 01:08:10
    E Step
    M Step Intercepts |--
     Deviance = 84155.7823 | Deviance change: 0.0966
     Maximum intercept parameter change: 0.000952
     Maximum regression parameter change: 0
     Variance: 1.4025 | Maximum change: 0.0035
     beta 0
    ....................................................
    Iteration 7 2015-01-25 01:08:10
    E Step
    M Step Intercepts |--
     Deviance = 84155.7696 | Deviance change: 0.0128
     Maximum intercept parameter change: 0.000396
     Maximum regression parameter change: 0
     Variance: 1.4038 | Maximum change: 0.001263
     beta 0
    ....................................................
    Iteration 8 2015-01-25 01:08:10
    E Step
    M Step Intercepts |--
     Deviance = 84155.7678 | Deviance change: 0.0018
     Maximum intercept parameter change: 0.00019
     Maximum regression parameter change: 0
     Variance: 1.4042 | Maximum change: 0.000455
     beta 0
    ....................................................
    Iteration 9 2015-01-25 01:08:10
    E Step
    M Step Intercepts |--
     Deviance = 84155.7674 | Deviance change: 4e-04
     Maximum intercept parameter change: 0.000111
     Maximum regression parameter change: 0
     Variance: 1.4044 | Maximum change: 0.000164
     beta 0
    ....................................................
    Iteration 10 2015-01-25 01:08:11
    E Step
    M Step Intercepts |-
     Deviance = 84155.7672 | Deviance change: 2e-04
     Maximum intercept parameter change: 7.9e-05
     Maximum regression parameter change: 0
     Variance: 1.4044 | Maximum change: 5.9e-05
     beta 0
    ....................................................
    Item Parameters
     xsi.index xsi.label est
    1 1 I1 -1.9590
    2 2 I2 -1.8570
    3 3 I3 -1.7444
    4 4 I4 -1.6407
    5 5 I5 -1.5448
    6 6 I6 -1.5344
    7 7 I7 -1.3466
    8 8 I8 -1.3499
    9 9 I9 -1.2603
    10 10 I10 -1.0469
    11 11 I11 -1.0233
    12 12 I12 -0.8563
    13 13 I13 -0.8002
    14 14 I14 -0.7447
    15 15 I15 -0.5202
    16 16 I16 -0.3962
    17 17 I17 -0.3727
    18 18 I18 -0.2298
    19 19 I19 -0.1062
    20 20 I20 -0.0522
    21 21 I21 0.0376
    22 22 I22 0.1044
    23 23 I23 0.3343
    24 24 I24 0.4232
    25 25 I25 0.5209
    26 26 I26 0.6415
    27 27 I27 0.6443
    28 28 I28 0.8484
    29 29 I29 0.9395
    30 30 I30 1.0179
    31 31 I31 1.1160
    32 32 I32 1.1372
    33 33 I33 1.3117
    34 34 I34 1.3149
    35 35 I35 1.5559
    36 36 I36 1.6198
    37 37 I37 1.7039
    38 38 I38 1.7490
    39 39 I39 1.9352
    40 40 I40 2.0502
    ...................................
    Regression Coefficients
     V1
    [1,] 0
    
    Variance:
     [,1]
    [1,] 1.404
    
    
    EAP Reliability:
    [1] 0.899
    
    -----------------------------
    Start: 2015-01-25 01:08:10
    End: 2015-01-25 01:08:11
    Time difference of 0.1590011 secs
    
    > # item fit
    > fit1 <- tam.fit( mod1 )
    Item fit calculation based on 15 simulations
    |**********|
    |----------|
    > summary(fit1)
     parameter Outfit Outfit_t Outfit_p Infit Infit_t Infit_p
    1 I1 0.966 -0.409 0.171 0.996 -0.087 0.233
    2 I2 1.044 0.599 0.137 1.029 0.798 0.106
    3 I3 1.022 0.330 0.185 1.012 0.366 0.179
    4 I4 1.047 0.720 0.118 1.054 1.650 0.025
    5 I5 0.996 -0.039 0.242 1.006 0.186 0.213
    6 I6 1.005 0.099 0.230 1.014 0.458 0.162
    7 I7 0.954 -0.825 0.102 0.963 -1.295 0.049
    8 I8 1.010 0.195 0.211 1.000 -0.001 0.250
    9 I9 1.041 0.776 0.109 1.004 0.139 0.222
    10 I10 0.970 -0.621 0.134 0.984 -0.650 0.129
    11 I11 0.966 -0.719 0.118 0.993 -0.266 0.197
    12 I12 0.971 -0.681 0.124 0.985 -0.628 0.132
    13 I13 1.003 0.091 0.232 1.016 0.713 0.119
    14 I14 0.971 -0.732 0.116 0.973 -1.198 0.058
    15 I15 1.046 1.258 0.052 1.020 0.940 0.087
    16 I16 0.978 -0.638 0.131 0.983 -0.787 0.108
    17 I17 1.079 2.282 0.006 1.027 1.302 0.048
    18 I18 1.009 0.271 0.197 1.013 0.646 0.129
    19 I19 0.976 -0.760 0.112 0.985 -0.746 0.114
    20 I20 0.995 -0.154 0.219 0.995 -0.260 0.199
    21 I21 1.042 1.304 0.048 1.019 0.953 0.085
    22 I22 1.001 0.027 0.245 1.012 0.617 0.134
    23 I23 1.004 0.130 0.224 1.007 0.321 0.187
    24 I24 0.972 -0.816 0.104 0.972 -1.319 0.047
    25 I25 0.962 -1.056 0.073 0.982 -0.818 0.103
    26 I26 0.980 -0.523 0.150 0.982 -0.836 0.101
    27 I27 1.019 0.496 0.155 1.004 0.181 0.214
    28 I28 0.993 -0.150 0.220 1.007 0.314 0.188
    29 I29 0.915 -1.966 0.012 0.972 -1.147 0.063
    30 I30 1.106 2.215 0.007 1.032 1.275 0.051
    31 I31 1.008 0.169 0.217 0.999 -0.035 0.243
    32 I32 1.035 0.715 0.119 1.024 0.918 0.090
    33 I33 0.924 -1.401 0.040 0.978 -0.799 0.106
    34 I34 1.027 0.498 0.155 1.011 0.394 0.173
    35 I35 0.965 -0.552 0.145 0.990 -0.308 0.190
    36 I36 0.965 -0.515 0.152 0.987 -0.389 0.174
    37 I37 0.977 -0.316 0.188 1.007 0.227 0.205
    38 I38 0.919 -1.166 0.061 0.955 -1.331 0.046
    39 I39 0.947 -0.661 0.127 0.990 -0.244 0.202
    40 I40 1.229 2.583 0.002 1.031 0.793 0.107
    > ## > summary(fit1)
    > ## parameter Outfit Outfit_t Outfit_p Infit Infit_t Infit_p
    > ## 1 I1 0.966 -0.409 0.171 0.996 -0.087 0.233
    > ## 2 I2 1.044 0.599 0.137 1.029 0.798 0.106
    > ## 3 I3 1.022 0.330 0.185 1.012 0.366 0.179
    > ## 4 I4 1.047 0.720 0.118 1.054 1.650 0.025
    >
    > #--------
    > # infit and oufit based on estimated WLEs
    > library(sirt)
    Error in loadNamespace(i, c(lib.loc, .libPaths()), versionCheck = vI[[i]]) :
     there is no package called ‘semPlot’
    Error: package or namespace load failed for ‘sirt’
    Execution halted
Flavor: r-release-osx-x86_64-mavericks