CRAN Package Check Results for Package TAM

Last updated on 2019-03-26 13:51:37 CET.

Flavor Version Tinstall Tcheck Ttotal Status Flags
r-devel-linux-x86_64-debian-clang 3.1-45 168.76 165.52 334.28 OK
r-devel-linux-x86_64-debian-gcc 3.1-45 134.77 128.51 263.28 OK
r-devel-linux-x86_64-fedora-clang 3.1-45 478.95 NOTE
r-devel-linux-x86_64-fedora-gcc 3.1-45 425.16 OK
r-devel-windows-ix86+x86_64 3.1-45 398.00 208.00 606.00 OK
r-patched-linux-x86_64 3.1-45 161.89 151.24 313.13 OK
r-patched-solaris-x86 3.1-45 391.60 OK
r-release-linux-x86_64 3.1-45 154.18 151.21 305.39 OK
r-release-windows-ix86+x86_64 3.1-45 394.00 239.00 633.00 OK
r-release-osx-x86_64 3.1-45 NOTE
r-oldrel-windows-ix86+x86_64 3.1-45 277.00 219.00 496.00 OK
r-oldrel-osx-x86_64 3.1-45 OK

Check Details

Version: 3.1-45
Check: installed package size
Result: NOTE
     installed size is 6.4Mb
     sub-directories of 1Mb or more:
     R 1.3Mb
     libs 4.2Mb
Flavors: r-devel-linux-x86_64-fedora-clang, r-release-osx-x86_64