CRAN Package Check Results for Package TAM

Last updated on 2016-06-28 14:48:43.

Flavor Version Tinstall Tcheck Ttotal Status Flags
r-devel-linux-x86_64-debian-gcc 1.995-0 65.57 101.61 167.18 NOTE
r-devel-linux-x86_64-fedora-clang 1.995-0 309.08 OK
r-devel-linux-x86_64-fedora-gcc 1.995-0 284.90 NOTE
r-devel-osx-x86_64-clang 1.995-0 224.32 OK
r-devel-windows-ix86+x86_64 1.995-0 229.00 180.00 409.00 OK
r-patched-linux-x86_64 1.995-0 49.88 101.86 151.74 NOTE
r-patched-solaris-sparc 1.995-0 1730.50 NOTE
r-patched-solaris-x86 1.995-0 335.70 NOTE
r-release-linux-x86_64 1.995-0 48.71 102.17 150.89 NOTE
r-release-osx-x86_64-mavericks 1.995-0 OK
r-release-windows-ix86+x86_64 1.995-0 219.00 186.00 405.00 OK
r-oldrel-windows-ix86+x86_64 1.995-0 222.00 192.00 414.00 OK

Check Details

Version: 1.995-0
Check: installed package size
Result: NOTE
     installed size is 5.6Mb
     sub-directories of 1Mb or more:
     libs 4.5Mb
Flavors: r-devel-linux-x86_64-debian-gcc, r-devel-linux-x86_64-fedora-gcc, r-patched-linux-x86_64, r-patched-solaris-sparc, r-patched-solaris-x86, r-release-linux-x86_64