CRAN Package Check Results for Package TAM

Last updated on 2017-01-16 17:49:40.

Flavor Version Tinstall Tcheck Ttotal Status Flags
r-devel-linux-x86_64-debian-clang 1.995-0 54.30 112.42 166.72 OK
r-devel-linux-x86_64-debian-gcc 1.995-0 59.15 116.13 175.28 OK
r-devel-linux-x86_64-fedora-clang 1.995-0 341.95 OK --no-stop-on-test-error
r-devel-linux-x86_64-fedora-gcc 1.995-0 333.30 NOTE --no-stop-on-test-error
r-devel-macos-x86_64-clang 1.995-0 243.43 OK --no-stop-on-test-error
r-devel-windows-ix86+x86_64 1.995-0 242.00 238.00 480.00 OK
r-patched-linux-x86_64 1.995-0 49.87 100.62 150.49 OK
r-patched-solaris-sparc 1.995-0 1732.80 OK
r-patched-solaris-x86 1.995-0 337.80 OK
r-release-linux-x86_64 1.995-0 50.16 99.83 149.99 OK
r-release-osx-x86_64-mavericks 1.995-0 OK
r-release-windows-ix86+x86_64 1.995-0 226.00 211.00 437.00 OK
r-oldrel-windows-ix86+x86_64 1.995-0 160.00 228.00 388.00 OK

Check Details

Version: 1.995-0
Flags: --no-stop-on-test-error
Check: installed package size
Result: NOTE
     installed size is 5.7Mb
     sub-directories of 1Mb or more:
     libs 4.6Mb
Flavor: r-devel-linux-x86_64-fedora-gcc

Version: 1.995-0
Flags: --no-stop-on-test-error
Check: compiled code
Result: NOTE
    File ‘TAM/libs/TAM.so’:
     Found no calls to: ‘R_registerRoutines’, ‘R_useDynamicSymbols’
    
    It is good practice to use registered native symbols and disable symbol
    search.
    
    See ‘Writing portable packages’ in the ‘Writing R Extensions’ manual.
Flavor: r-devel-linux-x86_64-fedora-gcc