CRAN Package Check Results for Package TAM

Last updated on 2016-02-09 03:47:23.

Flavor Version Tinstall Tcheck Ttotal Status Flags
r-devel-linux-x86_64-debian-gcc 1.16-0 46.71 99.81 146.52 NOTE
r-devel-linux-x86_64-fedora-clang 1.16-0 301.70 OK
r-devel-linux-x86_64-fedora-gcc 1.16-0 281.10 NOTE
r-devel-osx-x86_64-clang 1.16-0 279.55 OK
r-devel-windows-ix86+x86_64 1.16-0 225.00 184.00 409.00 OK
r-patched-linux-x86_64 1.16-0 47.98 107.54 155.51 NOTE
r-patched-solaris-sparc 1.16-0 1563.30 OK
r-patched-solaris-x86 1.16-0 294.80 OK
r-release-linux-x86_64 1.16-0 47.84 102.93 150.77 NOTE
r-release-osx-x86_64-mavericks 1.16-0 OK
r-release-windows-ix86+x86_64 1.16-0 224.00 179.00 403.00 OK
r-oldrel-windows-ix86+x86_64 1.16-0 219.00 226.00 445.00 OK

Check Details

Version: 1.16-0
Check: installed package size
Result: NOTE
     installed size is 5.2Mb
     sub-directories of 1Mb or more:
     libs 4.1Mb
Flavors: r-devel-linux-x86_64-debian-gcc, r-devel-linux-x86_64-fedora-gcc, r-patched-linux-x86_64, r-release-linux-x86_64