CRAN Package Check Results for Package TAM

Last updated on 2015-05-26 17:47:25.

Flavor Version Tinstall Tcheck Ttotal Status Flags
r-devel-linux-x86_64-debian-clang 1.6-0 46.94 101.28 148.22 OK
r-devel-linux-x86_64-debian-gcc 1.6-0 51.37 100.94 152.31 NOTE
r-devel-linux-x86_64-fedora-clang 1.6-0 304.95 OK
r-devel-linux-x86_64-fedora-gcc 1.6-0 293.33 NOTE
r-devel-osx-x86_64-clang 1.6-0 229.39 OK
r-devel-windows-ix86+x86_64 1.6-0 159.00 192.00 351.00 OK
r-patched-linux-x86_64 1.6-0 51.08 99.56 150.65 NOTE
r-patched-solaris-sparc 1.6-0 1823.20 NOTE
r-patched-solaris-x86 1.6-0 375.60 NOTE
r-release-linux-x86_64 1.6-0 50.22 97.73 147.95 NOTE
r-release-osx-x86_64-mavericks 1.6-0 OK
r-release-osx-x86_64-snowleopard 1.6-0 ERROR
r-release-windows-ix86+x86_64 1.6-0 140.00 193.00 333.00 OK
r-oldrel-windows-ix86+x86_64 1.6-0 140.00 230.00 370.00 OK

Check Details

Version: 1.6-0
Check: installed package size
Result: NOTE
     installed size is 6.1Mb
     sub-directories of 1Mb or more:
     libs 4.5Mb
Flavors: r-devel-linux-x86_64-debian-gcc, r-devel-linux-x86_64-fedora-gcc, r-patched-linux-x86_64, r-patched-solaris-sparc, r-patched-solaris-x86, r-release-linux-x86_64

Version: 1.6-0
Check: package dependencies
Result: ERROR
    Package required but not available: ‘CDM’
    
    Package suggested but not available for checking: ‘sirt’
    
    See section ‘The DESCRIPTION file’ in the ‘Writing R Extensions’
    manual.
Flavor: r-release-osx-x86_64-snowleopard