CRAN Package Check Results for Package TAM

Last updated on 2014-12-22 09:54:28.

Flavor Version Tinstall Tcheck Ttotal Status Flags
r-devel-linux-x86_64-debian-clang 1.2 31.76 66.16 97.92 OK
r-devel-linux-x86_64-debian-gcc 1.2 38.60 62.72 101.32 OK
r-devel-linux-x86_64-fedora-clang 1.2 209.69 OK
r-devel-linux-x86_64-fedora-gcc 1.2 206.29 NOTE
r-devel-osx-x86_64-clang 1.2 156.58 OK
r-devel-windows-ix86+x86_64 1.2 114.00 118.00 232.00 OK
r-patched-linux-x86_64 1.2 39.66 66.90 106.56 OK
r-patched-solaris-sparc 1.2 1275.30 NOTE
r-patched-solaris-x86 1.2 271.30 OK
r-release-linux-ix86 1.2 47.96 79.54 127.49 OK
r-release-linux-x86_64 1.2 39.45 67.10 106.55 OK
r-release-osx-x86_64-mavericks 1.2 OK
r-release-osx-x86_64-snowleopard 1.2 OK
r-release-windows-ix86+x86_64 1.2 116.00 134.00 250.00 OK
r-oldrel-windows-ix86+x86_64 1.2 116.00 145.00 261.00 OK

Check Details

Version: 1.2
Check: installed package size
Result: NOTE
     installed size is 5.2Mb
     sub-directories of 1Mb or more:
     libs 3.8Mb
Flavors: r-devel-linux-x86_64-fedora-gcc, r-patched-solaris-sparc