CRAN Package Check Results for Package TAM

Last updated on 2019-01-22 21:48:26 CET.

Flavor Version Tinstall Tcheck Ttotal Status Flags
r-devel-linux-x86_64-debian-clang 3.0-21 164.31 156.34 320.65 OK
r-devel-linux-x86_64-debian-gcc 3.0-21 141.80 119.34 261.14 OK
r-devel-linux-x86_64-fedora-clang 3.0-21 477.25 NOTE
r-devel-linux-x86_64-fedora-gcc 3.0-21 424.59 OK
r-devel-windows-ix86+x86_64 3.0-21 382.00 243.00 625.00 OK
r-patched-linux-x86_64 3.0-21 181.83 149.08 330.91 OK
r-patched-solaris-x86 3.0-21 408.90 OK
r-release-linux-x86_64 3.0-21 193.27 147.35 340.62 OK
r-release-windows-ix86+x86_64 3.0-21 372.00 253.00 625.00 OK
r-release-osx-x86_64 3.0-21 NOTE
r-oldrel-windows-ix86+x86_64 3.0-21 360.00 255.00 615.00 OK
r-oldrel-osx-x86_64 3.0-21 OK

Check Details

Version: 3.0-21
Check: installed package size
Result: NOTE
     installed size is 6.7Mb
     sub-directories of 1Mb or more:
     R 1.2Mb
     libs 4.6Mb
Flavors: r-devel-linux-x86_64-fedora-clang, r-release-osx-x86_64