CRAN Package Check Results for Package TAM

Last updated on 2014-08-22 13:47:05.

Flavor Version Tinstall Tcheck Ttotal Status Flags
r-devel-linux-x86_64-debian-clang 1.0-3 27.13 53.88 81.01 OK
r-devel-linux-x86_64-debian-gcc 1.0-3 34.88 53.53 88.41 OK
r-devel-linux-x86_64-fedora-clang 1.0-3 165.78 OK
r-devel-linux-x86_64-fedora-gcc 1.0-3 162.57 OK
r-devel-osx-x86_64-clang 1.0-3 131.21 OK
r-devel-windows-ix86+x86_64 1.0-3 104.00 101.00 205.00 OK
r-patched-linux-x86_64 1.0-3 34.97 55.14 90.11 OK
r-patched-solaris-sparc 1.0-3 1100.90 NOTE
r-patched-solaris-x86 1.0-3 225.40 OK
r-release-linux-ix86 1.0-3 44.71 71.40 116.10 OK
r-release-linux-x86_64 1.0-3 35.64 42.88 78.52 OK
r-release-osx-x86_64-mavericks 1.0-3 OK
r-release-osx-x86_64-snowleopard 1.0-3 OK
r-release-windows-ix86+x86_64 1.0-3 104.00 102.00 206.00 OK
r-oldrel-windows-ix86+x86_64 1.0-3 76.00 93.00 169.00 OK

Check Details

Version: 1.0-3
Check: installed package size
Result: NOTE
     installed size is 5.2Mb
     sub-directories of 1Mb or more:
     libs 3.4Mb
Flavor: r-patched-solaris-sparc