CRAN Package Check Results for Package TAM

Last updated on 2018-04-22 00:47:16 CEST.

Flavor Version Tinstall Tcheck Ttotal Status Flags
r-devel-linux-x86_64-debian-clang 2.10-24 130.96 146.61 277.57 OK
r-devel-linux-x86_64-debian-gcc 2.10-24 115.90 111.94 227.84 OK
r-devel-linux-x86_64-fedora-clang 2.10-24 370.71 NOTE
r-devel-linux-x86_64-fedora-gcc 2.10-24 337.13 NOTE
r-devel-windows-ix86+x86_64 2.10-24 317.00 245.00 562.00 OK
r-devel-osx-x86_64 2.10-24 OK
r-patched-linux-x86_64 2.10-24 138.53 147.31 285.84 OK
r-patched-solaris-x86 2.10-24 358.90 OK
r-release-linux-x86_64 2.10-24 120.83 166.15 286.98 OK
r-release-windows-ix86+x86_64 2.10-24 205.00 275.00 480.00 OK
r-release-osx-x86_64 2.10-24 OK
r-oldrel-windows-ix86+x86_64 2.10-24 298.00 170.00 468.00 OK

Check Details

Version: 2.10-24
Check: installed package size
Result: NOTE
     installed size is 5.7Mb
     sub-directories of 1Mb or more:
     R 1.2Mb
     libs 3.7Mb
Flavors: r-devel-linux-x86_64-fedora-clang, r-devel-linux-x86_64-fedora-gcc