CRAN Package Check Results for Package TAM

Last updated on 2015-07-08 05:47:59.

Flavor Version Tinstall Tcheck Ttotal Status Flags
r-devel-linux-x86_64-debian-clang 1.9-0 44.06 100.78 144.84 NOTE
r-devel-linux-x86_64-debian-gcc 1.9-0 49.87 99.68 149.55 NOTE
r-devel-linux-x86_64-fedora-clang 1.9-0 299.66 NOTE
r-devel-linux-x86_64-fedora-gcc 1.9-0 283.69 NOTE
r-devel-osx-x86_64-clang 1.9-0 226.95 OK
r-devel-windows-ix86+x86_64 1.9-0 151.00 189.00 340.00 NOTE
r-patched-linux-x86_64 1.9-0 50.74 99.70 150.44 NOTE
r-patched-solaris-sparc 1.9-0 1619.60 NOTE
r-patched-solaris-x86 1.9-0 373.30 NOTE
r-release-linux-x86_64 1.9-0 51.10 97.33 148.42 NOTE
r-release-osx-x86_64-mavericks 1.9-0 OK
r-release-windows-ix86+x86_64 1.9-0 210.00 187.00 397.00 OK
r-oldrel-windows-ix86+x86_64 1.9-0 152.00 223.00 375.00 OK

Check Details

Version: 1.9-0
Check: R code for possible problems
Result: NOTE
    plot.tam: no visible global function definition for ‘dev.off’
    plot.tam: no visible global function definition for ‘dev.cur’
    plot.tam.jml: no visible global function definition for ‘dev.off’
    plot.tam.jml: no visible global function definition for ‘dev.cur’
    plot.tam.mml: no visible global function definition for ‘dev.off’
    plot.tam.mml: no visible global function definition for ‘dev.cur’
    Undefined global functions or variables:
     dev.cur dev.off
Flavors: r-devel-linux-x86_64-debian-clang, r-devel-linux-x86_64-debian-gcc, r-devel-linux-x86_64-fedora-clang, r-devel-linux-x86_64-fedora-gcc, r-devel-windows-ix86+x86_64

Version: 1.9-0
Check: installed package size
Result: NOTE
     installed size is 5.7Mb
     sub-directories of 1Mb or more:
     libs 4.7Mb
Flavors: r-devel-linux-x86_64-debian-gcc, r-devel-linux-x86_64-fedora-gcc, r-patched-linux-x86_64, r-patched-solaris-sparc, r-patched-solaris-x86, r-release-linux-x86_64