CRAN Package Check Results for Package TAM

Last updated on 2016-08-26 23:49:12.

Flavor Version Tinstall Tcheck Ttotal Status Flags
r-devel-linux-x86_64-debian-clang 1.995-0 52.57 106.00 158.57 OK
r-devel-linux-x86_64-debian-gcc 1.995-0 75.87 138.96 214.83 NOTE
r-devel-linux-x86_64-fedora-clang 1.995-0 315.36 OK
r-devel-linux-x86_64-fedora-gcc 1.995-0 296.12 NOTE
r-devel-osx-x86_64-clang 1.995-0 228.61 OK
r-devel-windows-ix86+x86_64 1.995-0 218.00 243.00 461.00 OK
r-patched-linux-x86_64 1.995-0 48.99 101.17 150.16 NOTE
r-patched-solaris-sparc 1.995-0 1723.80 OK
r-patched-solaris-x86 1.995-0 332.20 OK
r-release-linux-x86_64 1.995-0 50.21 103.43 153.64 NOTE
r-release-osx-x86_64-mavericks 1.995-0 OK
r-release-windows-ix86+x86_64 1.995-0 218.00 243.00 461.00 OK
r-oldrel-windows-ix86+x86_64 1.995-0 156.00 218.00 374.00 OK

Check Details

Version: 1.995-0
Check: installed package size
Result: NOTE
     installed size is 5.5Mb
     sub-directories of 1Mb or more:
     libs 4.4Mb
Flavors: r-devel-linux-x86_64-debian-gcc, r-devel-linux-x86_64-fedora-gcc, r-patched-linux-x86_64, r-release-linux-x86_64