CRAN Package Check Results for Package TAM

Last updated on 2017-07-25 07:47:14.

Flavor Version Tinstall Tcheck Ttotal Status Flags
r-devel-linux-x86_64-debian-clang 2.4-9 67.64 119.36 187.00 OK
r-devel-linux-x86_64-debian-gcc 2.4-9 72.21 114.27 186.48 OK
r-devel-linux-x86_64-fedora-clang 2.4-9 342.47 OK
r-devel-linux-x86_64-fedora-gcc 2.4-9 338.19 NOTE
r-devel-windows-ix86+x86_64 2.4-9 220.00 214.00 434.00 OK
r-patched-linux-x86_64 2.4-9 71.00 118.43 189.43 OK
r-patched-solaris-x86 2.4-9 334.00 OK
r-release-linux-x86_64 2.4-9 70.88 118.35 189.23 OK
r-release-windows-ix86+x86_64 2.4-9 231.00 261.00 492.00 OK
r-release-osx-x86_64 2.4-9 OK
r-oldrel-windows-ix86+x86_64 2.4-9 214.00 176.00 390.00 OK
r-oldrel-osx-x86_64 2.4-9 OK

Check Details

Version: 2.4-9
Check: installed package size
Result: NOTE
     installed size is 6.6Mb
     sub-directories of 1Mb or more:
     libs 5.4Mb
Flavor: r-devel-linux-x86_64-fedora-gcc