CRAN Package Check Results for Package TAM

Last updated on 2017-09-21 19:47:01.

Flavor Version Tinstall Tcheck Ttotal Status Flags
r-devel-linux-x86_64-debian-clang 2.6-2 67.77 97.22 164.99 OK
r-devel-linux-x86_64-debian-gcc 2.6-2 71.45 95.11 166.56 OK
r-devel-linux-x86_64-fedora-clang 2.6-2 329.93 OK
r-devel-linux-x86_64-fedora-gcc 2.6-2 319.22 NOTE
r-devel-windows-ix86+x86_64 2.6-2 210.00 182.00 392.00 OK
r-patched-linux-x86_64 2.6-2 70.91 100.31 171.22 OK
r-patched-solaris-x86 2.6-2 310.00 OK
r-release-linux-x86_64 2.6-2 70.68 98.24 168.92 OK
r-release-windows-ix86+x86_64 2.6-2 216.00 205.00 421.00 OK
r-release-osx-x86_64 2.6-2 OK
r-oldrel-windows-ix86+x86_64 2.6-2 195.00 156.00 351.00 OK
r-oldrel-osx-x86_64 2.6-2 OK

Check Details

Version: 2.6-2
Check: installed package size
Result: NOTE
     installed size is 6.5Mb
     sub-directories of 1Mb or more:
     libs 5.3Mb
Flavor: r-devel-linux-x86_64-fedora-gcc