CRAN Package Check Results for Package TAM

Last updated on 2016-09-27 18:48:08.

Flavor Version Tinstall Tcheck Ttotal Status Flags
r-devel-linux-x86_64-debian-clang 1.995-0 53.00 103.32 156.32 OK
r-devel-linux-x86_64-debian-gcc 1.995-0 60.63 104.46 165.08 NOTE
r-devel-linux-x86_64-fedora-clang 1.995-0 306.42 OK
r-devel-linux-x86_64-fedora-gcc 1.995-0 299.84 NOTE
r-devel-macos-x86_64-clang 1.995-0 219.16 OK
r-devel-windows-ix86+x86_64 1.995-0 239.00 249.00 488.00 OK
r-patched-linux-x86_64 1.995-0 49.54 99.45 148.99 NOTE
r-patched-solaris-sparc 1.995-0 1723.80 OK
r-patched-solaris-x86 1.995-0 330.40 OK
r-release-linux-x86_64 1.995-0 51.61 103.37 154.98 NOTE
r-release-osx-x86_64-mavericks 1.995-0 OK
r-release-windows-ix86+x86_64 1.995-0 238.00 247.00 485.00 OK
r-oldrel-windows-ix86+x86_64 1.995-0 231.00 279.00 510.00 OK

Check Details

Version: 1.995-0
Check: installed package size
Result: NOTE
     installed size is 5.6Mb
     sub-directories of 1Mb or more:
     libs 4.6Mb
Flavors: r-devel-linux-x86_64-debian-gcc, r-devel-linux-x86_64-fedora-gcc, r-patched-linux-x86_64, r-release-linux-x86_64