CRAN Package Check Results for Package TAM

Last updated on 2016-04-29 19:50:04.

Flavor Version Tinstall Tcheck Ttotal Status Flags
r-devel-linux-x86_64-debian-gcc 1.99-6 47.33 104.82 152.15 NOTE
r-devel-linux-x86_64-fedora-clang 1.99-6 301.65 NOTE
r-devel-linux-x86_64-fedora-gcc 1.99-6 283.05 NOTE
r-devel-osx-x86_64-clang 1.99-6 277.61 OK
r-devel-windows-ix86+x86_64 1.99-6 167.00 203.00 370.00 OK
r-patched-linux-x86_64 1.99-6 47.42 100.76 148.18 NOTE
r-patched-solaris-sparc 1.99-6 1613.70 OK
r-patched-solaris-x86 1.99-6 333.80 OK
r-release-linux-x86_64 1.99-6 49.12 109.38 158.49 NOTE
r-release-osx-x86_64-mavericks 1.99-6 OK
r-release-windows-ix86+x86_64 1.99-6 160.00 192.00 352.00 OK
r-oldrel-windows-ix86+x86_64 1.99-6 217.00 332.00 549.00 OK

Check Details

Version: 1.99-6
Check: installed package size
Result: NOTE
     installed size is 5.2Mb
     sub-directories of 1Mb or more:
     libs 4.1Mb
Flavors: r-devel-linux-x86_64-debian-gcc, r-devel-linux-x86_64-fedora-clang, r-devel-linux-x86_64-fedora-gcc, r-patched-linux-x86_64, r-release-linux-x86_64