CRAN Package Check Results for Package TAM

Last updated on 2019-05-19 12:46:47 CEST.

Flavor Version Tinstall Tcheck Ttotal Status Flags
r-devel-linux-x86_64-debian-clang 3.1-45 184.00 164.51 348.51 OK
r-devel-linux-x86_64-debian-gcc 3.1-45 132.65 125.03 257.68 OK
r-devel-linux-x86_64-fedora-clang 3.1-45 510.18 NOTE
r-devel-linux-x86_64-fedora-gcc 3.1-45 449.52 OK
r-devel-windows-ix86+x86_64 3.1-45 429.00 261.00 690.00 OK
r-patched-linux-x86_64 3.1-45 161.19 160.58 321.77 OK
r-patched-solaris-x86 3.1-45 466.10 OK
r-release-linux-x86_64 3.1-45 161.67 162.45 324.12 OK
r-release-windows-ix86+x86_64 3.1-45 429.00 263.00 692.00 OK
r-release-osx-x86_64 3.1-45 ERROR
r-oldrel-windows-ix86+x86_64 3.1-45 394.00 241.00 635.00 OK
r-oldrel-osx-x86_64 3.1-45 NOTE

Check Details

Version: 3.1-45
Check: installed package size
Result: NOTE
     installed size is 6.4Mb
     sub-directories of 1Mb or more:
     R 1.3Mb
     libs 4.3Mb
Flavors: r-devel-linux-x86_64-fedora-clang, r-release-osx-x86_64, r-oldrel-osx-x86_64

Version: 3.1-45
Check: Rd cross-references
Result: NOTE
    Package unavailable to check Rd xrefs: ‘mirt’
Flavor: r-release-osx-x86_64

Version: 3.1-45
Check: examples
Result: ERROR
    Running examples in ‘TAM-Ex.R’ failed
    The error most likely occurred in:
    
    > ### Name: IRT.residuals
    > ### Title: Residuals in an IRT Model
    > ### Aliases: IRT.residuals IRT.residuals.tam.jml IRT.residuals.tam.mml
    > ### IRT.residuals.tam.mml.2pl IRT.residuals.tam.mml.mfr residuals.tam.jml
    > ### residuals.tam.mml residuals.tam.mml.2pl residuals.tam.mml.mfr
    >
    > ### ** Examples
    >
    > #############################################################################
    > # EXAMPLE 1: Residuals data.read
    > #############################################################################
    >
    > library(sirt)
    Error: package or namespace load failed for ‘sirt’ in loadNamespace(j <- i[[1L]], c(lib.loc, .libPaths()), versionCheck = vI[[j]]):
     there is no package called ‘mirt’
    Execution halted
Flavor: r-release-osx-x86_64