CRAN Package Check Results for Package TAM

Last updated on 2014-09-02 15:49:09.

Flavor Version Tinstall Tcheck Ttotal Status Flags
r-devel-linux-x86_64-debian-clang 1.0-3 27.45 48.67 76.12 OK
r-devel-linux-x86_64-debian-gcc 1.0-3 34.98 48.51 83.48 OK
r-devel-linux-x86_64-fedora-clang 1.0-3 171.00 OK
r-devel-linux-x86_64-fedora-gcc 1.0-3 161.07 OK
r-devel-osx-x86_64-clang 1.0-3 121.51 OK
r-devel-windows-ix86+x86_64 1.0-3 105.00 97.00 202.00 OK
r-patched-linux-x86_64 1.0-3 34.63 56.00 90.64 OK
r-patched-solaris-sparc 1.0-3 1100.90 NOTE
r-patched-solaris-x86 1.0-3 226.60 OK
r-release-linux-ix86 1.0-3 44.95 70.85 115.80 OK
r-release-linux-x86_64 1.0-3 34.84 55.23 90.07 OK
r-release-osx-x86_64-mavericks 1.0-3 OK
r-release-osx-x86_64-snowleopard 1.0-3 OK
r-release-windows-ix86+x86_64 1.0-3 109.00 105.00 214.00 OK
r-oldrel-windows-ix86+x86_64 1.0-3 107.00 107.00 214.00 OK

Check Details

Version: 1.0-3
Check: installed package size
Result: NOTE
     installed size is 5.2Mb
     sub-directories of 1Mb or more:
     libs 3.4Mb
Flavor: r-patched-solaris-sparc