CRAN Package Check Results for Package TAM

Last updated on 2014-07-31 09:49:29.

Flavor Version Tinstall Tcheck Ttotal Status Flags
r-devel-linux-x86_64-debian-clang 1.0-3 27.32 55.31 82.62 OK
r-devel-linux-x86_64-debian-gcc 1.0-3 34.59 55.06 89.64 OK
r-devel-linux-x86_64-fedora-clang 1.0-3 178.18 OK
r-devel-linux-x86_64-fedora-gcc 1.0-3 177.21 OK
r-devel-osx-x86_64-clang 1.0-3 138.93 OK
r-devel-windows-ix86+x86_64 1.0-3 111.00 100.00 211.00 OK
r-patched-linux-x86_64 1.0-3 36.21 56.54 92.75 OK
r-patched-solaris-sparc 1.0-3 1100.90 NOTE
r-patched-solaris-x86 1.0-3 221.50 OK
r-release-linux-ix86 1.0-3 44.40 69.12 113.51 OK
r-release-linux-x86_64 1.0-3 35.08 56.97 92.05 OK
r-release-osx-x86_64-mavericks 1.0-3 OK
r-release-osx-x86_64-snowleopard 1.0-3 OK
r-release-windows-ix86+x86_64 1.0-3 134.00 140.00 274.00 OK
r-oldrel-windows-ix86+x86_64 1.0-3 165.00 140.00 305.00 OK

Check Details

Version: 1.0-3
Check: installed package size
Result: NOTE
     installed size is 5.2Mb
     sub-directories of 1Mb or more:
     libs 3.4Mb
Flavor: r-patched-solaris-sparc