CRAN Package Check Results for Package TAM

Last updated on 2016-07-25 11:51:07.

Flavor Version Tinstall Tcheck Ttotal Status Flags
r-devel-linux-x86_64-debian-clang 1.995-0 70.74 115.77 186.51 OK
r-devel-linux-x86_64-debian-gcc 1.995-0 76.80 118.28 195.07 NOTE
r-devel-linux-x86_64-fedora-clang 1.995-0 304.00 OK
r-devel-linux-x86_64-fedora-gcc 1.995-0 286.86 NOTE
r-devel-osx-x86_64-clang 1.995-0 222.38 OK
r-devel-windows-ix86+x86_64 1.995-0 218.00 194.00 412.00 OK
r-patched-linux-x86_64 1.995-0 56.08 109.28 165.36 NOTE
r-patched-solaris-sparc 1.995-0 1730.50 NOTE
r-patched-solaris-x86 1.995-0 330.10 OK
r-release-linux-x86_64 1.995-0 55.90 115.75 171.65 NOTE
r-release-osx-x86_64-mavericks 1.995-0 OK
r-release-windows-ix86+x86_64 1.995-0 188.00 198.00 386.00 OK
r-oldrel-windows-ix86+x86_64 1.995-0 210.00 258.00 468.00 OK

Check Details

Version: 1.995-0
Check: installed package size
Result: NOTE
     installed size is 5.6Mb
     sub-directories of 1Mb or more:
     libs 4.5Mb
Flavors: r-devel-linux-x86_64-debian-gcc, r-devel-linux-x86_64-fedora-gcc, r-patched-linux-x86_64, r-patched-solaris-sparc, r-release-linux-x86_64