CRAN Package Check Results for Package TAM

Last updated on 2017-02-20 13:51:22.

Flavor Version Tinstall Tcheck Ttotal Status Flags
r-devel-linux-x86_64-debian-clang 1.99993-0 54.75 114.48 169.23 NOTE
r-devel-linux-x86_64-debian-gcc 1.99993-0 60.10 113.59 173.69 NOTE
r-devel-linux-x86_64-fedora-clang 1.99993-0 344.80 NOTE --no-stop-on-test-error
r-devel-linux-x86_64-fedora-gcc 1.99993-0 346.39 NOTE --no-stop-on-test-error
r-devel-macos-x86_64-clang 1.99993-0 246.06 NOTE --no-stop-on-test-error
r-devel-windows-ix86+x86_64 1.99993-0 260.00 319.00 579.00 OK
r-patched-linux-x86_64 1.99993-0 51.26 102.92 154.18 OK
r-patched-solaris-sparc 1.99993-0 1642.60 OK
r-patched-solaris-x86 1.99993-0 360.60 OK
r-release-linux-x86_64 1.99993-0 51.17 103.80 154.98 OK
r-release-osx-x86_64-mavericks 1.99993-0 OK
r-release-windows-ix86+x86_64 1.99993-0 157.00 191.00 348.00 OK
r-oldrel-windows-ix86+x86_64 1.99993-0 150.00 223.00 373.00 OK

Check Details

Version: 1.99993-0
Check: compiled code
Result: NOTE
    File ‘TAM/libs/TAM.so’:
     Found no calls to: ‘R_registerRoutines’, ‘R_useDynamicSymbols’
    
    It is good practice to register native routines and to disable symbol
    search.
    
    See ‘Writing portable packages’ in the ‘Writing R Extensions’ manual.
Flavors: r-devel-linux-x86_64-debian-clang, r-devel-linux-x86_64-debian-gcc

Version: 1.99993-0
Flags: --no-stop-on-test-error
Check: compiled code
Result: NOTE
    File ‘TAM/libs/TAM.so’:
     Found no calls to: ‘R_registerRoutines’, ‘R_useDynamicSymbols’
    
    It is good practice to register native routines and to disable symbol
    search.
    
    See ‘Writing portable packages’ in the ‘Writing R Extensions’ manual.
Flavors: r-devel-linux-x86_64-fedora-clang, r-devel-linux-x86_64-fedora-gcc, r-devel-macos-x86_64-clang

Version: 1.99993-0
Flags: --no-stop-on-test-error
Check: installed package size
Result: NOTE
     installed size is 5.7Mb
     sub-directories of 1Mb or more:
     libs 4.6Mb
Flavor: r-devel-linux-x86_64-fedora-gcc