CRAN Package Check Results for Package TAM

Last updated on 2017-03-29 03:51:01.

Flavor Version Tinstall Tcheck Ttotal Status Flags
r-devel-linux-x86_64-debian-clang 1.99999-31 59.01 119.47 178.48 OK
r-devel-linux-x86_64-debian-gcc 1.99999-31 58.72 116.28 175.00 OK
r-devel-linux-x86_64-fedora-clang 1.99999-31 354.92 OK --no-stop-on-test-error
r-devel-linux-x86_64-fedora-gcc 1.99999-31 344.57 NOTE --no-stop-on-test-error
r-devel-macos-x86_64-clang 1.99999-31 248.82 OK --no-stop-on-test-error
r-devel-windows-ix86+x86_64 1.99999-31 177.00 228.00 405.00 OK
r-patched-linux-x86_64 1.99999-31 49.33 119.01 168.34 OK
r-patched-solaris-sparc 1.99999-31 1884.90 OK
r-patched-solaris-x86 1.99999-31 381.20 OK
r-release-linux-x86_64 1.99999-31 48.94 102.16 151.09 OK
r-release-osx-x86_64-mavericks 1.99999-31 OK
r-release-windows-ix86+x86_64 1.99999-31 238.00 264.00 502.00 OK
r-oldrel-windows-ix86+x86_64 1.99999-31 167.00 209.00 376.00 OK

Check Details

Version: 1.99999-31
Flags: --no-stop-on-test-error
Check: installed package size
Result: NOTE
     installed size is 5.0Mb
     sub-directories of 1Mb or more:
     libs 3.9Mb
Flavor: r-devel-linux-x86_64-fedora-gcc