CRAN Package Check Results for Package TAM

Last updated on 2017-05-26 06:47:12.

Flavor Version Tinstall Tcheck Ttotal Status Flags
r-devel-linux-x86_64-debian-clang 2.1-43 59.84 99.83 159.67 OK
r-devel-linux-x86_64-debian-gcc 2.1-43 60.30 98.03 158.33 OK
r-devel-linux-x86_64-fedora-clang 2.1-43 304.70 OK --no-stop-on-test-error
r-devel-linux-x86_64-fedora-gcc 2.1-43 296.31 NOTE --no-stop-on-test-error
r-devel-windows-ix86+x86_64 2.1-43 184.00 199.00 383.00 OK
r-patched-linux-x86_64 2.1-43 50.34 96.31 146.64 OK
r-patched-solaris-sparc 2.1-43 1550.70 OK
r-patched-solaris-x86 2.1-43 299.50 OK --no-stop-on-test-error
r-release-linux-x86_64 2.1-43 49.64 100.50 150.14 OK
r-release-windows-ix86+x86_64 2.1-43 186.00 196.00 382.00 OK
r-release-osx-x86_64 2.1-43 OK
r-oldrel-windows-ix86+x86_64 2.1-43 233.00 177.00 410.00 OK
r-oldrel-osx-x86_64 2.1-43 OK

Check Details

Version: 2.1-43
Flags: --no-stop-on-test-error
Check: installed package size
Result: NOTE
     installed size is 5.7Mb
     sub-directories of 1Mb or more:
     libs 4.5Mb
Flavor: r-devel-linux-x86_64-fedora-gcc