CRAN Package Check Results for Package TAM

Last updated on 2017-11-23 00:47:55 CET.

Flavor Version Tinstall Tcheck Ttotal Status Flags
r-devel-linux-x86_64-debian-clang 2.8-21 70.98 164.75 235.73 OK
r-devel-linux-x86_64-debian-gcc 2.8-21 85.28 203.72 289.00 OK
r-devel-linux-x86_64-fedora-clang 2.8-21 327.49 OK
r-devel-linux-x86_64-fedora-gcc 2.8-21 352.41 NOTE
r-devel-windows-ix86+x86_64 2.8-21 228.00 201.00 429.00 OK
r-patched-linux-x86_64 2.8-21 73.80 99.73 173.53 OK
r-patched-solaris-x86 2.8-21 368.10 OK
r-release-linux-x86_64 2.8-21 74.45 97.72 172.16 OK
r-release-windows-ix86+x86_64 2.8-21 222.00 193.00 415.00 OK
r-release-osx-x86_64 2.8-21 OK
r-oldrel-windows-ix86+x86_64 2.8-21 210.00 178.00 388.00 OK
r-oldrel-osx-x86_64 2.8-21 OK

Check Details

Version: 2.8-21
Check: installed package size
Result: NOTE
     installed size is 6.7Mb
     sub-directories of 1Mb or more:
     libs 5.5Mb
Flavor: r-devel-linux-x86_64-fedora-gcc