CRAN Package Check Results for Package TANOVA

Last updated on 2014-10-21 14:48:30.

Flavor Version Tinstall Tcheck Ttotal Status Flags
r-devel-linux-x86_64-debian-clang 1.0.0 0.77 16.21 16.98 NOTE
r-devel-linux-x86_64-debian-gcc 1.0.0 0.75 15.85 16.60 NOTE
r-devel-linux-x86_64-fedora-clang 1.0.0 32.83 NOTE
r-devel-linux-x86_64-fedora-gcc 1.0.0 29.79 NOTE
r-devel-osx-x86_64-clang 1.0.0 34.72 OK
r-devel-windows-ix86+x86_64 1.0.0 2.00 20.00 22.00 OK
r-patched-linux-x86_64 1.0.0 1.08 16.39 17.46 NOTE
r-patched-solaris-sparc 1.0.0 208.70 OK
r-patched-solaris-x86 1.0.0 45.50 OK
r-release-linux-ix86 1.0.0 1.16 21.56 22.72 OK
r-release-linux-x86_64 1.0.0 0.76 16.38 17.13 NOTE
r-release-osx-x86_64-mavericks 1.0.0 OK
r-release-osx-x86_64-snowleopard 1.0.0 OK
r-release-windows-ix86+x86_64 1.0.0 3.00 25.00 28.00 OK
r-oldrel-windows-ix86+x86_64 1.0.0 3.00 23.00 26.00 OK

Check Details

Version: 1.0.0
Check: Rd line widths
Result: NOTE
    Rd file 'NANOVA.test.Rd':
     \usage lines wider than 90 characters:
     NANOVA.test2(data,f1,f2,type,time.course,equal.size=FALSE,B=100,robustify=FALSE,eb=FALSE,df=0)
    
    Rd file 'tanova.Rd':
     \usage lines wider than 90 characters:
     tanova(data, f1, f2, tp, B=100, FDR=0.05,robustify=FALSE, equal.size=FALSE, qt=-1, longitudinal=TRUE, test.type=0,eb=FALSE,df=0)
     gene.classifier1(data, f1, f2, B=100,FDR=0.05, robustify=FALSE, equal.size=FALSE, eb=FALSE,qt=-1)
     gene.classifier2(data, f1, f2, B=100,FDR=0.05, robustify=FALSE, equal.size=FALSE, time.course, qt=-1,eb=FALSE,df=1)
    
    These lines will be truncated in the PDF manual.
Flavors: r-devel-linux-x86_64-debian-clang, r-devel-linux-x86_64-debian-gcc, r-devel-linux-x86_64-fedora-clang, r-devel-linux-x86_64-fedora-gcc, r-patched-linux-x86_64, r-release-linux-x86_64