CRAN Package Check Results for Package TANOVA

Last updated on 2014-08-01 14:47:33.

Flavor Version Tinstall Tcheck Ttotal Status Flags
r-devel-linux-x86_64-debian-clang 1.0.0 0.74 15.79 16.54 OK
r-devel-linux-x86_64-debian-gcc 1.0.0 0.80 15.36 16.16 OK
r-devel-linux-x86_64-fedora-clang 1.0.0 31.78 NOTE
r-devel-linux-x86_64-fedora-gcc 1.0.0 30.80 NOTE
r-devel-osx-x86_64-clang 1.0.0 31.94 OK
r-devel-windows-ix86+x86_64 1.0.0 3.00 23.00 26.00 OK
r-patched-linux-x86_64 1.0.0 0.82 15.20 16.01 OK
r-patched-solaris-sparc 1.0.0 208.70 OK
r-patched-solaris-x86 1.0.0 44.70 OK
r-release-linux-ix86 1.0.0 1.08 21.51 22.59 OK
r-release-linux-x86_64 1.0.0 0.84 15.69 16.53 OK
r-release-osx-x86_64-mavericks 1.0.0 OK
r-release-osx-x86_64-snowleopard 1.0.0 OK
r-release-windows-ix86+x86_64 1.0.0 6.00 33.00 39.00 OK
r-oldrel-windows-ix86+x86_64 1.0.0 5.00 33.00 38.00 OK

Check Details

Version: 1.0.0
Check: Rd line widths
Result: NOTE
    Rd file 'NANOVA.test.Rd':
     \usage lines wider than 90 characters:
     NANOVA.test2(data,f1,f2,type,time.course,equal.size=FALSE,B=100,robustify=FALSE,eb=FALSE,df=0)
    
    Rd file 'tanova.Rd':
     \usage lines wider than 90 characters:
     tanova(data, f1, f2, tp, B=100, FDR=0.05,robustify=FALSE, equal.size=FALSE, qt=-1, longitudinal=TRUE, test.type=0,eb=FALSE,df=0)
     gene.classifier1(data, f1, f2, B=100,FDR=0.05, robustify=FALSE, equal.size=FALSE, eb=FALSE,qt=-1)
     gene.classifier2(data, f1, f2, B=100,FDR=0.05, robustify=FALSE, equal.size=FALSE, time.course, qt=-1,eb=FALSE,df=1)
    
    These lines will be truncated in the PDF manual.
Flavors: r-devel-linux-x86_64-fedora-clang, r-devel-linux-x86_64-fedora-gcc