CRAN Package Check Results for Package TANOVA

Last updated on 2016-02-10 21:47:34.

Flavor Version Tinstall Tcheck Ttotal Status Flags
r-devel-linux-x86_64-debian-gcc 1.0.0 0.66 14.37 15.02 NOTE
r-devel-linux-x86_64-fedora-clang 1.0.0 27.25 NOTE
r-devel-linux-x86_64-fedora-gcc 1.0.0 25.16 NOTE
r-devel-osx-x86_64-clang 1.0.0 29.44 NOTE
r-devel-windows-ix86+x86_64 1.0.0 5.00 42.00 47.00 NOTE
r-patched-linux-x86_64 1.0.0 0.82 14.93 15.75 NOTE
r-patched-solaris-sparc 1.0.0 165.10 NOTE
r-patched-solaris-x86 1.0.0 35.10 NOTE
r-release-linux-x86_64 1.0.0 0.76 14.77 15.53 NOTE
r-release-osx-x86_64-mavericks 1.0.0 NOTE
r-release-windows-ix86+x86_64 1.0.0 4.00 37.00 41.00 NOTE
r-oldrel-windows-ix86+x86_64 1.0.0 4.00 39.00 43.00 OK

Check Details

Version: 1.0.0
Check: DESCRIPTION meta-information
Result: NOTE
    Malformed Description field: should contain one or more complete sentences.
Flavors: r-devel-linux-x86_64-debian-gcc, r-devel-linux-x86_64-fedora-clang, r-devel-linux-x86_64-fedora-gcc, r-devel-osx-x86_64-clang, r-devel-windows-ix86+x86_64, r-patched-linux-x86_64, r-patched-solaris-sparc, r-patched-solaris-x86, r-release-linux-x86_64, r-release-osx-x86_64-mavericks, r-release-windows-ix86+x86_64

Version: 1.0.0
Check: S3 generic/method consistency
Result: NOTE
    Found the following apparent S3 methods exported but not registered:
     proj.data proj.dir proj.dir2
    See section ‘Registering S3 methods’ in the ‘Writing R Extensions’
    manual.
Flavors: r-devel-linux-x86_64-debian-gcc, r-devel-linux-x86_64-fedora-clang, r-devel-linux-x86_64-fedora-gcc, r-devel-osx-x86_64-clang, r-patched-linux-x86_64, r-patched-solaris-sparc, r-patched-solaris-x86, r-release-linux-x86_64

Version: 1.0.0
Check: R code for possible problems
Result: NOTE
    NANOVA.test: no visible global function definition for ‘ecdf’
    NANOVA.test2: no visible global function definition for ‘ecdf’
    NANOVA.test3: no visible global function definition for ‘ecdf’
    fdr.table: no visible global function definition for ‘median’
    fdr.table: no visible global function definition for ‘quantile’
    gene.classifier1: no visible global function definition for
     ‘write.table’
    Undefined global functions or variables:
     ecdf median quantile write.table
    Consider adding
     importFrom("stats", "ecdf", "median", "quantile")
     importFrom("utils", "write.table")
    to your NAMESPACE file.
Flavors: r-devel-linux-x86_64-debian-gcc, r-devel-linux-x86_64-fedora-clang, r-devel-linux-x86_64-fedora-gcc, r-devel-osx-x86_64-clang, r-devel-windows-ix86+x86_64

Version: 1.0.0
Check: Rd line widths
Result: NOTE
    Rd file 'NANOVA.test.Rd':
     \usage lines wider than 90 characters:
     NANOVA.test2(data,f1,f2,type,time.course,equal.size=FALSE,B=100,robustify=FALSE,eb=FALSE,df=0)
    
    Rd file 'tanova.Rd':
     \usage lines wider than 90 characters:
     tanova(data, f1, f2, tp, B=100, FDR=0.05,robustify=FALSE, equal.size=FALSE, qt=-1, longitudinal=TRUE, test.type=0,eb=FALSE,df=0)
     gene.classifier1(data, f1, f2, B=100,FDR=0.05, robustify=FALSE, equal.size=FALSE, eb=FALSE,qt=-1)
     gene.classifier2(data, f1, f2, B=100,FDR=0.05, robustify=FALSE, equal.size=FALSE, time.course, qt=-1,eb=FALSE,df=1)
    
    These lines will be truncated in the PDF manual.
Flavors: r-devel-linux-x86_64-debian-gcc, r-devel-linux-x86_64-fedora-clang, r-devel-linux-x86_64-fedora-gcc, r-patched-linux-x86_64, r-release-linux-x86_64