CRAN Package Check Results for Package TANOVA

Last updated on 2014-09-30 23:47:54.

Flavor Version Tinstall Tcheck Ttotal Status Flags
r-devel-linux-x86_64-debian-clang 1.0.0 0.80 15.68 16.49 NOTE
r-devel-linux-x86_64-debian-gcc 1.0.0 1.02 15.55 16.57 NOTE
r-devel-linux-x86_64-fedora-clang 1.0.0 32.11 NOTE
r-devel-linux-x86_64-fedora-gcc 1.0.0 32.39 NOTE
r-devel-osx-x86_64-clang 1.0.0 31.13 OK
r-devel-windows-ix86+x86_64 1.0.0 3.00 21.00 24.00 OK
r-patched-linux-x86_64 1.0.0 0.79 16.12 16.90 NOTE
r-patched-solaris-sparc 1.0.0 208.70 OK
r-patched-solaris-x86 1.0.0 45.00 OK
r-release-linux-ix86 1.0.0 1.11 21.69 22.80 OK
r-release-linux-x86_64 1.0.0 0.77 16.04 16.80 NOTE
r-release-osx-x86_64-mavericks 1.0.0 OK
r-release-osx-x86_64-snowleopard 1.0.0 OK
r-release-windows-ix86+x86_64 1.0.0 3.00 22.00 25.00 OK
r-oldrel-windows-ix86+x86_64 1.0.0 3.00 24.00 27.00 OK

Check Details

Version: 1.0.0
Check: Rd line widths
Result: NOTE
    Rd file 'NANOVA.test.Rd':
     \usage lines wider than 90 characters:
     NANOVA.test2(data,f1,f2,type,time.course,equal.size=FALSE,B=100,robustify=FALSE,eb=FALSE,df=0)
    
    Rd file 'tanova.Rd':
     \usage lines wider than 90 characters:
     tanova(data, f1, f2, tp, B=100, FDR=0.05,robustify=FALSE, equal.size=FALSE, qt=-1, longitudinal=TRUE, test.type=0,eb=FALSE,df=0)
     gene.classifier1(data, f1, f2, B=100,FDR=0.05, robustify=FALSE, equal.size=FALSE, eb=FALSE,qt=-1)
     gene.classifier2(data, f1, f2, B=100,FDR=0.05, robustify=FALSE, equal.size=FALSE, time.course, qt=-1,eb=FALSE,df=1)
    
    These lines will be truncated in the PDF manual.
Flavors: r-devel-linux-x86_64-debian-clang, r-devel-linux-x86_64-debian-gcc, r-devel-linux-x86_64-fedora-clang, r-devel-linux-x86_64-fedora-gcc, r-patched-linux-x86_64, r-release-linux-x86_64