CRAN Package Check Results for Package TANOVA

Last updated on 2014-04-23 20:47:23.

Flavor Version Tinstall Tcheck Ttotal Status Flags
r-devel-linux-x86_64-debian-clang 1.0.0 0.80 16.00 16.80 OK
r-devel-linux-x86_64-debian-gcc 1.0.0 0.90 15.73 16.63 OK
r-devel-linux-x86_64-fedora-clang 1.0.0 32.33 NOTE
r-devel-linux-x86_64-fedora-gcc 1.0.0 30.45 NOTE
r-devel-osx-x86_64-clang 1.0.0 29.15 OK
r-devel-osx-x86_64-gcc 1.0.0 OK
r-devel-windows-ix86+x86_64 1.0.0 3.00 23.00 26.00 OK
r-patched-linux-x86_64 1.0.0 0.88 15.95 16.82 OK
r-patched-solaris-sparc 1.0.0 174.40 OK
r-patched-solaris-x86 1.0.0 44.60 OK
r-release-linux-ix86 1.0.0 2.00 31.00 33.00 OK
r-release-linux-x86_64 1.0.0 0.78 15.84 16.62 OK
r-release-osx-x86_64-mavericks 1.0.0 WARN
r-release-osx-x86_64-snowleopard 1.0.0 OK
r-release-windows-ix86+x86_64 1.0.0 3.00 24.00 27.00 OK
r-oldrel-windows-ix86+x86_64 1.0.0 3.00 23.00 26.00 OK

Check Details

Version: 1.0.0
Check: Rd line widths
Result: NOTE
    Rd file 'NANOVA.test.Rd':
     \usage lines wider than 90 characters:
     NANOVA.test2(data,f1,f2,type,time.course,equal.size=FALSE,B=100,robustify=FALSE,eb=FALSE,df=0)
    
    Rd file 'tanova.Rd':
     \usage lines wider than 90 characters:
     tanova(data, f1, f2, tp, B=100, FDR=0.05,robustify=FALSE, equal.size=FALSE, qt=-1, longitudinal=TRUE, test.type=0,eb=FALSE,df=0)
     gene.classifier1(data, f1, f2, B=100,FDR=0.05, robustify=FALSE, equal.size=FALSE, eb=FALSE,qt=-1)
     gene.classifier2(data, f1, f2, B=100,FDR=0.05, robustify=FALSE, equal.size=FALSE, time.course, qt=-1,eb=FALSE,df=1)
    
    These lines will be truncated in the PDF manual.
Flavors: r-devel-linux-x86_64-fedora-clang, r-devel-linux-x86_64-fedora-gcc

Version: 1.0.0
Check: PDF version of manual
Result: WARNING
    LaTeX errors when creating PDF version.
    This typically indicates Rd problems.
    LaTeX errors found:
    ! LaTeX Error: File `upquote.sty' not found.
    
    Type X to quit or <RETURN> to proceed,
    or enter new name. (Default extension: sty)
    
    7efbe47/Rd2.tex:8: ==> Fatal error occurred, no output PDF file produced!
Flavor: r-release-osx-x86_64-mavericks