CRAN Package Check Results for Package TAShiny

Last updated on 2019-04-19 12:47:57 CEST.

Flavor Version Tinstall Tcheck Ttotal Status Flags
r-devel-linux-x86_64-debian-clang 0.1.0 1.38 16.12 17.50 OK
r-devel-linux-x86_64-debian-gcc 0.1.0 1.21 13.34 14.55 OK
r-devel-linux-x86_64-fedora-clang 0.1.0 21.47 NOTE
r-devel-linux-x86_64-fedora-gcc 0.1.0 20.35 NOTE
r-devel-windows-ix86+x86_64 0.1.0 5.00 28.00 33.00 OK
r-patched-linux-x86_64 0.1.0 1.56 16.30 17.86 OK
r-patched-solaris-x86 0.1.0 34.10 NOTE
r-release-linux-x86_64 0.1.0 0.80 15.28 16.08 OK
r-release-windows-ix86+x86_64 0.1.0 2.00 29.00 31.00 OK
r-release-osx-x86_64 0.1.0 NOTE
r-oldrel-windows-ix86+x86_64 0.1.0 5.00 66.00 71.00 OK
r-oldrel-osx-x86_64 0.1.0 NOTE

Check Details

Version: 0.1.0
Check: dependencies in R code
Result: NOTE
    Namespaces in Imports field not imported from:
     ‘SnowballC’ ‘dplyr’ ‘igraph’ ‘tm’ ‘wordcloud2’
     All declared Imports should be used.
Flavors: r-devel-linux-x86_64-fedora-clang, r-devel-linux-x86_64-fedora-gcc, r-patched-solaris-x86, r-release-osx-x86_64, r-oldrel-osx-x86_64