CRAN Package Check Results for Package TAShiny

Last updated on 2019-02-23 03:57:34 CET.

Flavor Version Tinstall Tcheck Ttotal Status Flags
r-devel-linux-x86_64-debian-clang 0.1.0 1.03 16.58 17.61 OK
r-devel-linux-x86_64-debian-gcc 0.1.0 0.92 13.56 14.48 OK
r-devel-linux-x86_64-fedora-clang 0.1.0 22.60 NOTE
r-devel-linux-x86_64-fedora-gcc 0.1.0 20.84 NOTE
r-devel-windows-ix86+x86_64 0.1.0 4.00 28.00 32.00 OK
r-patched-linux-x86_64 0.1.0 0.83 15.55 16.38 OK
r-patched-solaris-x86 0.1.0 30.80 NOTE
r-release-linux-x86_64 0.1.0 OK
r-release-windows-ix86+x86_64 0.1.0 3.00 110.00 113.00 OK
r-release-osx-x86_64 0.1.0 NOTE
r-oldrel-windows-ix86+x86_64 0.1.0 2.00 33.00 35.00 OK
r-oldrel-osx-x86_64 0.1.0 NOTE

Check Details

Version: 0.1.0
Check: dependencies in R code
Result: NOTE
    Namespaces in Imports field not imported from:
     ‘SnowballC’ ‘dplyr’ ‘igraph’ ‘tm’ ‘wordcloud2’
     All declared Imports should be used.
Flavors: r-devel-linux-x86_64-fedora-clang, r-devel-linux-x86_64-fedora-gcc, r-patched-solaris-x86, r-release-osx-x86_64, r-oldrel-osx-x86_64