CRAN Package Check Results for Package TAShiny

Last updated on 2019-08-21 03:51:00 CEST.

Flavor Version Tinstall Tcheck Ttotal Status Flags
r-devel-linux-x86_64-debian-clang 0.1.0 1.71 16.57 18.28 OK
r-devel-linux-x86_64-debian-gcc 0.1.0 1.44 13.53 14.97 OK
r-devel-linux-x86_64-fedora-clang 0.1.0 23.90 NOTE
r-devel-linux-x86_64-fedora-gcc 0.1.0 21.85 NOTE
r-devel-windows-ix86+x86_64 0.1.0 8.00 44.00 52.00 OK
r-patched-linux-x86_64 0.1.0 1.50 16.27 17.77 OK
r-patched-solaris-x86 0.1.0 35.40 NOTE
r-release-linux-x86_64 0.1.0 1.41 16.55 17.96 OK
r-release-windows-ix86+x86_64 0.1.0 5.00 29.00 34.00 OK
r-release-osx-x86_64 0.1.0 NOTE
r-oldrel-windows-ix86+x86_64 0.1.0 5.00 35.00 40.00 OK
r-oldrel-osx-x86_64 0.1.0 NOTE

Check Details

Version: 0.1.0
Check: dependencies in R code
Result: NOTE
    Namespaces in Imports field not imported from:
     ‘SnowballC’ ‘dplyr’ ‘igraph’ ‘tm’ ‘wordcloud2’
     All declared Imports should be used.
Flavors: r-devel-linux-x86_64-fedora-clang, r-devel-linux-x86_64-fedora-gcc, r-patched-solaris-x86, r-release-osx-x86_64, r-oldrel-osx-x86_64