CRAN Package Check Results for Package TBSSurvival

Last updated on 2015-08-28 19:47:34.

Flavor Version Tinstall Tcheck Ttotal Status Flags
r-devel-linux-x86_64-debian-clang 1.2 0.86 30.60 31.46 NOTE
r-devel-linux-x86_64-debian-gcc 1.2 0.88 30.08 30.97 NOTE
r-devel-linux-x86_64-fedora-clang 1.2 61.92 NOTE
r-devel-linux-x86_64-fedora-gcc 1.2 59.21 NOTE
r-devel-osx-x86_64-clang 1.2 53.69 OK
r-devel-windows-ix86+x86_64 1.2 7.00 57.00 64.00 NOTE
r-patched-linux-x86_64 1.2 0.96 32.70 33.66 OK
r-patched-solaris-sparc 1.2 399.80 OK
r-patched-solaris-x86 1.2 80.50 OK
r-release-linux-x86_64 1.2 1.03 31.00 32.03 OK
r-release-osx-x86_64-mavericks 1.2 OK
r-release-windows-ix86+x86_64 1.2 5.00 58.00 63.00 OK
r-oldrel-windows-ix86+x86_64 1.2 9.00 74.00 83.00 OK

Check Details

Version: 1.2
Check: R code for possible problems
Result: NOTE
    .dunif.exp: no visible global function definition for ‘dunif’
    .dunif.exp: no visible global function definition for ‘dexp’
    .logpost: no visible global function definition for ‘dnorm’
    .pt2: no visible global function definition for ‘pbeta’
    .qt2: no visible global function definition for ‘qbeta’
    .rlogis2: no visible global function definition for ‘runif’
    .rt2: no visible global function definition for ‘runif’
    .tbs.survreg: no visible global function definition for ‘model.frame’
    .tbs.survreg: no visible global function definition for ‘model.matrix’
    .tbs.survreg: no visible global function definition for
     ‘model.response’
    .tbs.survreg: no visible global function definition for ‘runif’
    .tbs.survreg: no visible global function definition for ‘optim’
    dist.error : <anonymous>: no visible global function definition for
     ‘dnorm’
    dist.error : <anonymous>: no visible global function definition for
     ‘pnorm’
    dist.error : <anonymous>: no visible global function definition for
     ‘qnorm’
    dist.error : <anonymous>: no visible global function definition for
     ‘rnorm’
    dist.error : <anonymous>: no visible global function definition for
     ‘dcauchy’
    dist.error : <anonymous>: no visible global function definition for
     ‘pcauchy’
    dist.error : <anonymous>: no visible global function definition for
     ‘qcauchy’
    dist.error : <anonymous>: no visible global function definition for
     ‘rcauchy’
    dist.error : <anonymous>: no visible global function definition for
     ‘dlogis’
    dist.error : <anonymous>: no visible global function definition for
     ‘plogis’
    dist.error : <anonymous>: no visible global function definition for
     ‘qlogis’
    dist.error : <anonymous>: no visible global function definition for
     ‘rlogis’
    lines.tbs.survreg.be: no visible global function definition for ‘lines’
    lines.tbs.survreg.be: no visible binding for global variable ‘quantile’
    lines.tbs.survreg.mle: no visible global function definition for
     ‘lines’
    plot.tbs.survreg.be: no visible global function definition for ‘plot’
    plot.tbs.survreg.be: no visible binding for global variable ‘quantile’
    plot.tbs.survreg.be: no visible global function definition for ‘lines’
    plot.tbs.survreg.be: no visible global function definition for ‘hist’
    plot.tbs.survreg.be: no visible global function definition for ‘par’
    plot.tbs.survreg.be: no visible global function definition for ‘acf’
    plot.tbs.survreg.be: no visible global function definition for ‘ts’
    plot.tbs.survreg.mle: no visible global function definition for ‘plot’
    plot.tbs.survreg.mle: no visible global function definition for ‘lines’
    plot.tbs.survreg.mle: no visible global function definition for ‘hist’
    plot.tbs.survreg.mle: no visible global function definition for
     ‘qqplot’
    plot.tbs.survreg.mle: no visible global function definition for
     ‘ppoints’
    plot.tbs.survreg.mle: no visible global function definition for
     ‘qqline’
    summary.tbs.survreg.mle: no visible global function definition for
     ‘pnorm’
    tbs.survreg.be: no visible global function definition for ‘model.frame’
    tbs.survreg.be: no visible global function definition for
     ‘model.matrix’
    tbs.survreg.be: no visible global function definition for
     ‘model.response’
    tbs.survreg.be: no visible global function definition for ‘sd’
    tbs.survreg.be: no visible binding for global variable ‘sd’
    Undefined global functions or variables:
     acf dcauchy dexp dlogis dnorm dunif hist lines model.frame
     model.matrix model.response optim par pbeta pcauchy plogis plot pnorm
     ppoints qbeta qcauchy qlogis qnorm qqline qqplot quantile rcauchy
     rlogis rnorm runif sd ts
    Consider adding
     importFrom("graphics", "hist", "lines", "par", "plot")
     importFrom("stats", "acf", "dcauchy", "dexp", "dlogis", "dnorm",
     "dunif", "model.frame", "model.matrix", "model.response",
     "optim", "pbeta", "pcauchy", "plogis", "pnorm", "ppoints",
     "qbeta", "qcauchy", "qlogis", "qnorm", "qqline", "qqplot",
     "quantile", "rcauchy", "rlogis", "rnorm", "runif", "sd",
     "ts")
    to your NAMESPACE.
Flavors: r-devel-linux-x86_64-debian-clang, r-devel-linux-x86_64-debian-gcc, r-devel-linux-x86_64-fedora-clang, r-devel-linux-x86_64-fedora-gcc, r-devel-windows-ix86+x86_64