CRAN Package Check Results for Package TBSSurvival

Last updated on 2015-01-28 17:55:31.

Flavor Version Tinstall Tcheck Ttotal Status Flags
r-devel-linux-x86_64-debian-clang 1.2 1.12 31.78 32.90 OK
r-devel-linux-x86_64-debian-gcc 1.2 0.98 31.76 32.74 OK
r-devel-linux-x86_64-fedora-clang 1.2 76.38 OK
r-devel-linux-x86_64-fedora-gcc 1.2 68.47 OK
r-devel-osx-x86_64-clang 1.2 68.01 OK
r-devel-windows-ix86+x86_64 1.2 5.00 54.00 59.00 OK
r-patched-linux-x86_64 1.2 1.59 37.14 38.74 OK
r-patched-solaris-sparc 1.2 413.60 OK
r-patched-solaris-x86 1.2 98.20 OK
r-release-linux-ix86 1.2 1.90 46.99 48.90 OK
r-release-linux-x86_64 1.2 1.48 36.95 38.43 OK
r-release-osx-x86_64-mavericks 1.2 OK
r-release-osx-x86_64-snowleopard 1.2 OK
r-release-windows-ix86+x86_64 1.2 7.00 70.00 77.00 OK
r-oldrel-windows-ix86+x86_64 1.1 6.00 68.00 74.00 NOTE

Check Details

Version: 1.1
Check: dependencies in R code
Result: NOTE
    Packages in Depends field not imported from:
     'BMS' 'R.utils' 'coda' 'mcmc' 'normalp' 'survival'
     These packages need to be imported from (in the NAMESPACE file)
     for when this namespace is loaded but not attached.
    See the information on DESCRIPTION files in the chapter 'Creating R
    packages' of the 'Writing R Extensions' manual.
Flavor: r-oldrel-windows-ix86+x86_64