CRAN Package Check Results for Package TCHazaRds

Last updated on 2024-06-13 01:58:08 CEST.

Flavor Version Tinstall Tcheck Ttotal Status Flags
r-devel-linux-x86_64-debian-clang 1.0 54.72 375.64 430.36 OK
r-devel-linux-x86_64-debian-gcc 1.0 40.25 270.01 310.26 NOTE
r-devel-linux-x86_64-fedora-clang 1.0 531.49 OK
r-devel-linux-x86_64-fedora-gcc 1.0 519.94 OK
r-devel-windows-x86_64 1.0 42.00 461.00 503.00 OK
r-patched-linux-x86_64 1.0 46.44 351.35 397.79 OK
r-release-linux-x86_64 1.0 49.92 363.71 413.63 OK
r-release-macos-arm64 1.0 112.00 OK
r-release-macos-x86_64 1.0 206.00 OK
r-release-windows-x86_64 1.0 42.00 457.00 499.00 OK
r-oldrel-macos-arm64 1.0 123.00 OK
r-oldrel-macos-x86_64 1.0 324.00 OK
r-oldrel-windows-x86_64 1.0 55.00 353.00 408.00 OK

Check Details

Version: 1.0
Check: package dependencies
Result: NOTE Package suggested but not available for checking: ‘testthat’ Flavor: r-devel-linux-x86_64-debian-gcc