CRAN Package Check Results for Package TDAmapper

Last updated on 2019-06-20 04:52:10 CEST.

Flavor Version Tinstall Tcheck Ttotal Status Flags
r-devel-linux-x86_64-debian-clang 1.0 1.83 17.07 18.90 NOTE
r-devel-linux-x86_64-debian-gcc 1.0 1.28 13.96 15.24 NOTE
r-devel-linux-x86_64-fedora-clang 1.0 23.15 NOTE
r-devel-linux-x86_64-fedora-gcc 1.0 22.28 NOTE
r-devel-windows-ix86+x86_64 1.0 8.00 39.00 47.00 NOTE
r-patched-linux-x86_64 1.0 1.44 17.30 18.74 NOTE
r-patched-solaris-x86 1.0 36.60 NOTE
r-release-linux-x86_64 1.0 1.58 17.24 18.82 NOTE
r-release-windows-ix86+x86_64 1.0 6.00 36.00 42.00 NOTE
r-release-osx-x86_64 1.0 NOTE
r-oldrel-windows-ix86+x86_64 1.0 2.00 37.00 39.00 NOTE
r-oldrel-osx-x86_64 1.0 NOTE

Check Details

Version: 1.0
Check: R code for possible problems
Result: NOTE
    cluster_cutoff_at_first_empty_bin: no visible global function
     definition for 'hist'
    mapper1D: no visible global function definition for 'dist'
    mapper1D: no visible global function definition for 'as.dist'
    mapper1D: no visible global function definition for 'hclust'
    mapper1D: no visible global function definition for 'cutree'
    mapper2D: no visible global function definition for 'dist'
    mapper2D: no visible global function definition for 'as.dist'
    mapper2D: no visible global function definition for 'hclust'
    mapper2D: no visible global function definition for 'cutree'
    Undefined global functions or variables:
     as.dist cutree dist hclust hist
    Consider adding
     importFrom("graphics", "hist")
     importFrom("stats", "as.dist", "cutree", "dist", "hclust")
    to your NAMESPACE file.
Flavors: r-devel-linux-x86_64-debian-clang, r-devel-linux-x86_64-debian-gcc, r-devel-linux-x86_64-fedora-clang, r-devel-linux-x86_64-fedora-gcc, r-devel-windows-ix86+x86_64, r-patched-linux-x86_64, r-patched-solaris-x86, r-release-linux-x86_64, r-release-windows-ix86+x86_64, r-release-osx-x86_64, r-oldrel-windows-ix86+x86_64, r-oldrel-osx-x86_64