CRAN Package Check Results for Package TDD

Last updated on 2014-04-16 18:47:57.

Flavor Version Tinstall Tcheck Ttotal Status Flags
r-devel-linux-x86_64-debian-clang 0.4 1.01 18.94 19.95 NOTE
r-devel-linux-x86_64-debian-gcc 0.4 1.08 19.09 20.18 NOTE
r-devel-linux-x86_64-fedora-clang 0.4 40.50 NOTE
r-devel-linux-x86_64-fedora-gcc 0.4 38.17 NOTE
r-devel-macosx-x86_64-clang 0.4 40.35 NOTE
r-devel-macosx-x86_64-gcc 0.4 NOTE
r-devel-windows-ix86+x86_64 0.4 4.00 31.00 35.00 NOTE
r-patched-linux-x86_64 0.4 1.06 19.36 20.42 NOTE
r-patched-solaris-sparc 0.4 228.10 NOTE
r-patched-solaris-x86 0.4 55.70 NOTE
r-release-linux-ix86 0.4 3.00 38.00 41.00 NOTE
r-release-linux-x86_64 0.4 1.08 19.05 20.13 NOTE
r-release-macosx-x86_64 0.4 OK
r-release-windows-ix86+x86_64 0.4 4.00 29.00 33.00 NOTE
r-oldrel-windows-ix86+x86_64 0.4 4.00 35.00 39.00 NOTE

Check Details

Version: 0.4
Check: dependencies in R code
Result: NOTE
    Packages in Depends field not imported from:
     ‘RSEIS’ ‘pracma’ ‘signal’
     These packages need to be imported from (in the NAMESPACE file)
     for when this namespace is loaded but not attached.
    See the information on DESCRIPTION files in the chapter ‘Creating R
    packages’ of the ‘Writing R Extensions’ manual.
Flavors: r-devel-linux-x86_64-debian-clang, r-devel-linux-x86_64-debian-gcc, r-devel-linux-x86_64-fedora-clang, r-devel-linux-x86_64-fedora-gcc, r-devel-macosx-x86_64-clang, r-devel-macosx-x86_64-gcc, r-devel-windows-ix86+x86_64, r-patched-linux-x86_64, r-patched-solaris-sparc, r-patched-solaris-x86, r-release-linux-ix86, r-release-linux-x86_64, r-release-windows-ix86+x86_64, r-oldrel-windows-ix86+x86_64