CRAN Package Check Results for Package TDD

Last updated on 2015-07-03 16:47:41.

Flavor Version Tinstall Tcheck Ttotal Status Flags
r-devel-linux-x86_64-debian-clang 0.4 0.84 16.26 17.10 NOTE
r-devel-linux-x86_64-debian-gcc 0.4 0.78 15.23 16.00 NOTE
r-devel-linux-x86_64-fedora-clang 0.4 30.45 NOTE
r-devel-linux-x86_64-fedora-gcc 0.4 29.72 NOTE
r-devel-osx-x86_64-clang 0.4 29.87 NOTE
r-devel-windows-ix86+x86_64 0.4 3.00 27.00 30.00 NOTE
r-patched-linux-x86_64 0.4 0.84 15.74 16.58 NOTE
r-patched-solaris-sparc 0.4 217.40 NOTE
r-patched-solaris-x86 0.4 47.70 NOTE
r-release-linux-x86_64 0.4 1.03 16.43 17.46 NOTE
r-release-osx-x86_64-mavericks 0.4 NOTE
r-release-windows-ix86+x86_64 0.4 5.00 30.00 35.00 NOTE
r-oldrel-windows-ix86+x86_64 0.4 6.00 32.00 38.00 NOTE

Check Details

Version: 0.4
Check: dependencies in R code
Result: NOTE
    Packages in Depends field not imported from:
     ‘RSEIS’ ‘pracma’ ‘signal’
     These packages need to be imported from (in the NAMESPACE file)
     for when this namespace is loaded but not attached.
Flavors: r-devel-linux-x86_64-debian-clang, r-devel-linux-x86_64-debian-gcc, r-devel-linux-x86_64-fedora-clang, r-devel-linux-x86_64-fedora-gcc, r-devel-osx-x86_64-clang, r-devel-windows-ix86+x86_64, r-patched-linux-x86_64, r-patched-solaris-sparc, r-patched-solaris-x86, r-release-linux-x86_64, r-release-osx-x86_64-mavericks, r-release-windows-ix86+x86_64, r-oldrel-windows-ix86+x86_64

Version: 0.4
Check: R code for possible problems
Result: NOTE
    CalcCorners: no visible global function definition for ‘abline’
    ConvDiffCoef: no visible global function definition for ‘pascal’
    ConvolveTrace: no visible global function definition for ‘filter’
    DeconTrace: no visible global function definition for ‘as.Zpg’
    DeconTrace: no visible global function definition for ‘butter’
    DeconTrace: no visible global function definition for ‘filter’
    GetDPZ: Error while checking: invalid ‘envir’ argument
    MakeDPZ: no visible global function definition for ‘bilinear’
    MakeDPZ: no visible global function definition for ‘fft’
    MakeDPZ: no visible global function definition for ‘lines’
    MakeDPZ: no visible global function definition for ‘legend’
    MatchCoefDPZ : CalcMisfit: no visible global function definition for
     ‘fft’
    MatchCoefDPZ : CalcMisfit: no visible global function definition for
     ‘filter’
    MatchCoefDPZ : generate: no visible global function definition for
     ‘runif’
    MatchCoefDPZ : generate: no visible global function definition for
     ‘rnorm’
    MatchCoefDPZ: no visible global function definition for ‘fft’
    MatchCoefDPZ: no visible global function definition for ‘filter’
    MatchCoefDPZ: no visible global function definition for ‘Zpg’
    MatchCoefDPZ: no visible global function definition for ‘plot’
    MatchCoefDPZ: no visible global function definition for ‘lines’
    MatchCoefDPZ: no visible global function definition for ‘abline’
    Metropolis: no visible global function definition for ‘runif’
    PZ2Coef: no visible global function definition for ‘Poly’
    PZ2Resp: no visible global function definition for ‘plot’
    PlotResp: no visible global function definition for ‘fft’
    PlotResp: no visible global function definition for ‘filter’
    PlotResp: no visible global function definition for ‘plot’
    PlotResp: no visible global function definition for ‘lines’
    Undefined global functions or variables:
     Poly Zpg abline as.Zpg bilinear butter fft filter legend lines pascal
     plot rnorm runif
Flavors: r-devel-linux-x86_64-debian-clang, r-devel-linux-x86_64-debian-gcc, r-devel-linux-x86_64-fedora-clang, r-devel-linux-x86_64-fedora-gcc, r-devel-windows-ix86+x86_64

Version: 0.4
Check: R code for possible problems
Result: NOTE
    ConvDiffCoef: no visible global function definition for ‘pascal’
    DeconTrace: no visible global function definition for ‘as.Zpg’
    DeconTrace: no visible global function definition for ‘butter’
    MakeDPZ: no visible global function definition for ‘bilinear’
    MatchCoefDPZ: no visible global function definition for ‘Zpg’
    PZ2Coef: no visible global function definition for ‘Poly’
    Undefined global functions or variables:
     Poly Zpg as.Zpg bilinear butter pascal
Flavor: r-devel-osx-x86_64-clang

Version: 0.4
Check: R code for possible problems
Result: NOTE
    ConvDiffCoef: no visible global function definition for ‘pascal’
    DeconTrace: no visible global function definition for ‘as.Zpg’
    DeconTrace: no visible global function definition for ‘butter’
    MakeDPZ: no visible global function definition for ‘bilinear’
    MatchCoefDPZ: no visible global function definition for ‘Zpg’
    PZ2Coef: no visible global function definition for ‘Poly’
Flavors: r-patched-linux-x86_64, r-patched-solaris-sparc, r-patched-solaris-x86, r-release-linux-x86_64, r-release-osx-x86_64-mavericks, r-release-windows-ix86+x86_64, r-oldrel-windows-ix86+x86_64