CRAN Package Check Results for Package TDD

Last updated on 2015-04-27 08:48:26.

Flavor Version Tinstall Tcheck Ttotal Status Flags
r-devel-linux-x86_64-debian-clang 0.4 0.80 17.56 18.36 NOTE
r-devel-linux-x86_64-debian-gcc 0.4 0.86 15.79 16.65 NOTE
r-devel-linux-x86_64-fedora-clang 0.4 32.54 NOTE
r-devel-linux-x86_64-fedora-gcc 0.4 30.65 NOTE
r-devel-osx-x86_64-clang 0.4 33.24 NOTE
r-devel-windows-ix86+x86_64 0.4 4.00 43.00 47.00 NOTE
r-patched-linux-x86_64 0.4 1.13 16.04 17.16 NOTE
r-patched-solaris-sparc 0.4 222.80 NOTE
r-patched-solaris-x86 0.4 48.70 NOTE
r-release-linux-x86_64 0.4 0.78 15.88 16.66 NOTE
r-release-osx-x86_64-mavericks 0.4 NOTE
r-release-osx-x86_64-snowleopard 0.4 NOTE
r-release-windows-ix86+x86_64 0.4 4.00 29.00 33.00 NOTE
r-oldrel-windows-ix86+x86_64 0.4 4.00 44.00 48.00 NOTE

Check Details

Version: 0.4
Check: dependencies in R code
Result: NOTE
    Packages in Depends field not imported from:
     ‘RSEIS’ ‘pracma’ ‘signal’
     These packages need to be imported from (in the NAMESPACE file)
     for when this namespace is loaded but not attached.
Flavors: r-devel-linux-x86_64-debian-clang, r-devel-linux-x86_64-debian-gcc, r-devel-linux-x86_64-fedora-clang, r-devel-linux-x86_64-fedora-gcc, r-devel-osx-x86_64-clang, r-devel-windows-ix86+x86_64, r-patched-solaris-sparc, r-patched-solaris-x86, r-release-osx-x86_64-mavericks, r-release-osx-x86_64-snowleopard, r-release-windows-ix86+x86_64, r-oldrel-windows-ix86+x86_64

Version: 0.4
Check: R code for possible problems
Result: NOTE
    ConvDiffCoef: no visible global function definition for ‘pascal’
    DeconTrace: no visible global function definition for ‘as.Zpg’
    DeconTrace: no visible global function definition for ‘butter’
    MakeDPZ: no visible global function definition for ‘bilinear’
    MatchCoefDPZ: no visible global function definition for ‘Zpg’
    PZ2Coef: no visible global function definition for ‘Poly’
Flavors: r-devel-linux-x86_64-debian-clang, r-devel-linux-x86_64-debian-gcc, r-devel-linux-x86_64-fedora-clang, r-devel-linux-x86_64-fedora-gcc, r-devel-osx-x86_64-clang, r-devel-windows-ix86+x86_64, r-patched-solaris-sparc, r-patched-solaris-x86, r-release-osx-x86_64-mavericks, r-release-osx-x86_64-snowleopard, r-release-windows-ix86+x86_64, r-oldrel-windows-ix86+x86_64