CRAN Package Check Results for Package TDD

Last updated on 2014-07-25 21:48:01.

Flavor Version Tinstall Tcheck Ttotal Status Flags
r-devel-linux-x86_64-debian-clang 0.4 1.17 18.09 19.26 NOTE
r-devel-linux-x86_64-debian-gcc 0.4 0.95 17.80 18.76 NOTE
r-devel-linux-x86_64-fedora-clang 0.4 39.22 NOTE
r-devel-linux-x86_64-fedora-gcc 0.4 36.53 NOTE
r-devel-osx-x86_64-clang 0.4 38.66 NOTE
r-devel-windows-ix86+x86_64 0.4 4.00 31.00 35.00 NOTE
r-patched-linux-x86_64 0.4 1.20 18.43 19.64 NOTE
r-patched-solaris-sparc 0.4 228.10 NOTE
r-patched-solaris-x86 0.4 52.90 NOTE
r-release-linux-ix86 0.4 1.42 28.01 29.43 NOTE
r-release-linux-x86_64 0.4 0.96 19.12 20.08 NOTE
r-release-osx-x86_64-mavericks 0.4 NOTE
r-release-osx-x86_64-snowleopard 0.4 OK
r-release-windows-ix86+x86_64 0.4 4.00 32.00 36.00 NOTE
r-oldrel-windows-ix86+x86_64 0.4 5.00 32.00 37.00 NOTE

Check Details

Version: 0.4
Check: dependencies in R code
Result: NOTE
    Packages in Depends field not imported from:
     ‘RSEIS’ ‘pracma’ ‘signal’
     These packages need to be imported from (in the NAMESPACE file)
     for when this namespace is loaded but not attached.
    See the information on DESCRIPTION files in the chapter ‘Creating R
    packages’ of the ‘Writing R Extensions’ manual.
Flavors: r-devel-linux-x86_64-debian-clang, r-devel-linux-x86_64-debian-gcc, r-devel-linux-x86_64-fedora-clang, r-devel-linux-x86_64-fedora-gcc, r-devel-osx-x86_64-clang, r-devel-windows-ix86+x86_64, r-patched-linux-x86_64, r-patched-solaris-sparc, r-patched-solaris-x86, r-release-linux-ix86, r-release-linux-x86_64, r-release-osx-x86_64-mavericks, r-release-windows-ix86+x86_64, r-oldrel-windows-ix86+x86_64