CRAN Package Check Results for Package TDD

Last updated on 2015-01-31 05:48:58.

Flavor Version Tinstall Tcheck Ttotal Status Flags
r-devel-linux-x86_64-debian-clang 0.4 0.84 16.61 17.45 NOTE
r-devel-linux-x86_64-debian-gcc 0.4 0.85 15.88 16.73 NOTE
r-devel-linux-x86_64-fedora-clang 0.4 35.39 NOTE
r-devel-linux-x86_64-fedora-gcc 0.4 34.96 NOTE
r-devel-osx-x86_64-clang 0.4 40.01 NOTE
r-devel-windows-ix86+x86_64 0.4 7.00 28.00 35.00 NOTE
r-patched-linux-x86_64 0.4 1.00 18.89 19.89 NOTE
r-patched-solaris-sparc 0.4 244.00 NOTE
r-patched-solaris-x86 0.4 55.80 NOTE
r-release-linux-ix86 0.4 1.36 26.25 27.60 NOTE
r-release-linux-x86_64 0.4 0.96 19.34 20.30 NOTE
r-release-osx-x86_64-mavericks 0.4 NOTE
r-release-osx-x86_64-snowleopard 0.4 OK
r-release-windows-ix86+x86_64 0.4 5.00 34.00 39.00 NOTE
r-oldrel-windows-ix86+x86_64 0.4 5.00 35.00 40.00 NOTE

Check Details

Version: 0.4
Check: dependencies in R code
Result: NOTE
    Packages in Depends field not imported from:
     ‘RSEIS’ ‘pracma’ ‘signal’
     These packages need to be imported from (in the NAMESPACE file)
     for when this namespace is loaded but not attached.
Flavors: r-devel-linux-x86_64-debian-clang, r-devel-linux-x86_64-debian-gcc, r-devel-linux-x86_64-fedora-clang, r-devel-linux-x86_64-fedora-gcc, r-devel-osx-x86_64-clang, r-devel-windows-ix86+x86_64

Version: 0.4
Check: R code for possible problems
Result: NOTE
    ConvDiffCoef: no visible global function definition for ‘pascal’
    DeconTrace: no visible global function definition for ‘as.Zpg’
    DeconTrace: no visible global function definition for ‘butter’
    MakeDPZ: no visible global function definition for ‘bilinear’
    MatchCoefDPZ: no visible global function definition for ‘Zpg’
    PZ2Coef: no visible global function definition for ‘Poly’
Flavors: r-devel-linux-x86_64-debian-clang, r-devel-linux-x86_64-debian-gcc, r-devel-linux-x86_64-fedora-clang, r-devel-linux-x86_64-fedora-gcc, r-devel-osx-x86_64-clang, r-devel-windows-ix86+x86_64, r-patched-linux-x86_64, r-patched-solaris-sparc, r-patched-solaris-x86, r-release-linux-ix86, r-release-linux-x86_64, r-release-osx-x86_64-mavericks, r-release-windows-ix86+x86_64

Version: 0.4
Check: dependencies in R code
Result: NOTE
    Packages in Depends field not imported from:
     ‘RSEIS’ ‘pracma’ ‘signal’
     These packages need to be imported from (in the NAMESPACE file)
     for when this namespace is loaded but not attached.
    See the information on DESCRIPTION files in the chapter ‘Creating R
    packages’ of the ‘Writing R Extensions’ manual.
Flavors: r-patched-linux-x86_64, r-patched-solaris-sparc, r-patched-solaris-x86, r-release-linux-ix86, r-release-linux-x86_64, r-release-osx-x86_64-mavericks, r-release-windows-ix86+x86_64, r-oldrel-windows-ix86+x86_64