CRAN Package Check Results for Package TDD

Last updated on 2014-10-24 09:55:07.

Flavor Version Tinstall Tcheck Ttotal Status Flags
r-devel-linux-x86_64-debian-clang 0.4 1.05 18.93 19.98 NOTE
r-devel-linux-x86_64-debian-gcc 0.4 1.07 19.38 20.46 NOTE
r-devel-linux-x86_64-fedora-clang 0.4 38.66 NOTE
r-devel-linux-x86_64-fedora-gcc 0.4 37.68 NOTE
r-devel-osx-x86_64-clang 0.4 38.08 NOTE
r-devel-windows-ix86+x86_64 0.4 5.00 31.00 36.00 NOTE
r-patched-linux-x86_64 0.4 1.14 18.75 19.89 NOTE
r-patched-solaris-sparc 0.4 222.30 NOTE
r-patched-solaris-x86 0.4 57.80 NOTE
r-release-linux-ix86 0.4 1.39 26.72 28.12 NOTE
r-release-linux-x86_64 0.4 0.98 19.02 20.00 NOTE
r-release-osx-x86_64-mavericks 0.4 NOTE
r-release-osx-x86_64-snowleopard 0.4 OK
r-release-windows-ix86+x86_64 0.4 4.00 32.00 36.00 NOTE
r-oldrel-windows-ix86+x86_64 0.4 5.00 36.00 41.00 NOTE

Check Details

Version: 0.4
Check: dependencies in R code
Result: NOTE
    Packages in Depends field not imported from:
     ‘RSEIS’ ‘pracma’ ‘signal’
     These packages need to be imported from (in the NAMESPACE file)
     for when this namespace is loaded but not attached.
    See the information on DESCRIPTION files in the chapter ‘Creating R
    packages’ of the ‘Writing R Extensions’ manual.
Flavors: r-devel-linux-x86_64-debian-clang, r-devel-linux-x86_64-debian-gcc, r-devel-linux-x86_64-fedora-clang, r-devel-linux-x86_64-fedora-gcc, r-devel-osx-x86_64-clang, r-devel-windows-ix86+x86_64, r-patched-linux-x86_64, r-patched-solaris-sparc, r-patched-solaris-x86, r-release-linux-ix86, r-release-linux-x86_64, r-release-osx-x86_64-mavericks, r-release-windows-ix86+x86_64, r-oldrel-windows-ix86+x86_64

Version: 0.4
Check: R code for possible problems
Result: NOTE
    ConvDiffCoef: no visible global function definition for ‘pascal’
    DeconTrace: no visible global function definition for ‘as.Zpg’
    DeconTrace: no visible global function definition for ‘butter’
    MakeDPZ: no visible global function definition for ‘bilinear’
    MatchCoefDPZ: no visible global function definition for ‘Zpg’
    PZ2Coef: no visible global function definition for ‘Poly’
Flavors: r-devel-linux-x86_64-debian-clang, r-devel-linux-x86_64-debian-gcc, r-devel-linux-x86_64-fedora-clang, r-devel-linux-x86_64-fedora-gcc, r-devel-osx-x86_64-clang, r-devel-windows-ix86+x86_64, r-patched-linux-x86_64, r-patched-solaris-sparc, r-patched-solaris-x86