CRAN Package Check Results for Package TDMR

Last updated on 2015-05-30 06:47:04.

Flavor Version Tinstall Tcheck Ttotal Status Flags
r-devel-linux-x86_64-debian-clang 1.3 2.22 38.20 40.41 OK
r-devel-linux-x86_64-debian-gcc 1.3 1.76 39.02 40.78 OK
r-devel-linux-x86_64-fedora-clang 1.3 75.52 OK
r-devel-linux-x86_64-fedora-gcc 1.3 69.29 OK
r-devel-osx-x86_64-clang 1.3 72.91 OK
r-devel-windows-ix86+x86_64 1.3 9.00 49.00 58.00 OK
r-patched-linux-x86_64 1.3 1.80 36.75 38.55 OK
r-patched-solaris-sparc 1.3 454.20 OK
r-patched-solaris-x86 1.3 103.80 OK
r-release-linux-x86_64 1.3 1.83 37.82 39.66 OK
r-release-osx-x86_64-mavericks 1.3 OK
r-release-osx-x86_64-snowleopard 1.3 ERROR
r-release-windows-ix86+x86_64 1.3 9.00 56.00 65.00 OK
r-oldrel-windows-ix86+x86_64 1.3 12.00 67.00 79.00 OK

Check Details

Version: 1.3
Check: package dependencies
Result: ERROR
    Package required but not available: ‘adabag’
    
    See section ‘The DESCRIPTION file’ in the ‘Writing R Extensions’
    manual.
Flavor: r-release-osx-x86_64-snowleopard