CRAN Package Check Results for Package TDMR

Last updated on 2014-04-21 04:48:49.

Flavor Version Tinstall Tcheck Ttotal Status Flags
r-devel-linux-x86_64-debian-clang 1.0.1 1.81 44.32 46.13 NOTE
r-devel-linux-x86_64-debian-gcc 1.0.1 1.85 44.50 46.36 NOTE
r-devel-linux-x86_64-fedora-clang 1.0.1 85.92 NOTE
r-devel-linux-x86_64-fedora-gcc 1.0.1 82.27 NOTE
r-devel-macosx-x86_64-clang 1.0.1 71.87 NOTE
r-devel-macosx-x86_64-gcc 1.0.1 NOTE
r-devel-windows-ix86+x86_64 1.0.1 5.00 62.00 67.00 NOTE
r-patched-linux-x86_64 1.0.1 2.11 44.76 46.87 NOTE
r-patched-solaris-sparc 1.0.1 481.30 NOTE
r-patched-solaris-x86 1.0.1 109.40 NOTE
r-release-linux-ix86 NOTE
r-release-linux-x86_64 1.0.1 1.82 44.26 46.09 NOTE
r-release-macosx-x86_64 1.0.1 NOTE
r-release-windows-ix86+x86_64 1.0.1 5.00 65.00 70.00 NOTE
r-oldrel-windows-ix86+x86_64 1.0.1 7.00 65.00 72.00 NOTE

Check Details

Version: 1.0.1
Check: dependencies in R code
Result: NOTE
    Packages in Depends field not imported from:
     ‘SPOT’ ‘e1071’
     These packages need to be imported from (in the NAMESPACE file)
     for when this namespace is loaded but not attached.
    See the information on DESCRIPTION files in the chapter ‘Creating R
    packages’ of the ‘Writing R Extensions’ manual.
Flavors: r-devel-linux-x86_64-debian-clang, r-devel-linux-x86_64-debian-gcc, r-devel-linux-x86_64-fedora-clang, r-devel-linux-x86_64-fedora-gcc, r-devel-macosx-x86_64-clang, r-devel-macosx-x86_64-gcc, r-devel-windows-ix86+x86_64, r-patched-linux-x86_64, r-patched-solaris-sparc, r-patched-solaris-x86, r-release-linux-ix86, r-release-linux-x86_64, r-release-windows-ix86+x86_64, r-oldrel-windows-ix86+x86_64

Version: 1.0.1
Check: package dependencies
Result: NOTE
    Package suggested but not available for checking: ‘adabag’
Flavor: r-devel-macosx-x86_64-gcc

Version: 1.0.1
Check: R code for possible problems
Result: NOTE
    tdmClassify : train.ada: no visible global function definition for
     ‘boosting’
Flavor: r-devel-macosx-x86_64-gcc

Version: 1.0.1
Check: dependencies in R code
Result: NOTE
    Packages in Depends field not imported from:
     ‘SPOT’ ‘e1071’
     These packages need to be imported from for the case when
     this namespace is loaded but not attached.
    See the information on DESCRIPTION files in the chapter ‘Creating R
    packages’ of the ‘Writing R Extensions’ manual.
Flavor: r-release-macosx-x86_64