CRAN Package Check Results for Package TDMR

Last updated on 2014-08-29 23:49:00.

Flavor Version Tinstall Tcheck Ttotal Status Flags
r-devel-linux-x86_64-debian-clang 1.1 1.78 38.05 39.84 NOTE
r-devel-linux-x86_64-debian-gcc 1.1 1.65 37.42 39.08 NOTE
r-devel-linux-x86_64-fedora-clang 1.1 81.49 NOTE
r-devel-linux-x86_64-fedora-gcc 1.1 71.67 NOTE
r-devel-osx-x86_64-clang 1.1 68.38 NOTE
r-devel-windows-ix86+x86_64 1.1 7.00 55.00 62.00 NOTE
r-patched-linux-x86_64 1.1 1.75 45.45 47.20 OK
r-patched-solaris-sparc 1.1 551.40 OK
r-patched-solaris-x86 1.1 108.30 OK
r-release-linux-ix86 1.1 2.38 73.89 76.28 OK
r-release-linux-x86_64 1.1 2.46 45.97 48.43 OK
r-release-osx-x86_64-mavericks 1.1 OK
r-release-osx-x86_64-snowleopard 1.1 OK
r-release-windows-ix86+x86_64 1.1 5.00 66.00 71.00 OK
r-oldrel-windows-ix86+x86_64 1.1 7.00 63.00 70.00 OK

Check Details

Version: 1.1
Check: R code for possible problems
Result: NOTE
    cma_jInternRCma: no visible global function definition for ‘cmaNew’
    cma_jInternRCma: no visible global function definition for
     ‘cmaSetPopulationSize’
    cma_jInternRCma: no visible global function definition for
     ‘cmaSetStopMaxFunEvals’
    cma_jInternRCma: no visible global function definition for
     ‘cmaSetStopFitness’
    cma_jInternRCma: no visible global function definition for ‘cmaInit’
    cma_jInternRCma: no visible global function definition for ‘cmaOptimDP’
    cma_jInternRCma: no visible global function definition for
     ‘cmaEvalMeanX’
    cmaesTuner: no visible global function definition for ‘cma_es’
    configureAxis: no visible global function definition for ‘tktoplevel’
    configureAxis: no visible global function definition for ‘tkpack’
    configureAxis: no visible global function definition for ‘tklabel’
    configureAxis: no visible global function definition for ‘tkbutton’
    configureAxis : <anonymous>: no visible global function definition for
     ‘tkdestroy’
    powellTuner: no visible global function definition for ‘powell’
    prepareParallelExec: no visible global function definition for
     ‘makeCluster’
    prepareParallelExec: no visible global function definition for
     ‘clusterExport’
    tdmBigLoop: no visible global function definition for ‘parSapply’
    tdmBigLoop: no visible global function definition for ‘stopCluster’
    tdmClassify : train.ada: no visible global function definition for
     ‘boosting’
    tdmCompleteEval: no visible global function definition for ‘parSapply’
    tdmCompleteEval: no visible global function definition for
     ‘stopCluster’
    tdmPreSFA.apply: no visible global function definition for ‘sfaExecute’
    tdmPreSFA.train: no visible global function definition for ‘sfa2Create’
    tdmPreSFA.train: no visible global function definition for ‘xpDim’
    tdmPreSFA.train: no visible global function definition for ‘sfaStep’
    tdmPreSFA.train: no visible global function definition for ‘sfaExecute’
    tdmROCR.tdmClass: no visible global function definition for
     ‘prediction’
    tdmROCR.tdmClass: no visible global function definition for
     ‘performance’
    tdmROCR_calc: no visible global function definition for ‘prediction’
    tdmROCR_calc: no visible global function definition for ‘performance’
Flavors: r-devel-linux-x86_64-debian-clang, r-devel-linux-x86_64-debian-gcc, r-devel-linux-x86_64-fedora-clang, r-devel-linux-x86_64-fedora-gcc, r-devel-osx-x86_64-clang, r-devel-windows-ix86+x86_64