CRAN Package Check Results for Package TDMR

Last updated on 2015-04-28 08:50:36.

Flavor Version Tinstall Tcheck Ttotal Status Flags
r-devel-linux-x86_64-debian-clang 1.3 1.76 37.17 38.93 OK
r-devel-linux-x86_64-debian-gcc 1.3 1.84 36.14 37.98 OK
r-devel-linux-x86_64-fedora-clang 1.3 73.84 OK
r-devel-linux-x86_64-fedora-gcc 1.3 70.88 OK
r-devel-osx-x86_64-clang 1.3 69.68 OK
r-devel-windows-ix86+x86_64 1.3 10.00 45.00 55.00 OK
r-patched-linux-x86_64 1.3 1.82 37.50 39.31 OK
r-patched-solaris-sparc 1.3 374.30 OK
r-patched-solaris-x86 1.3 99.40 OK
r-release-linux-x86_64 1.3 1.78 37.61 39.40 OK
r-release-osx-x86_64-mavericks 1.3 OK
r-release-osx-x86_64-snowleopard 1.3 ERROR
r-release-windows-ix86+x86_64 1.3 8.00 57.00 65.00 OK
r-oldrel-windows-ix86+x86_64 1.3 7.00 55.00 62.00 OK

Check Details

Version: 1.3
Check: package dependencies
Result: ERROR
    Package required but not available: ‘adabag’
    
    See section ‘The DESCRIPTION file’ in the ‘Writing R Extensions’
    manual.
Flavor: r-release-osx-x86_64-snowleopard