CRAN Package Check Results for Package TDMR

Last updated on 2015-03-31 19:51:18.

Flavor Version Tinstall Tcheck Ttotal Status Flags
r-devel-linux-x86_64-debian-clang 1.2 1.71 37.20 38.91 NOTE
r-devel-linux-x86_64-debian-gcc 1.2 1.69 36.41 38.10 NOTE
r-devel-linux-x86_64-fedora-clang 1.2 73.83 NOTE
r-devel-linux-x86_64-fedora-gcc 1.2 68.60 NOTE
r-devel-osx-x86_64-clang 1.2 76.14 NOTE
r-prerel-windows-ix86+x86_64 1.2 6.00 75.00 81.00 NOTE
r-prerel-linux-x86_64 1.2 2.10 38.02 40.12 NOTE
r-prerel-solaris-sparc 1.2 454.30 NOTE
r-prerel-solaris-x86 1.2 102.10 NOTE
r-release-linux-x86_64 1.2 2.08 42.73 44.81 NOTE
r-release-osx-x86_64-mavericks 1.2 OK
r-release-osx-x86_64-snowleopard 1.2 OK
r-release-windows-ix86+x86_64 1.2 7.00 63.00 70.00 NOTE
r-oldrel-windows-ix86+x86_64 1.2 9.00 65.00 74.00 OK

Check Details

Version: 1.2
Check: dependencies in R code
Result: NOTE
    'library' or 'require' calls in package code:
     ‘ROCR’ ‘adabag’ ‘cmaes’ ‘parallel’ ‘powell’ ‘rCMA’ ‘randomForest’
     ‘twiddler’
     Please use :: or requireNamespace() instead.
     See section 'Suggested packages' in the 'Writing R Extensions' manual.
Flavors: r-devel-linux-x86_64-debian-clang, r-devel-linux-x86_64-debian-gcc, r-devel-linux-x86_64-fedora-clang, r-devel-linux-x86_64-fedora-gcc, r-devel-osx-x86_64-clang, r-prerel-windows-ix86+x86_64, r-prerel-linux-x86_64, r-prerel-solaris-sparc, r-prerel-solaris-x86, r-release-linux-x86_64, r-release-windows-ix86+x86_64