CRAN Package Check Results for Package TDMR

Last updated on 2015-02-01 10:47:06.

Flavor Version Tinstall Tcheck Ttotal Status Flags
r-devel-linux-x86_64-debian-clang 1.2 1.69 37.66 39.34 NOTE
r-devel-linux-x86_64-debian-gcc 1.2 2.12 37.62 39.74 NOTE
r-devel-linux-x86_64-fedora-clang 1.2 76.25 NOTE
r-devel-linux-x86_64-fedora-gcc 1.2 69.64 NOTE
r-devel-osx-x86_64-clang 1.2 77.91 NOTE
r-devel-windows-ix86+x86_64 1.2 11.00 50.00 61.00 NOTE
r-patched-linux-x86_64 1.2 1.85 42.19 44.04 OK
r-patched-solaris-sparc 1.2 481.30 OK
r-patched-solaris-x86 1.2 112.40 OK
r-release-linux-ix86 1.2 2.48 55.82 58.29 OK
r-release-linux-x86_64 1.2 2.16 41.50 43.66 OK
r-release-osx-x86_64-mavericks 1.2 OK
r-release-osx-x86_64-snowleopard 1.2 OK
r-release-windows-ix86+x86_64 1.2 7.00 65.00 72.00 OK
r-oldrel-windows-ix86+x86_64 1.2 8.00 67.00 75.00 OK

Check Details

Version: 1.2
Check: dependencies in R code
Result: NOTE
    'library' or 'require' calls in package code:
     ‘ROCR’ ‘adabag’ ‘cmaes’ ‘parallel’ ‘powell’ ‘rCMA’ ‘randomForest’
     ‘twiddler’
     Please use :: or requireNamespace() instead.
     See section 'Suggested packages' in the 'Writing R Extensions' manual.
Flavors: r-devel-linux-x86_64-debian-clang, r-devel-linux-x86_64-debian-gcc, r-devel-linux-x86_64-fedora-clang, r-devel-linux-x86_64-fedora-gcc, r-devel-osx-x86_64-clang, r-devel-windows-ix86+x86_64