CRAN Package Check Results for Package TEQR

Last updated on 2015-07-03 11:47:27.

Flavor Version Tinstall Tcheck Ttotal Status Flags
r-devel-linux-x86_64-debian-clang 5.0-0 0.58 24.49 25.06 NOTE
r-devel-linux-x86_64-debian-gcc 5.0-0 0.50 23.09 23.60 NOTE
r-devel-linux-x86_64-fedora-clang 5.0-0 49.08 NOTE
r-devel-linux-x86_64-fedora-gcc 5.0-0 48.31 NOTE
r-devel-osx-x86_64-clang 5.0-0 46.85 OK
r-devel-windows-ix86+x86_64 5.0-0 3.00 37.00 40.00 OK
r-patched-linux-x86_64 5.0-0 0.53 23.78 24.31 OK
r-patched-solaris-sparc 5.0-0 308.10 OK
r-patched-solaris-x86 5.0-0 59.30 OK
r-release-linux-x86_64 5.0-0 0.57 25.33 25.90 OK
r-release-osx-x86_64-mavericks 5.0-0 OK
r-release-windows-ix86+x86_64 5.0-0 3.00 37.00 40.00 OK
r-oldrel-windows-ix86+x86_64 5.0-0 4.00 51.00 55.00 OK

Check Details

Version: 5.0-0
Check: R code for possible problems
Result: NOTE
    desc: no visible global function definition for ‘median’
    desc: no visible global function definition for ‘var’
    desc: no visible global function definition for ‘quantile’
    teqr.DLdata: no visible global function definition for ‘binom.test’
    teqr.DLdataconACT: no visible global function definition for
     ‘binom.test’
    teqr.OperCharact: no visible global function definition for ‘median’
    teqr.OperChartox: no visible global function definition for ‘median’
    teqrOCact: no visible global function definition for ‘rbinom’
    teqrOCtox: no visible global function definition for ‘rbinom’
    Undefined global functions or variables:
     binom.test median quantile rbinom var
Flavors: r-devel-linux-x86_64-debian-clang, r-devel-linux-x86_64-debian-gcc, r-devel-linux-x86_64-fedora-clang, r-devel-linux-x86_64-fedora-gcc