CRAN Package Check Results for Package TEQR

Last updated on 2015-09-02 17:49:40.

Flavor Version Tinstall Tcheck Ttotal Status Flags
r-devel-linux-x86_64-debian-clang 5.0-0 0.49 23.96 24.45 NOTE
r-devel-linux-x86_64-debian-gcc 5.0-0 0.49 23.04 23.53 NOTE
r-devel-linux-x86_64-fedora-clang 5.0-0 48.57 NOTE
r-devel-linux-x86_64-fedora-gcc 5.0-0 46.50 NOTE
r-devel-osx-x86_64-clang 5.0-0 39.20 OK
r-devel-windows-ix86+x86_64 5.0-0 2.00 40.00 42.00 NOTE
r-patched-linux-x86_64 5.0-0 0.56 24.28 24.84 OK
r-patched-solaris-sparc 5.0-0 311.10 OK
r-patched-solaris-x86 5.0-0 58.00 OK
r-release-linux-x86_64 5.0-0 0.54 25.12 25.66 OK
r-release-osx-x86_64-mavericks 5.0-0 OK
r-release-windows-ix86+x86_64 5.0-0 2.00 53.00 55.00 OK
r-oldrel-windows-ix86+x86_64 5.0-0 4.00 51.00 55.00 OK

Check Details

Version: 5.0-0
Check: R code for possible problems
Result: NOTE
    desc: no visible global function definition for ‘median’
    desc: no visible global function definition for ‘var’
    desc: no visible global function definition for ‘quantile’
    teqr.DLdata: no visible global function definition for ‘binom.test’
    teqr.DLdataconACT: no visible global function definition for
     ‘binom.test’
    teqr.OperCharact: no visible global function definition for ‘median’
    teqr.OperChartox: no visible global function definition for ‘median’
    teqrOCact: no visible global function definition for ‘rbinom’
    teqrOCtox: no visible global function definition for ‘rbinom’
    Undefined global functions or variables:
     binom.test median quantile rbinom var
    Consider adding
     importFrom("stats", "binom.test", "median", "quantile", "rbinom",
     "var")
    to your NAMESPACE.
Flavors: r-devel-linux-x86_64-debian-clang, r-devel-linux-x86_64-debian-gcc, r-devel-linux-x86_64-fedora-clang, r-devel-linux-x86_64-fedora-gcc, r-devel-windows-ix86+x86_64