CRAN Package Check Results for Package TESS

Last updated on 2018-12-19 08:49:07 CET.

Flavor Version Tinstall Tcheck Ttotal Status Flags
r-devel-linux-x86_64-debian-clang 2.1.0 20.48 123.16 143.64 OK
r-devel-linux-x86_64-debian-gcc 2.1.0 16.43 91.47 107.90 OK
r-devel-linux-x86_64-fedora-clang 2.1.0 169.72 NOTE
r-devel-linux-x86_64-fedora-gcc 2.1.0 161.24 NOTE
r-devel-windows-ix86+x86_64 2.1.0 50.00 228.00 278.00 OK
r-patched-linux-x86_64 2.1.0 22.80 113.72 136.52 OK
r-patched-solaris-x86 2.1.0 207.30 OK
r-release-linux-x86_64 2.1.0 21.82 114.38 136.20 OK
r-release-windows-ix86+x86_64 2.1.0 38.00 209.00 247.00 OK
r-release-osx-x86_64 2.1.0 OK
r-oldrel-windows-ix86+x86_64 2.1.0 34.00 232.00 266.00 OK
r-oldrel-osx-x86_64 2.1.0 OK

Check Details

Version: 2.1.0
Check: compiled code
Result: NOTE
    File ‘TESS/libs/TESS.so’:
     Found no calls to: ‘R_registerRoutines’, ‘R_useDynamicSymbols’
    
    It is good practice to register native routines and to disable symbol
    search.
    
    See ‘Writing portable packages’ in the ‘Writing R Extensions’ manual.
Flavors: r-devel-linux-x86_64-fedora-clang, r-devel-linux-x86_64-fedora-gcc