CRAN Package Check Results for Package TESS

Last updated on 2018-06-21 15:49:32 CEST.

Flavor Version Tinstall Tcheck Ttotal Status Flags
r-devel-linux-x86_64-debian-clang 2.1.0 20.66 106.68 127.34 NOTE
r-devel-linux-x86_64-debian-gcc 2.1.0 16.51 91.15 107.66 NOTE
r-devel-linux-x86_64-fedora-clang 2.1.0 167.21 NOTE
r-devel-linux-x86_64-fedora-gcc 2.1.0 156.82 NOTE
r-devel-windows-ix86+x86_64 2.1.0 50.00 222.00 272.00 OK
r-patched-linux-x86_64 2.1.0 19.78 115.26 135.04 NOTE
r-patched-solaris-x86 2.1.0 201.30 OK
r-release-linux-x86_64 2.1.0 18.51 115.67 134.18 NOTE
r-release-windows-ix86+x86_64 2.1.0 37.00 161.00 198.00 OK
r-release-osx-x86_64 2.1.0 OK
r-oldrel-windows-ix86+x86_64 2.1.0 37.00 167.00 204.00 OK
r-oldrel-osx-x86_64 2.1.0 OK

Check Details

Version: 2.1.0
Check: compiled code
Result: NOTE
    File ‘TESS/libs/TESS.so’:
     Found no calls to: ‘R_registerRoutines’, ‘R_useDynamicSymbols’
    
    It is good practice to register native routines and to disable symbol
    search.
    
    See ‘Writing portable packages’ in the ‘Writing R Extensions’ manual.
Flavors: r-devel-linux-x86_64-debian-clang, r-devel-linux-x86_64-debian-gcc, r-devel-linux-x86_64-fedora-clang, r-devel-linux-x86_64-fedora-gcc, r-patched-linux-x86_64, r-release-linux-x86_64