CRAN Package Check Results for Package TESS

Last updated on 2018-09-24 19:46:49 CEST.

Flavor Version Tinstall Tcheck Ttotal Status Flags
r-devel-linux-x86_64-debian-clang 2.1.0 18.78 124.53 143.31 OK
r-devel-linux-x86_64-debian-gcc 2.1.0 15.43 92.18 107.61 OK
r-devel-linux-x86_64-fedora-clang 2.1.0 169.81 NOTE
r-devel-linux-x86_64-fedora-gcc 2.1.0 161.89 NOTE
r-devel-windows-ix86+x86_64 2.1.0 48.00 228.00 276.00 OK
r-patched-linux-x86_64 2.1.0 18.77 81.84 100.61 OK
r-patched-solaris-x86 2.1.0 200.70 OK
r-release-linux-x86_64 2.1.0 16.19 114.71 130.90 OK
r-release-windows-ix86+x86_64 2.1.0 38.00 220.00 258.00 OK
r-release-osx-x86_64 2.1.0 OK
r-oldrel-windows-ix86+x86_64 2.1.0 27.00 223.00 250.00 OK
r-oldrel-osx-x86_64 2.1.0 OK

Check Details

Version: 2.1.0
Check: compiled code
Result: NOTE
    File ‘TESS/libs/TESS.so’:
     Found no calls to: ‘R_registerRoutines’, ‘R_useDynamicSymbols’
    
    It is good practice to register native routines and to disable symbol
    search.
    
    See ‘Writing portable packages’ in the ‘Writing R Extensions’ manual.
Flavors: r-devel-linux-x86_64-fedora-clang, r-devel-linux-x86_64-fedora-gcc