CRAN Package Check Results for Package TFX

Last updated on 2017-08-17 09:47:28.

Flavor Version Tinstall Tcheck Ttotal Status Flags
r-devel-linux-x86_64-debian-clang 0.1.0 1.03 15.55 16.58 NOTE
r-devel-linux-x86_64-debian-gcc 0.1.0 0.88 15.21 16.09 NOTE
r-devel-linux-x86_64-fedora-clang 0.1.0 27.44 NOTE
r-devel-linux-x86_64-fedora-gcc 0.1.0 26.64 NOTE
r-devel-windows-ix86+x86_64 0.1.0 6.00 41.00 47.00 NOTE
r-patched-linux-x86_64 0.1.0 1.37 15.12 16.49 NOTE
r-patched-solaris-x86 0.1.0 41.00 NOTE
r-release-linux-x86_64 0.1.0 0.89 14.93 15.82 NOTE
r-release-windows-ix86+x86_64 0.1.0 3.00 33.00 36.00 NOTE
r-release-osx-x86_64 0.1.0 NOTE
r-oldrel-windows-ix86+x86_64 0.1.0 8.00 37.00 45.00 NOTE
r-oldrel-osx-x86_64 0.1.0 NOTE

Check Details

Version: 0.1.0
Check: R code for possible problems
Result: NOTE
    ParseTrueFX: no visible global function definition for ‘read.csv’
    TrueFXRef: no visible global function definition for ‘download.file’
    TrueFXRef: no visible global function definition for ‘browseURL’
    Undefined global functions or variables:
     browseURL download.file read.csv
    Consider adding
     importFrom("utils", "browseURL", "download.file", "read.csv")
    to your NAMESPACE file.
Flavors: r-devel-linux-x86_64-debian-clang, r-devel-linux-x86_64-debian-gcc, r-devel-linux-x86_64-fedora-clang, r-devel-linux-x86_64-fedora-gcc, r-devel-windows-ix86+x86_64, r-patched-linux-x86_64, r-patched-solaris-x86, r-release-linux-x86_64, r-release-windows-ix86+x86_64, r-release-osx-x86_64, r-oldrel-windows-ix86+x86_64, r-oldrel-osx-x86_64