CRAN Package Check Results for Package TFX

Last updated on 2016-02-08 08:47:55.

Flavor Version Tinstall Tcheck Ttotal Status Flags
r-devel-linux-x86_64-debian-gcc 0.1.0 0.92 11.85 12.77 NOTE
r-devel-linux-x86_64-fedora-clang 0.1.0 24.12 NOTE
r-devel-linux-x86_64-fedora-gcc 0.1.0 22.72 NOTE
r-devel-osx-x86_64-clang 0.1.0 26.82 NOTE
r-devel-windows-ix86+x86_64 0.1.0 5.00 34.00 39.00 NOTE
r-patched-linux-x86_64 0.1.0 0.94 13.69 14.64 OK
r-patched-solaris-sparc 0.1.0 156.70 OK
r-patched-solaris-x86 0.1.0 35.60 OK
r-release-linux-x86_64 0.1.0 0.94 13.49 14.42 OK
r-release-osx-x86_64-mavericks 0.1.0 OK
r-release-windows-ix86+x86_64 0.1.0 4.00 23.00 27.00 OK
r-oldrel-windows-ix86+x86_64 0.1.0 5.00 23.00 28.00 OK

Check Details

Version: 0.1.0
Check: R code for possible problems
Result: NOTE
    ParseTrueFX: no visible global function definition for ‘read.csv’
    TrueFXRef: no visible global function definition for ‘download.file’
    TrueFXRef: no visible global function definition for ‘browseURL’
    Undefined global functions or variables:
     browseURL download.file read.csv
    Consider adding
     importFrom("utils", "browseURL", "download.file", "read.csv")
    to your NAMESPACE file.
Flavors: r-devel-linux-x86_64-debian-gcc, r-devel-linux-x86_64-fedora-clang, r-devel-linux-x86_64-fedora-gcc, r-devel-osx-x86_64-clang, r-devel-windows-ix86+x86_64