CRAN Package Check Results for Package TFX

Last updated on 2016-06-30 19:46:58.

Flavor Version Tinstall Tcheck Ttotal Status Flags
r-devel-linux-x86_64-debian-gcc 0.1.0 0.99 14.51 15.51 NOTE
r-devel-linux-x86_64-fedora-clang 0.1.0 24.04 NOTE
r-devel-linux-x86_64-fedora-gcc 0.1.0 22.38 NOTE
r-devel-osx-x86_64-clang 0.1.0 21.03 NOTE
r-devel-windows-ix86+x86_64 0.1.0 4.00 29.00 33.00 NOTE
r-patched-linux-x86_64 0.1.0 1.14 14.96 16.10 NOTE
r-patched-solaris-sparc 0.1.0 153.80 NOTE
r-patched-solaris-x86 0.1.0 36.20 NOTE
r-release-linux-x86_64 0.1.0 0.96 14.01 14.97 NOTE
r-release-osx-x86_64-mavericks 0.1.0 NOTE
r-release-windows-ix86+x86_64 0.1.0 4.00 43.00 47.00 NOTE
r-oldrel-windows-ix86+x86_64 0.1.0 3.00 27.00 30.00 OK

Check Details

Version: 0.1.0
Check: R code for possible problems
Result: NOTE
    ParseTrueFX: no visible global function definition for ‘read.csv’
    TrueFXRef: no visible global function definition for ‘download.file’
    TrueFXRef: no visible global function definition for ‘browseURL’
    Undefined global functions or variables:
     browseURL download.file read.csv
    Consider adding
     importFrom("utils", "browseURL", "download.file", "read.csv")
    to your NAMESPACE file.
Flavors: r-devel-linux-x86_64-debian-gcc, r-devel-linux-x86_64-fedora-clang, r-devel-linux-x86_64-fedora-gcc, r-devel-osx-x86_64-clang, r-devel-windows-ix86+x86_64, r-patched-linux-x86_64, r-patched-solaris-sparc, r-patched-solaris-x86, r-release-linux-x86_64, r-release-osx-x86_64-mavericks, r-release-windows-ix86+x86_64