CRAN Package Check Results for Package TFX

Last updated on 2014-04-24 07:52:39.

Flavor Version Tinstall Tcheck Ttotal Status Flags
r-devel-linux-x86_64-debian-clang 0.1.0 1.10 14.64 15.74 OK
r-devel-linux-x86_64-debian-gcc 0.1.0 1.20 14.66 15.86 OK
r-devel-linux-x86_64-fedora-clang 0.1.0 32.72 OK
r-devel-linux-x86_64-fedora-gcc 0.1.0 31.44 OK
r-devel-osx-x86_64-clang 0.1.0 29.71 OK
r-devel-osx-x86_64-gcc 0.1.0 ERROR
r-devel-windows-ix86+x86_64 0.1.0 4.00 23.00 27.00 OK
r-patched-linux-x86_64 0.1.0 1.11 14.43 15.54 OK
r-patched-solaris-sparc 0.1.0 182.80 OK
r-patched-solaris-x86 0.1.0 48.50 OK
r-release-linux-ix86 0.1.0 2.00 29.00 31.00 OK
r-release-linux-x86_64 0.1.0 1.09 15.03 16.12 OK
r-release-osx-x86_64-mavericks 0.1.0 OK
r-release-osx-x86_64-snowleopard 0.1.0 OK
r-release-windows-ix86+x86_64 0.1.0 6.00 32.00 38.00 OK
r-oldrel-windows-ix86+x86_64 0.1.0 3.00 25.00 28.00 OK

Check Details

Version: 0.1.0
Check: package dependencies
Result: ERROR
    Package required but not available: ‘XML’
    
    See the information on DESCRIPTION files in the chapter ‘Creating R
    packages’ of the ‘Writing R Extensions’ manual.
Flavor: r-devel-osx-x86_64-gcc