CRAN Package Check Results for Package TFX

Last updated on 2015-07-30 03:48:40.

Flavor Version Tinstall Tcheck Ttotal Status Flags
r-devel-linux-x86_64-debian-clang 0.1.0 0.86 13.50 14.36 NOTE
r-devel-linux-x86_64-debian-gcc 0.1.0 0.86 13.88 14.74 NOTE
r-devel-linux-x86_64-fedora-clang 0.1.0 27.08 NOTE
r-devel-linux-x86_64-fedora-gcc 0.1.0 26.36 NOTE
r-devel-osx-x86_64-clang 0.1.0 26.61 OK
r-devel-windows-ix86+x86_64 0.1.0 3.00 21.00 24.00 NOTE
r-patched-linux-x86_64 0.1.0 0.87 13.00 13.88 OK
r-patched-solaris-sparc 0.1.0 173.80 OK
r-patched-solaris-x86 0.1.0 41.90 OK
r-release-linux-x86_64 0.1.0 0.88 13.40 14.28 OK
r-release-osx-x86_64-mavericks 0.1.0 OK
r-release-windows-ix86+x86_64 0.1.0 3.00 20.00 23.00 OK
r-oldrel-windows-ix86+x86_64 0.1.0 5.00 23.00 28.00 OK

Check Details

Version: 0.1.0
Check: R code for possible problems
Result: NOTE
    ParseTrueFX: no visible global function definition for ‘read.csv’
    TrueFXRef: no visible global function definition for ‘download.file’
    TrueFXRef: no visible global function definition for ‘browseURL’
    Undefined global functions or variables:
     browseURL download.file read.csv
    Consider adding
     importFrom("utils", "browseURL", "download.file", "read.csv")
    to your NAMESPACE.
Flavors: r-devel-linux-x86_64-debian-clang, r-devel-linux-x86_64-debian-gcc, r-devel-linux-x86_64-fedora-clang, r-devel-linux-x86_64-fedora-gcc, r-devel-windows-ix86+x86_64