CRAN Package Check Results for Package TFX

Last updated on 2017-10-17 19:48:17.

Flavor Version Tinstall Tcheck Ttotal Status Flags
r-devel-linux-x86_64-debian-clang 0.1.0 0.97 15.45 16.42 NOTE
r-devel-linux-x86_64-debian-gcc 0.1.0 1.06 16.07 17.12 NOTE
r-devel-linux-x86_64-fedora-clang 0.1.0 29.11 NOTE
r-devel-linux-x86_64-fedora-gcc 0.1.0 28.13 NOTE
r-devel-windows-ix86+x86_64 0.1.0 3.00 31.00 34.00 NOTE
r-patched-linux-x86_64 0.1.0 0.90 15.03 15.93 NOTE
r-patched-solaris-x86 0.1.0 40.70 NOTE
r-release-linux-x86_64 0.1.0 1.10 15.06 16.17 NOTE
r-release-windows-ix86+x86_64 0.1.0 3.00 33.00 36.00 NOTE
r-release-osx-x86_64 0.1.0 NOTE
r-oldrel-windows-ix86+x86_64 0.1.0 8.00 37.00 45.00 NOTE
r-oldrel-osx-x86_64 0.1.0 NOTE

Check Details

Version: 0.1.0
Check: R code for possible problems
Result: NOTE
    ParseTrueFX: no visible global function definition for ‘read.csv’
    TrueFXRef: no visible global function definition for ‘download.file’
    TrueFXRef: no visible global function definition for ‘browseURL’
    Undefined global functions or variables:
     browseURL download.file read.csv
    Consider adding
     importFrom("utils", "browseURL", "download.file", "read.csv")
    to your NAMESPACE file.
Flavors: r-devel-linux-x86_64-debian-clang, r-devel-linux-x86_64-debian-gcc, r-devel-linux-x86_64-fedora-clang, r-devel-linux-x86_64-fedora-gcc, r-devel-windows-ix86+x86_64, r-patched-linux-x86_64, r-patched-solaris-x86, r-release-linux-x86_64, r-release-windows-ix86+x86_64, r-release-osx-x86_64, r-oldrel-windows-ix86+x86_64, r-oldrel-osx-x86_64