CRAN Package Check Results for Package TFX

Last updated on 2018-05-22 13:46:56 CEST.

Flavor Version Tinstall Tcheck Ttotal Status Flags
r-devel-linux-x86_64-debian-clang 0.1.0 1.43 25.12 26.55 NOTE
r-devel-linux-x86_64-debian-gcc 0.1.0 1.42 20.15 21.57 NOTE
r-devel-linux-x86_64-fedora-clang 0.1.0 32.29 NOTE
r-devel-linux-x86_64-fedora-gcc 0.1.0 30.72 NOTE
r-devel-windows-ix86+x86_64 0.1.0 6.00 35.00 41.00 NOTE
r-patched-linux-x86_64 0.1.0 1.47 22.91 24.38 NOTE
r-patched-solaris-x86 0.1.0 48.90 NOTE
r-release-linux-x86_64 0.1.0 1.27 22.94 24.21 NOTE
r-release-windows-ix86+x86_64 0.1.0 4.00 32.00 36.00 NOTE
r-release-osx-x86_64 0.1.0 NOTE
r-oldrel-windows-ix86+x86_64 0.1.0 4.00 48.00 52.00 NOTE
r-oldrel-osx-x86_64 0.1.0 NOTE

Check Details

Version: 0.1.0
Check: R code for possible problems
Result: NOTE
    ParseTrueFX: no visible global function definition for ‘read.csv’
    TrueFXRef: no visible global function definition for ‘download.file’
    TrueFXRef: no visible global function definition for ‘browseURL’
    Undefined global functions or variables:
     browseURL download.file read.csv
    Consider adding
     importFrom("utils", "browseURL", "download.file", "read.csv")
    to your NAMESPACE file.
Flavors: r-devel-linux-x86_64-debian-clang, r-devel-linux-x86_64-debian-gcc, r-devel-linux-x86_64-fedora-clang, r-devel-linux-x86_64-fedora-gcc, r-devel-windows-ix86+x86_64, r-patched-linux-x86_64, r-patched-solaris-x86, r-release-linux-x86_64, r-release-windows-ix86+x86_64, r-release-osx-x86_64, r-oldrel-windows-ix86+x86_64, r-oldrel-osx-x86_64