CRAN Package Check Results for Package TFX

Last updated on 2017-12-17 18:46:46 CET.

Flavor Version Tinstall Tcheck Ttotal Status Flags
r-devel-linux-x86_64-debian-clang 0.1.0 1.00 22.19 23.19 NOTE
r-devel-linux-x86_64-debian-gcc 0.1.0 1.03 18.37 19.40 NOTE
r-devel-linux-x86_64-fedora-clang 0.1.0 28.24 NOTE
r-devel-linux-x86_64-fedora-gcc 0.1.0 27.26 NOTE
r-devel-windows-ix86+x86_64 0.1.0 4.00 30.00 34.00 NOTE
r-patched-linux-x86_64 0.1.0 1.15 21.36 22.51 NOTE
r-patched-solaris-x86 0.1.0 40.40 NOTE
r-release-linux-x86_64 0.1.0 1.29 21.46 22.75 NOTE
r-release-windows-ix86+x86_64 0.1.0 3.00 33.00 36.00 NOTE
r-release-osx-x86_64 0.1.0 NOTE
r-oldrel-windows-ix86+x86_64 0.1.0 8.00 37.00 45.00 NOTE
r-oldrel-osx-x86_64 0.1.0 NOTE

Check Details

Version: 0.1.0
Check: R code for possible problems
Result: NOTE
    ParseTrueFX: no visible global function definition for ‘read.csv’
    TrueFXRef: no visible global function definition for ‘download.file’
    TrueFXRef: no visible global function definition for ‘browseURL’
    Undefined global functions or variables:
     browseURL download.file read.csv
    Consider adding
     importFrom("utils", "browseURL", "download.file", "read.csv")
    to your NAMESPACE file.
Flavors: r-devel-linux-x86_64-debian-clang, r-devel-linux-x86_64-debian-gcc, r-devel-linux-x86_64-fedora-clang, r-devel-linux-x86_64-fedora-gcc, r-devel-windows-ix86+x86_64, r-patched-linux-x86_64, r-patched-solaris-x86, r-release-linux-x86_64, r-release-windows-ix86+x86_64, r-release-osx-x86_64, r-oldrel-windows-ix86+x86_64, r-oldrel-osx-x86_64