CRAN Package Check Results for Package TFX

Last updated on 2017-05-24 07:50:14.

Flavor Version Tinstall Tcheck Ttotal Status Flags
r-devel-linux-x86_64-debian-clang 0.1.0 0.88 15.01 15.89 NOTE
r-devel-linux-x86_64-debian-gcc 0.1.0 0.91 14.90 15.81 NOTE
r-devel-linux-x86_64-fedora-clang 0.1.0 27.97 NOTE --no-stop-on-test-error
r-devel-linux-x86_64-fedora-gcc 0.1.0 26.46 NOTE --no-stop-on-test-error
r-devel-windows-ix86+x86_64 0.1.0 6.00 42.00 48.00 NOTE
r-patched-linux-x86_64 0.1.0 0.90 15.10 16.00 NOTE
r-patched-solaris-sparc 0.1.0 168.70 NOTE
r-patched-solaris-x86 0.1.0 40.20 NOTE
r-release-linux-x86_64 0.1.0 0.98 15.16 16.15 NOTE
r-release-windows-ix86+x86_64 0.1.0 4.00 42.00 46.00 NOTE
r-release-osx-x86_64 0.1.0 NOTE
r-oldrel-windows-ix86+x86_64 0.1.0 4.00 39.00 43.00 NOTE
r-oldrel-osx-x86_64 0.1.0 NOTE

Check Details

Version: 0.1.0
Check: R code for possible problems
Result: NOTE
    ParseTrueFX: no visible global function definition for ‘read.csv’
    TrueFXRef: no visible global function definition for ‘download.file’
    TrueFXRef: no visible global function definition for ‘browseURL’
    Undefined global functions or variables:
     browseURL download.file read.csv
    Consider adding
     importFrom("utils", "browseURL", "download.file", "read.csv")
    to your NAMESPACE file.
Flavors: r-devel-linux-x86_64-debian-clang, r-devel-linux-x86_64-debian-gcc, r-devel-windows-ix86+x86_64, r-patched-linux-x86_64, r-patched-solaris-sparc, r-patched-solaris-x86, r-release-linux-x86_64, r-release-windows-ix86+x86_64, r-release-osx-x86_64, r-oldrel-windows-ix86+x86_64, r-oldrel-osx-x86_64

Version: 0.1.0
Flags: --no-stop-on-test-error
Check: R code for possible problems
Result: NOTE
    ParseTrueFX: no visible global function definition for ‘read.csv’
    TrueFXRef: no visible global function definition for ‘download.file’
    TrueFXRef: no visible global function definition for ‘browseURL’
    Undefined global functions or variables:
     browseURL download.file read.csv
    Consider adding
     importFrom("utils", "browseURL", "download.file", "read.csv")
    to your NAMESPACE file.
Flavors: r-devel-linux-x86_64-fedora-clang, r-devel-linux-x86_64-fedora-gcc