CRAN Package Check Results for Package TFX

Last updated on 2016-08-27 05:49:02.

Flavor Version Tinstall Tcheck Ttotal Status Flags
r-devel-linux-x86_64-debian-clang 0.1.0 0.92 13.17 14.08 NOTE
r-devel-linux-x86_64-debian-gcc 0.1.0 1.25 16.87 18.12 NOTE
r-devel-linux-x86_64-fedora-clang 0.1.0 24.62 NOTE
r-devel-linux-x86_64-fedora-gcc 0.1.0 22.71 NOTE
r-devel-osx-x86_64-clang 0.1.0 21.17 NOTE
r-devel-windows-ix86+x86_64 0.1.0 6.00 40.00 46.00 NOTE
r-patched-linux-x86_64 0.1.0 0.95 12.55 13.50 NOTE
r-patched-solaris-sparc 0.1.0 153.80 NOTE
r-patched-solaris-x86 0.1.0 34.60 NOTE
r-release-linux-x86_64 0.1.0 0.93 13.54 14.47 NOTE
r-release-osx-x86_64-mavericks 0.1.0 NOTE
r-release-windows-ix86+x86_64 0.1.0 4.00 43.00 47.00 NOTE
r-oldrel-windows-ix86+x86_64 0.1.0 3.00 27.00 30.00 OK

Check Details

Version: 0.1.0
Check: R code for possible problems
Result: NOTE
    ParseTrueFX: no visible global function definition for ‘read.csv’
    TrueFXRef: no visible global function definition for ‘download.file’
    TrueFXRef: no visible global function definition for ‘browseURL’
    Undefined global functions or variables:
     browseURL download.file read.csv
    Consider adding
     importFrom("utils", "browseURL", "download.file", "read.csv")
    to your NAMESPACE file.
Flavors: r-devel-linux-x86_64-debian-clang, r-devel-linux-x86_64-debian-gcc, r-devel-linux-x86_64-fedora-clang, r-devel-linux-x86_64-fedora-gcc, r-devel-osx-x86_64-clang, r-devel-windows-ix86+x86_64, r-patched-linux-x86_64, r-patched-solaris-sparc, r-patched-solaris-x86, r-release-linux-x86_64, r-release-osx-x86_64-mavericks, r-release-windows-ix86+x86_64