CRAN Package Check Results for Package TFX

Last updated on 2015-04-18 23:50:30.

Flavor Version Tinstall Tcheck Ttotal Status Flags
r-devel-linux-x86_64-debian-clang 0.1.0 0.92 13.58 14.50 OK
r-devel-linux-x86_64-debian-gcc 0.1.0 0.90 12.67 13.57 OK
r-devel-linux-x86_64-fedora-clang 0.1.0 28.47 OK
r-devel-linux-x86_64-fedora-gcc 0.1.0 25.48 OK
r-devel-osx-x86_64-clang 0.1.0 29.46 OK
r-patched-linux-x86_64 0.1.0 1.15 12.88 14.03 OK
r-patched-solaris-sparc 0.1.0 182.60 OK
r-patched-solaris-x86 0.1.0 39.30 OK
r-release-linux-x86_64 0.1.0 0.88 13.12 14.00 OK
r-release-osx-x86_64-mavericks 0.1.0 OK
r-release-osx-x86_64-snowleopard 0.1.0 ERROR
r-release-windows-ix86+x86_64 0.1.0 3.00 25.00 28.00 OK
r-oldrel-windows-ix86+x86_64 0.1.0 4.00 24.00 28.00 OK

Check Details

Version: 0.1.0
Check: package dependencies
Result: ERROR
    Package required but not available: ‘XML’
    
    See section ‘The DESCRIPTION file’ in the ‘Writing R Extensions’
    manual.
Flavor: r-release-osx-x86_64-snowleopard