CRAN Package Check Results for Package TFX

Last updated on 2017-01-18 16:48:05.

Flavor Version Tinstall Tcheck Ttotal Status Flags
r-devel-linux-x86_64-debian-clang 0.1.0 1.00 14.47 15.46 NOTE
r-devel-linux-x86_64-debian-gcc 0.1.0 0.88 14.44 15.32 NOTE
r-devel-linux-x86_64-fedora-clang 0.1.0 27.09 NOTE --no-stop-on-test-error
r-devel-linux-x86_64-fedora-gcc 0.1.0 26.38 NOTE --no-stop-on-test-error
r-devel-macos-x86_64-clang 0.1.0 23.54 NOTE --no-stop-on-test-error
r-devel-windows-ix86+x86_64 0.1.0 6.00 33.00 39.00 NOTE
r-patched-linux-x86_64 0.1.0 0.90 12.82 13.72 NOTE
r-patched-solaris-sparc 0.1.0 155.90 NOTE
r-patched-solaris-x86 0.1.0 36.10 NOTE
r-release-linux-x86_64 0.1.0 0.90 12.70 13.60 NOTE
r-release-osx-x86_64-mavericks 0.1.0 NOTE
r-release-windows-ix86+x86_64 0.1.0 6.00 60.00 66.00 NOTE
r-oldrel-windows-ix86+x86_64 0.1.0 7.00 35.00 42.00 OK

Check Details

Version: 0.1.0
Check: R code for possible problems
Result: NOTE
    ParseTrueFX: no visible global function definition for ‘read.csv’
    TrueFXRef: no visible global function definition for ‘download.file’
    TrueFXRef: no visible global function definition for ‘browseURL’
    Undefined global functions or variables:
     browseURL download.file read.csv
    Consider adding
     importFrom("utils", "browseURL", "download.file", "read.csv")
    to your NAMESPACE file.
Flavors: r-devel-linux-x86_64-debian-clang, r-devel-linux-x86_64-debian-gcc, r-devel-windows-ix86+x86_64, r-patched-linux-x86_64, r-patched-solaris-sparc, r-patched-solaris-x86, r-release-linux-x86_64, r-release-osx-x86_64-mavericks, r-release-windows-ix86+x86_64

Version: 0.1.0
Flags: --no-stop-on-test-error
Check: R code for possible problems
Result: NOTE
    ParseTrueFX: no visible global function definition for ‘read.csv’
    TrueFXRef: no visible global function definition for ‘download.file’
    TrueFXRef: no visible global function definition for ‘browseURL’
    Undefined global functions or variables:
     browseURL download.file read.csv
    Consider adding
     importFrom("utils", "browseURL", "download.file", "read.csv")
    to your NAMESPACE file.
Flavors: r-devel-linux-x86_64-fedora-clang, r-devel-linux-x86_64-fedora-gcc, r-devel-macos-x86_64-clang