CRAN Package Check Results for Package TH.data

Last updated on 2015-05-22 12:46:43.

Flavor Version Tinstall Tcheck Ttotal Status Flags
r-devel-linux-x86_64-debian-clang 1.0-6 1.10 6.34 7.44 NOTE
r-devel-linux-x86_64-debian-gcc 1.0-6 1.58 5.83 7.41 NOTE
r-devel-linux-x86_64-fedora-clang NOTE
r-devel-linux-x86_64-fedora-gcc 1.0-6 13.40 NOTE
r-devel-osx-x86_64-clang 1.0-6 18.75 NOTE
r-devel-windows-ix86+x86_64 1.0-6 6.00 12.00 18.00 NOTE
r-patched-linux-x86_64 1.0-6 1.14 6.23 7.38 NOTE
r-patched-solaris-sparc 1.0-6 99.70 NOTE
r-patched-solaris-x86 1.0-6 21.40 NOTE
r-release-linux-x86_64 1.0-6 1.15 6.10 7.26 NOTE
r-release-osx-x86_64-mavericks 1.0-6 NOTE
r-release-osx-x86_64-snowleopard 1.0-6 NOTE
r-release-windows-ix86+x86_64 1.0-6 5.00 12.00 17.00 NOTE
r-oldrel-windows-ix86+x86_64 1.0-6 5.00 11.00 16.00 NOTE

Check Details

Version: 1.0-6
Check: installed package size
Result: NOTE
     installed size is 5.3Mb
     sub-directories of 1Mb or more:
     data 1.1Mb
     rda 3.8Mb
Flavors: r-devel-linux-x86_64-debian-clang, r-devel-linux-x86_64-debian-gcc, r-devel-linux-x86_64-fedora-clang, r-devel-linux-x86_64-fedora-gcc, r-devel-osx-x86_64-clang, r-devel-windows-ix86+x86_64, r-patched-linux-x86_64, r-patched-solaris-sparc, r-patched-solaris-x86, r-release-linux-x86_64, r-release-osx-x86_64-mavericks, r-release-osx-x86_64-snowleopard, r-release-windows-ix86+x86_64, r-oldrel-windows-ix86+x86_64

Version: 1.0-6
Check: package dependencies
Result: NOTE
    Package suggested but not available for checking: ‘dplyr’
Flavor: r-release-osx-x86_64-snowleopard