CRAN Package Check Results for Package TH.data

Last updated on 2017-05-30 02:46:58.

Flavor Version Tinstall Tcheck Ttotal Status Flags
r-devel-linux-x86_64-debian-clang 1.0-8 2.13 16.69 18.83 OK
r-devel-linux-x86_64-debian-gcc 1.0-8 2.10 16.68 18.79 OK
r-devel-linux-x86_64-fedora-clang 1.0-8 41.40 NOTE
r-devel-linux-x86_64-fedora-gcc 1.0-8 39.35 NOTE
r-devel-windows-ix86+x86_64 1.0-8 7.00 56.00 63.00 NOTE
r-patched-linux-x86_64 1.0-8 2.22 16.13 18.35 OK
r-patched-solaris-sparc 1.0-8 240.80 NOTE
r-patched-solaris-x86 1.0-8 56.80 NOTE
r-release-linux-x86_64 1.0-8 2.16 16.94 19.10 OK
r-release-windows-ix86+x86_64 1.0-8 8.00 49.00 57.00 NOTE
r-release-osx-x86_64 1.0-8 NOTE
r-oldrel-windows-ix86+x86_64 1.0-8 6.00 30.00 36.00 NOTE
r-oldrel-osx-x86_64 1.0-8 NOTE

Check Details

Version: 1.0-8
Check: installed package size
Result: NOTE
     installed size is 5.3Mb
     sub-directories of 1Mb or more:
     data 1.2Mb
     rda 3.8Mb
Flavors: r-devel-linux-x86_64-fedora-clang, r-devel-linux-x86_64-fedora-gcc, r-devel-windows-ix86+x86_64, r-patched-solaris-sparc, r-patched-solaris-x86, r-release-windows-ix86+x86_64, r-release-osx-x86_64, r-oldrel-windows-ix86+x86_64, r-oldrel-osx-x86_64