CRAN Package Check Results for Package TH.data

Last updated on 2016-09-26 13:48:11.

Flavor Version Tinstall Tcheck Ttotal Status Flags
r-devel-linux-x86_64-debian-clang 1.0-7 1.82 14.95 16.77 NOTE
r-devel-linux-x86_64-debian-gcc 1.0-7 2.06 14.60 16.66 NOTE
r-devel-linux-x86_64-fedora-clang 1.0-7 34.68 NOTE
r-devel-linux-x86_64-fedora-gcc 1.0-7 33.47 NOTE
r-devel-macos-x86_64-clang 1.0-7 27.17 NOTE
r-devel-windows-ix86+x86_64 1.0-7 7.00 40.00 47.00 NOTE
r-patched-linux-x86_64 1.0-7 1.99 14.60 16.59 NOTE
r-patched-solaris-sparc 1.0-7 216.20 NOTE
r-patched-solaris-x86 1.0-7 49.90 NOTE
r-release-linux-x86_64 1.0-7 1.98 14.69 16.67 NOTE
r-release-osx-x86_64-mavericks 1.0-7 NOTE
r-release-windows-ix86+x86_64 1.0-7 13.00 43.00 56.00 NOTE
r-oldrel-windows-ix86+x86_64 1.0-7 9.00 49.00 58.00 NOTE

Check Details

Version: 1.0-7
Check: installed package size
Result: NOTE
     installed size is 5.3Mb
     sub-directories of 1Mb or more:
     data 1.2Mb
     rda 3.8Mb
Flavors: r-devel-linux-x86_64-debian-clang, r-devel-linux-x86_64-debian-gcc, r-devel-linux-x86_64-fedora-clang, r-devel-linux-x86_64-fedora-gcc, r-devel-macos-x86_64-clang, r-devel-windows-ix86+x86_64, r-patched-linux-x86_64, r-patched-solaris-sparc, r-patched-solaris-x86, r-release-linux-x86_64, r-release-osx-x86_64-mavericks, r-release-windows-ix86+x86_64, r-oldrel-windows-ix86+x86_64