CRAN Package Check Results for Package TH.data

Last updated on 2017-09-24 11:48:44.

Flavor Version Tinstall Tcheck Ttotal Status Flags
r-devel-linux-x86_64-debian-clang 1.0-8 2.00 16.61 18.60 OK
r-devel-linux-x86_64-debian-gcc 1.0-8 2.04 16.65 18.69 OK
r-devel-linux-x86_64-fedora-clang 1.0-8 39.86 NOTE
r-devel-linux-x86_64-fedora-gcc 1.0-8 42.43 NOTE
r-devel-windows-ix86+x86_64 1.0-8 8.00 34.00 42.00 NOTE
r-patched-linux-x86_64 1.0-8 2.12 16.52 18.64 OK
r-patched-solaris-x86 1.0-8 57.30 NOTE
r-release-linux-x86_64 1.0-8 2.08 16.45 18.53 OK
r-release-windows-ix86+x86_64 1.0-8 6.00 37.00 43.00 NOTE
r-release-osx-x86_64 1.0-8 NOTE
r-oldrel-windows-ix86+x86_64 1.0-8 5.00 34.00 39.00 NOTE
r-oldrel-osx-x86_64 1.0-8 NOTE

Check Details

Version: 1.0-8
Check: installed package size
Result: NOTE
     installed size is 5.3Mb
     sub-directories of 1Mb or more:
     data 1.2Mb
     rda 3.8Mb
Flavors: r-devel-linux-x86_64-fedora-clang, r-devel-linux-x86_64-fedora-gcc, r-devel-windows-ix86+x86_64, r-patched-solaris-x86, r-release-windows-ix86+x86_64, r-release-osx-x86_64, r-oldrel-windows-ix86+x86_64, r-oldrel-osx-x86_64