CRAN Package Check Results for Package TH.data

Last updated on 2016-02-11 03:47:26.

Flavor Version Tinstall Tcheck Ttotal Status Flags
r-devel-linux-x86_64-debian-gcc 1.0-7 1.20 5.92 7.13 NOTE
r-devel-linux-x86_64-fedora-clang 1.0-7 12.90 NOTE
r-devel-linux-x86_64-fedora-gcc 1.0-7 12.45 NOTE
r-devel-osx-x86_64-clang 1.0-7 16.34 NOTE
r-devel-windows-ix86+x86_64 1.0-7 7.00 15.00 22.00 NOTE
r-patched-linux-x86_64 1.0-7 1.22 7.05 8.28 NOTE
r-patched-solaris-sparc 1.0-7 89.70 NOTE
r-patched-solaris-x86 1.0-7 20.90 NOTE
r-release-linux-x86_64 1.0-7 1.21 7.36 8.56 NOTE
r-release-osx-x86_64-mavericks 1.0-7 NOTE
r-release-windows-ix86+x86_64 1.0-7 6.00 26.00 32.00 NOTE
r-oldrel-windows-ix86+x86_64 1.0-7 6.00 23.00 29.00 NOTE

Check Details

Version: 1.0-7
Check: installed package size
Result: NOTE
     installed size is 5.3Mb
     sub-directories of 1Mb or more:
     data 1.2Mb
     rda 3.8Mb
Flavors: r-devel-linux-x86_64-debian-gcc, r-devel-linux-x86_64-fedora-clang, r-devel-linux-x86_64-fedora-gcc, r-devel-osx-x86_64-clang, r-devel-windows-ix86+x86_64, r-patched-linux-x86_64, r-patched-solaris-sparc, r-patched-solaris-x86, r-release-linux-x86_64, r-release-osx-x86_64-mavericks, r-release-windows-ix86+x86_64, r-oldrel-windows-ix86+x86_64