CRAN Package Check Results for Package TH.data

Last updated on 2016-05-31 06:47:43.

Flavor Version Tinstall Tcheck Ttotal Status Flags
r-devel-linux-x86_64-debian-gcc 1.0-7 2.26 16.34 18.61 NOTE
r-devel-linux-x86_64-fedora-clang 1.0-7 35.20 NOTE
r-devel-linux-x86_64-fedora-gcc 1.0-7 32.66 NOTE
r-devel-osx-x86_64-clang 1.0-7 39.24 NOTE
r-devel-windows-ix86+x86_64 1.0-7 6.00 33.00 39.00 NOTE
r-patched-linux-x86_64 1.0-7 2.26 16.24 18.49 NOTE
r-patched-solaris-sparc 1.0-7 214.30 NOTE
r-patched-solaris-x86 1.0-7 51.50 NOTE
r-release-linux-x86_64 1.0-7 2.23 16.18 18.41 NOTE
r-release-osx-x86_64-mavericks 1.0-7 NOTE
r-release-windows-ix86+x86_64 1.0-7 8.00 39.00 47.00 NOTE
r-oldrel-windows-ix86+x86_64 1.0-7 7.00 35.00 42.00 NOTE

Check Details

Version: 1.0-7
Check: installed package size
Result: NOTE
     installed size is 5.3Mb
     sub-directories of 1Mb or more:
     data 1.2Mb
     rda 3.8Mb
Flavors: r-devel-linux-x86_64-debian-gcc, r-devel-linux-x86_64-fedora-clang, r-devel-linux-x86_64-fedora-gcc, r-devel-osx-x86_64-clang, r-devel-windows-ix86+x86_64, r-patched-linux-x86_64, r-patched-solaris-sparc, r-patched-solaris-x86, r-release-linux-x86_64, r-release-osx-x86_64-mavericks, r-release-windows-ix86+x86_64, r-oldrel-windows-ix86+x86_64