CRAN Package Check Results for Package TH.data

Last updated on 2016-12-05 09:51:16.

Flavor Version Tinstall Tcheck Ttotal Status Flags
r-devel-linux-x86_64-debian-clang 1.0-7 2.08 15.84 17.92 OK
r-devel-linux-x86_64-debian-gcc 1.0-7 2.07 15.69 17.76 OK
r-devel-linux-x86_64-fedora-clang 1.0-7 42.07 NOTE --no-stop-on-test-error
r-devel-linux-x86_64-fedora-gcc 1.0-7 39.07 NOTE --no-stop-on-test-error
r-devel-macos-x86_64-clang 1.0-7 30.90 NOTE
r-devel-windows-ix86+x86_64 1.0-7 6.00 36.00 42.00 NOTE
r-patched-linux-x86_64 1.0-7 1.91 14.63 16.55 OK
r-patched-solaris-sparc 1.0-7 216.20 NOTE
r-patched-solaris-x86 1.0-7 49.80 NOTE
r-release-linux-x86_64 1.0-7 1.92 14.28 16.21 OK
r-release-osx-x86_64-mavericks 1.0-7 NOTE
r-release-windows-ix86+x86_64 1.0-7 8.00 36.00 44.00 NOTE
r-oldrel-windows-ix86+x86_64 1.0-7 6.00 32.00 38.00 NOTE

Check Details

Version: 1.0-7
Flags: --no-stop-on-test-error
Check: installed package size
Result: NOTE
     installed size is 5.3Mb
     sub-directories of 1Mb or more:
     data 1.2Mb
     rda 3.8Mb
Flavors: r-devel-linux-x86_64-fedora-clang, r-devel-linux-x86_64-fedora-gcc

Version: 1.0-7
Check: installed package size
Result: NOTE
     installed size is 5.2Mb
     sub-directories of 1Mb or more:
     data 1.1Mb
     rda 3.8Mb
Flavors: r-devel-macos-x86_64-clang, r-devel-windows-ix86+x86_64, r-patched-solaris-sparc, r-patched-solaris-x86, r-release-osx-x86_64-mavericks, r-release-windows-ix86+x86_64, r-oldrel-windows-ix86+x86_64