CRAN Package Check Results for Package TH.data

Last updated on 2017-11-19 19:51:00.

Flavor Version Tinstall Tcheck Ttotal Status Flags
r-devel-linux-x86_64-debian-clang 1.0-8 1.92 16.48 18.40 OK
r-devel-linux-x86_64-debian-gcc 1.0-8 1.98 31.92 33.90 OK
r-devel-linux-x86_64-fedora-clang 1.0-8 39.64 NOTE
r-devel-linux-x86_64-fedora-gcc 1.0-8 52.13 NOTE
r-devel-windows-ix86+x86_64 1.0-8 7.00 38.00 45.00 NOTE
r-patched-linux-x86_64 1.0-8 2.17 16.99 19.16 OK
r-patched-solaris-x86 1.0-8 57.70 NOTE
r-release-linux-x86_64 1.0-8 2.06 16.74 18.79 OK
r-release-windows-ix86+x86_64 1.0-8 7.00 50.00 57.00 NOTE
r-release-osx-x86_64 1.0-8 NOTE
r-oldrel-windows-ix86+x86_64 1.0-8 5.00 51.00 56.00 NOTE
r-oldrel-osx-x86_64 1.0-8 NOTE

Check Details

Version: 1.0-8
Check: installed package size
Result: NOTE
     installed size is 5.3Mb
     sub-directories of 1Mb or more:
     data 1.2Mb
     rda 3.8Mb
Flavors: r-devel-linux-x86_64-fedora-clang, r-devel-linux-x86_64-fedora-gcc, r-devel-windows-ix86+x86_64, r-patched-solaris-x86, r-release-windows-ix86+x86_64, r-release-osx-x86_64, r-oldrel-windows-ix86+x86_64, r-oldrel-osx-x86_64