CRAN Package Check Results for Package TH.data

Last updated on 2014-12-19 12:48:31.

Flavor Version Tinstall Tcheck Ttotal Status Flags
r-devel-linux-x86_64-debian-clang 1.0-5 1.22 6.71 7.93 NOTE
r-devel-linux-x86_64-debian-gcc 1.0-5 1.14 6.34 7.48 NOTE
r-devel-linux-x86_64-fedora-clang 1.0-5 15.58 NOTE
r-devel-linux-x86_64-fedora-gcc 1.0-5 14.76 NOTE
r-devel-osx-x86_64-clang 1.0-5 18.81 NOTE
r-devel-windows-ix86+x86_64 1.0-5 5.00 11.00 16.00 NOTE
r-patched-linux-x86_64 1.0-5 1.16 6.75 7.91 NOTE
r-patched-solaris-sparc 1.0-5 112.90 NOTE
r-patched-solaris-x86 1.0-5 24.50 NOTE
r-release-linux-ix86 1.0-5 1.78 10.05 11.82 NOTE
r-release-linux-x86_64 1.0-5 1.15 6.45 7.60 NOTE
r-release-osx-x86_64-mavericks 1.0-5 NOTE
r-release-osx-x86_64-snowleopard 1.0-5 NOTE
r-release-windows-ix86+x86_64 1.0-5 5.00 12.00 17.00 NOTE
r-oldrel-windows-ix86+x86_64 1.0-5 4.00 11.00 15.00 NOTE

Check Details

Version: 1.0-5
Check: installed package size
Result: NOTE
     installed size is 5.3Mb
     sub-directories of 1Mb or more:
     data 1.1Mb
     rda 3.8Mb
Flavors: r-devel-linux-x86_64-debian-clang, r-devel-linux-x86_64-debian-gcc, r-devel-linux-x86_64-fedora-clang, r-devel-linux-x86_64-fedora-gcc, r-devel-osx-x86_64-clang, r-devel-windows-ix86+x86_64, r-patched-linux-x86_64, r-patched-solaris-sparc, r-patched-solaris-x86, r-release-linux-ix86, r-release-linux-x86_64, r-release-osx-x86_64-mavericks, r-release-osx-x86_64-snowleopard, r-release-windows-ix86+x86_64, r-oldrel-windows-ix86+x86_64