CRAN Package Check Results for Package TH.data

Last updated on 2015-01-29 07:49:02.

Flavor Version Tinstall Tcheck Ttotal Status Flags
r-devel-linux-x86_64-debian-clang 1.0-6 1.19 7.04 8.23 NOTE
r-devel-linux-x86_64-debian-gcc 1.0-6 1.07 6.02 7.09 NOTE
r-devel-linux-x86_64-fedora-clang 1.0-6 15.50 NOTE
r-devel-linux-x86_64-fedora-gcc 1.0-6 15.00 NOTE
r-devel-osx-x86_64-clang 1.0-6 19.33 NOTE
r-devel-windows-ix86+x86_64 1.0-6 7.00 11.00 18.00 NOTE
r-patched-linux-x86_64 1.0-6 1.15 6.58 7.73 NOTE
r-patched-solaris-sparc 1.0-6 96.00 NOTE
r-patched-solaris-x86 1.0-6 24.50 NOTE
r-release-linux-ix86 1.0-6 1.62 10.21 11.83 NOTE
r-release-linux-x86_64 1.0-6 1.16 6.19 7.35 NOTE
r-release-osx-x86_64-mavericks 1.0-6 NOTE
r-release-osx-x86_64-snowleopard 1.0-6 NOTE
r-release-windows-ix86+x86_64 1.0-6 6.00 12.00 18.00 NOTE
r-oldrel-windows-ix86+x86_64 1.0-6 5.00 11.00 16.00 NOTE

Check Details

Version: 1.0-6
Check: installed package size
Result: NOTE
     installed size is 5.3Mb
     sub-directories of 1Mb or more:
     data 1.1Mb
     rda 3.8Mb
Flavors: r-devel-linux-x86_64-debian-clang, r-devel-linux-x86_64-debian-gcc, r-devel-linux-x86_64-fedora-clang, r-devel-linux-x86_64-fedora-gcc, r-devel-osx-x86_64-clang, r-devel-windows-ix86+x86_64, r-patched-linux-x86_64, r-patched-solaris-sparc, r-patched-solaris-x86, r-release-linux-ix86, r-release-linux-x86_64, r-release-osx-x86_64-mavericks, r-release-osx-x86_64-snowleopard, r-release-windows-ix86+x86_64, r-oldrel-windows-ix86+x86_64