CRAN Package Check Results for Package TH.data

Last updated on 2015-04-01 16:52:18.

Flavor Version Tinstall Tcheck Ttotal Status Flags
r-devel-linux-x86_64-debian-clang 1.0-6 1.12 6.77 7.89 NOTE
r-devel-linux-x86_64-debian-gcc 1.0-6 1.47 6.92 8.39 NOTE
r-devel-linux-x86_64-fedora-clang 1.0-6 13.75 NOTE
r-devel-linux-x86_64-fedora-gcc 1.0-6 13.37 NOTE
r-devel-osx-x86_64-clang 1.0-6 19.67 NOTE
r-prerel-windows-ix86+x86_64 1.0-6 6.00 11.00 17.00 NOTE
r-prerel-linux-x86_64 1.0-6 1.16 6.04 7.20 NOTE
r-prerel-solaris-sparc 1.0-6 99.70 NOTE
r-prerel-solaris-x86 1.0-6 21.30 NOTE
r-release-linux-x86_64 1.0-6 1.15 6.52 7.68 NOTE
r-release-osx-x86_64-mavericks 1.0-6 NOTE
r-release-osx-x86_64-snowleopard 1.0-6 NOTE
r-release-windows-ix86+x86_64 1.0-6 4.00 13.00 17.00 NOTE
r-oldrel-windows-ix86+x86_64 1.0-6 4.00 13.00 17.00 NOTE

Check Details

Version: 1.0-6
Check: installed package size
Result: NOTE
     installed size is 5.3Mb
     sub-directories of 1Mb or more:
     data 1.1Mb
     rda 3.8Mb
Flavors: r-devel-linux-x86_64-debian-clang, r-devel-linux-x86_64-debian-gcc, r-devel-linux-x86_64-fedora-clang, r-devel-linux-x86_64-fedora-gcc, r-devel-osx-x86_64-clang, r-prerel-windows-ix86+x86_64, r-prerel-linux-x86_64, r-prerel-solaris-sparc, r-prerel-solaris-x86, r-release-linux-x86_64, r-release-osx-x86_64-mavericks, r-release-osx-x86_64-snowleopard, r-release-windows-ix86+x86_64, r-oldrel-windows-ix86+x86_64