CRAN Package Check Results for Package TH.data

Last updated on 2016-06-25 11:49:27.

Flavor Version Tinstall Tcheck Ttotal Status Flags
r-devel-linux-x86_64-debian-gcc 1.0-7 2.16 16.10 18.27 NOTE
r-devel-linux-x86_64-fedora-clang 1.0-7 35.11 NOTE
r-devel-linux-x86_64-fedora-gcc 1.0-7 33.20 NOTE
r-devel-osx-x86_64-clang 1.0-7 29.25 NOTE
r-devel-windows-ix86+x86_64 1.0-7 8.00 37.00 45.00 NOTE
r-patched-linux-x86_64 1.0-7 2.49 16.72 19.21 NOTE
r-patched-solaris-sparc 1.0-7 216.20 NOTE
r-patched-solaris-x86 1.0-7 49.20 NOTE
r-release-linux-x86_64 1.0-7 2.48 16.87 19.35 NOTE
r-release-osx-x86_64-mavericks 1.0-7 NOTE
r-release-windows-ix86+x86_64 1.0-7 10.00 37.00 47.00 NOTE
r-oldrel-windows-ix86+x86_64 1.0-7 10.00 38.00 48.00 NOTE

Check Details

Version: 1.0-7
Check: installed package size
Result: NOTE
     installed size is 5.3Mb
     sub-directories of 1Mb or more:
     data 1.2Mb
     rda 3.8Mb
Flavors: r-devel-linux-x86_64-debian-gcc, r-devel-linux-x86_64-fedora-clang, r-devel-linux-x86_64-fedora-gcc, r-devel-osx-x86_64-clang, r-devel-windows-ix86+x86_64, r-patched-linux-x86_64, r-patched-solaris-sparc, r-patched-solaris-x86, r-release-linux-x86_64, r-release-osx-x86_64-mavericks, r-release-windows-ix86+x86_64, r-oldrel-windows-ix86+x86_64