CRAN Package Check Results for Package TH.data

Last updated on 2015-03-06 23:48:34.

Flavor Version Tinstall Tcheck Ttotal Status Flags
r-devel-linux-x86_64-debian-clang 1.0-6 1.18 5.99 7.17 NOTE
r-devel-linux-x86_64-debian-gcc 1.0-6 1.06 6.20 7.26 NOTE
r-devel-linux-x86_64-fedora-clang 1.0-6 13.22 NOTE
r-devel-linux-x86_64-fedora-gcc 1.0-6 13.13 NOTE
r-devel-osx-x86_64-clang 1.0-6 18.09 NOTE
r-devel-windows-ix86+x86_64 1.0-6 6.00 13.00 19.00 NOTE
r-patched-linux-x86_64 1.0-6 1.25 6.38 7.64 NOTE
r-patched-solaris-sparc 1.0-6 103.70 NOTE
r-patched-solaris-x86 1.0-6 24.90 NOTE
r-release-linux-ix86 1.0-6 1.64 10.44 12.08 NOTE
r-release-linux-x86_64 1.0-6 1.17 6.41 7.58 NOTE
r-release-osx-x86_64-mavericks 1.0-6 NOTE
r-release-osx-x86_64-snowleopard 1.0-6 NOTE
r-release-windows-ix86+x86_64 1.0-6 4.00 12.00 16.00 NOTE
r-oldrel-windows-ix86+x86_64 1.0-6 4.00 12.00 16.00 NOTE

Check Details

Version: 1.0-6
Check: installed package size
Result: NOTE
     installed size is 5.3Mb
     sub-directories of 1Mb or more:
     data 1.1Mb
     rda 3.8Mb
Flavors: r-devel-linux-x86_64-debian-clang, r-devel-linux-x86_64-debian-gcc, r-devel-linux-x86_64-fedora-clang, r-devel-linux-x86_64-fedora-gcc, r-devel-osx-x86_64-clang, r-devel-windows-ix86+x86_64, r-patched-linux-x86_64, r-patched-solaris-sparc, r-patched-solaris-x86, r-release-linux-ix86, r-release-linux-x86_64, r-release-osx-x86_64-mavericks, r-release-osx-x86_64-snowleopard, r-release-windows-ix86+x86_64, r-oldrel-windows-ix86+x86_64