CRAN Package Check Results for Package TH.data

Last updated on 2015-07-05 03:47:49.

Flavor Version Tinstall Tcheck Ttotal Status Flags
r-devel-linux-x86_64-debian-clang 1.0-6 1.15 5.83 6.98 NOTE
r-devel-linux-x86_64-debian-gcc 1.0-6 1.36 5.63 6.99 NOTE
r-devel-linux-x86_64-fedora-clang 1.0-6 12.58 NOTE
r-devel-linux-x86_64-fedora-gcc 1.0-6 12.77 NOTE
r-devel-osx-x86_64-clang 1.0-6 13.52 NOTE
r-devel-windows-ix86+x86_64 1.0-6 4.00 12.00 16.00 NOTE
r-patched-linux-x86_64 1.0-6 1.12 6.08 7.20 NOTE
r-patched-solaris-sparc 1.0-6 90.10 NOTE
r-patched-solaris-x86 1.0-6 21.60 NOTE
r-release-linux-x86_64 1.0-6 1.14 6.43 7.58 NOTE
r-release-osx-x86_64-mavericks 1.0-6 NOTE
r-release-windows-ix86+x86_64 1.0-6 6.00 12.00 18.00 NOTE
r-oldrel-windows-ix86+x86_64 1.0-6 7.00 12.00 19.00 NOTE

Check Details

Version: 1.0-6
Check: installed package size
Result: NOTE
     installed size is 5.3Mb
     sub-directories of 1Mb or more:
     data 1.1Mb
     rda 3.8Mb
Flavors: r-devel-linux-x86_64-debian-clang, r-devel-linux-x86_64-debian-gcc, r-devel-linux-x86_64-fedora-clang, r-devel-linux-x86_64-fedora-gcc, r-devel-osx-x86_64-clang, r-devel-windows-ix86+x86_64, r-patched-linux-x86_64, r-patched-solaris-sparc, r-patched-solaris-x86, r-release-linux-x86_64, r-release-osx-x86_64-mavericks, r-release-windows-ix86+x86_64, r-oldrel-windows-ix86+x86_64