CRAN Package Check Results for Package TH.data

Last updated on 2017-01-21 21:50:01.

Flavor Version Tinstall Tcheck Ttotal Status Flags
r-devel-linux-x86_64-debian-clang 1.0-7 2.08 15.76 17.85 OK
r-devel-linux-x86_64-debian-gcc 1.0-7 2.09 15.70 17.79 OK
r-devel-linux-x86_64-fedora-clang 1.0-7 37.87 NOTE --no-stop-on-test-error
r-devel-linux-x86_64-fedora-gcc 1.0-7 34.64 NOTE --no-stop-on-test-error
r-devel-macos-x86_64-clang 1.0-7 30.45 NOTE --no-stop-on-test-error
r-devel-windows-ix86+x86_64 1.0-7 8.00 37.00 45.00 NOTE
r-patched-linux-x86_64 1.0-7 2.17 14.80 16.97 OK
r-patched-solaris-sparc 1.0-7 222.10 NOTE
r-patched-solaris-x86 1.0-7 50.20 NOTE
r-release-linux-x86_64 1.0-7 2.00 14.57 16.57 OK
r-release-osx-x86_64-mavericks 1.0-7 NOTE
r-release-windows-ix86+x86_64 1.0-7 16.00 44.00 60.00 NOTE
r-oldrel-windows-ix86+x86_64 1.0-7 14.00 48.00 62.00 NOTE

Check Details

Version: 1.0-7
Flags: --no-stop-on-test-error
Check: installed package size
Result: NOTE
     installed size is 5.3Mb
     sub-directories of 1Mb or more:
     data 1.2Mb
     rda 3.8Mb
Flavors: r-devel-linux-x86_64-fedora-clang, r-devel-linux-x86_64-fedora-gcc, r-devel-macos-x86_64-clang

Version: 1.0-7
Check: installed package size
Result: NOTE
     installed size is 5.2Mb
     sub-directories of 1Mb or more:
     data 1.1Mb
     rda 3.8Mb
Flavors: r-devel-windows-ix86+x86_64, r-patched-solaris-sparc, r-patched-solaris-x86, r-release-osx-x86_64-mavericks, r-release-windows-ix86+x86_64, r-oldrel-windows-ix86+x86_64