CRAN Package Check Results for Package TH.data

Last updated on 2018-01-18 22:47:51 CET.

Flavor Version Tinstall Tcheck Ttotal Status Flags
r-devel-linux-x86_64-debian-clang 1.0-8 2.75 22.49 25.24 OK
r-devel-linux-x86_64-debian-gcc 1.0-8 1.98 19.07 21.05 OK
r-devel-linux-x86_64-fedora-clang 1.0-8 34.96 NOTE
r-devel-linux-x86_64-fedora-gcc 1.0-8 34.13 NOTE
r-devel-windows-ix86+x86_64 1.0-8 8.00 37.00 45.00 NOTE
r-patched-linux-x86_64 1.0-8 2.96 25.20 28.16 OK
r-patched-solaris-x86 1.0-8 62.10 NOTE
r-release-linux-x86_64 1.0-8 2.63 25.45 28.08 OK
r-release-windows-ix86+x86_64 1.0-8 7.00 37.00 44.00 NOTE
r-release-osx-x86_64 1.0-8 NOTE
r-oldrel-windows-ix86+x86_64 1.0-8 9.00 47.00 56.00 NOTE
r-oldrel-osx-x86_64 1.0-8 NOTE

Check Details

Version: 1.0-8
Check: installed package size
Result: NOTE
     installed size is 5.3Mb
     sub-directories of 1Mb or more:
     data 1.2Mb
     rda 3.8Mb
Flavors: r-devel-linux-x86_64-fedora-clang, r-devel-linux-x86_64-fedora-gcc, r-devel-windows-ix86+x86_64, r-patched-solaris-x86, r-release-windows-ix86+x86_64, r-release-osx-x86_64, r-oldrel-windows-ix86+x86_64, r-oldrel-osx-x86_64