CRAN Package Check Results for Package TH.data

Last updated on 2014-11-28 19:51:32.

Flavor Version Tinstall Tcheck Ttotal Status Flags
r-devel-linux-x86_64-debian-clang 1.0-5 1.14 6.40 7.54 NOTE
r-devel-linux-x86_64-debian-gcc 1.0-5 1.09 6.28 7.37 NOTE
r-devel-linux-x86_64-fedora-clang 1.0-5 15.29 NOTE
r-devel-linux-x86_64-fedora-gcc 1.0-5 16.87 NOTE
r-devel-osx-x86_64-clang 1.0-5 18.34 NOTE
r-devel-windows-ix86+x86_64 1.0-5 3.00 11.00 14.00 NOTE
r-patched-linux-x86_64 1.0-5 1.54 6.78 8.32 NOTE
r-patched-solaris-sparc 1.0-5 112.90 NOTE
r-patched-solaris-x86 1.0-5 24.30 NOTE
r-release-linux-ix86 1.0-4 1.54 10.46 12.00 OK
r-release-linux-x86_64 1.0-5 1.17 6.61 7.78 NOTE
r-release-osx-x86_64-mavericks 1.0-5 NOTE
r-release-osx-x86_64-snowleopard 1.0-5 NOTE
r-release-windows-ix86+x86_64 1.0-5 4.00 13.00 17.00 NOTE
r-oldrel-windows-ix86+x86_64 1.0-5 4.00 12.00 16.00 NOTE

Check Details

Version: 1.0-5
Check: installed package size
Result: NOTE
     installed size is 5.3Mb
     sub-directories of 1Mb or more:
     data 1.1Mb
     rda 3.8Mb
Flavors: r-devel-linux-x86_64-debian-clang, r-devel-linux-x86_64-debian-gcc, r-devel-linux-x86_64-fedora-clang, r-devel-linux-x86_64-fedora-gcc, r-devel-osx-x86_64-clang, r-devel-windows-ix86+x86_64, r-patched-linux-x86_64, r-patched-solaris-sparc, r-patched-solaris-x86, r-release-linux-x86_64, r-release-osx-x86_64-mavericks, r-release-osx-x86_64-snowleopard, r-release-windows-ix86+x86_64, r-oldrel-windows-ix86+x86_64