CRAN Package Check Results for Package TH.data

Last updated on 2017-02-24 19:48:41.

Flavor Version Tinstall Tcheck Ttotal Status Flags
r-devel-linux-x86_64-debian-clang 1.0-8 2.02 16.22 18.25 OK
r-devel-linux-x86_64-debian-gcc 1.0-8 2.36 16.75 19.11 OK
r-devel-linux-x86_64-fedora-clang 1.0-8 39.72 NOTE --no-stop-on-test-error
r-devel-linux-x86_64-fedora-gcc 1.0-8 39.52 NOTE --no-stop-on-test-error
r-devel-macos-x86_64-clang 1.0-8 32.01 NOTE --no-stop-on-test-error
r-devel-windows-ix86+x86_64 1.0-8 8.00 37.00 45.00 NOTE
r-patched-linux-x86_64 1.0-8 2.22 14.64 16.86 OK
r-patched-solaris-sparc 1.0-8 188.30 NOTE
r-patched-solaris-x86 1.0-8 51.20 NOTE
r-release-linux-x86_64 1.0-8 1.95 14.75 16.71 OK
r-release-osx-x86_64-mavericks 1.0-8 NOTE
r-release-windows-ix86+x86_64 1.0-8 15.00 49.00 64.00 NOTE
r-oldrel-windows-ix86+x86_64 1.0-8 9.00 67.00 76.00 NOTE

Check Details

Version: 1.0-8
Flags: --no-stop-on-test-error
Check: installed package size
Result: NOTE
     installed size is 5.3Mb
     sub-directories of 1Mb or more:
     data 1.2Mb
     rda 3.8Mb
Flavors: r-devel-linux-x86_64-fedora-clang, r-devel-linux-x86_64-fedora-gcc, r-devel-macos-x86_64-clang

Version: 1.0-8
Check: installed package size
Result: NOTE
     installed size is 5.2Mb
     sub-directories of 1Mb or more:
     data 1.1Mb
     rda 3.8Mb
Flavors: r-devel-windows-ix86+x86_64, r-patched-solaris-sparc, r-patched-solaris-x86, r-release-osx-x86_64-mavericks, r-release-windows-ix86+x86_64, r-oldrel-windows-ix86+x86_64