CRAN Package Check Results for Package TH.data

Last updated on 2017-04-24 12:48:05.

Flavor Version Tinstall Tcheck Ttotal Status Flags
r-devel-linux-x86_64-debian-clang 1.0-8 2.31 17.05 19.36 OK
r-devel-linux-x86_64-debian-gcc 1.0-8 2.42 16.91 19.33 OK
r-devel-linux-x86_64-fedora-clang 1.0-8 38.62 NOTE --no-stop-on-test-error
r-devel-linux-x86_64-fedora-gcc 1.0-8 41.82 NOTE --no-stop-on-test-error
r-devel-windows-ix86+x86_64 1.0-8 11.00 41.00 52.00 NOTE
r-patched-linux-x86_64 1.0-8 2.14 17.22 19.36 OK
r-patched-solaris-sparc 1.0-8 240.80 NOTE
r-patched-solaris-x86 1.0-8 55.50 NOTE
r-release-linux-x86_64 1.0-8 2.04 16.61 18.65 OK
r-release-windows-ix86+x86_64 1.0-8 9.00 41.00 50.00 NOTE
r-release-osx-x86_64 1.0-8 NOTE
r-oldrel-windows-ix86+x86_64 1.0-8 6.00 35.00 41.00 NOTE
r-oldrel-osx-x86_64 1.0-8 NOTE

Check Details

Version: 1.0-8
Flags: --no-stop-on-test-error
Check: installed package size
Result: NOTE
     installed size is 5.3Mb
     sub-directories of 1Mb or more:
     data 1.2Mb
     rda 3.8Mb
Flavors: r-devel-linux-x86_64-fedora-clang, r-devel-linux-x86_64-fedora-gcc

Version: 1.0-8
Check: installed package size
Result: NOTE
     installed size is 5.2Mb
     sub-directories of 1Mb or more:
     data 1.1Mb
     rda 3.8Mb
Flavors: r-devel-windows-ix86+x86_64, r-patched-solaris-sparc, r-patched-solaris-x86, r-release-windows-ix86+x86_64, r-release-osx-x86_64, r-oldrel-windows-ix86+x86_64, r-oldrel-osx-x86_64