CRAN Package Check Results for Package TH.data

Last updated on 2016-07-29 03:48:26.

Flavor Version Tinstall Tcheck Ttotal Status Flags
r-devel-linux-x86_64-debian-clang 1.0-7 2.27 18.73 21.00 NOTE
r-devel-linux-x86_64-debian-gcc 1.0-7 2.80 18.95 21.76 NOTE
r-devel-linux-x86_64-fedora-clang 1.0-7 35.88 NOTE
r-devel-linux-x86_64-fedora-gcc 1.0-7 33.15 NOTE
r-devel-osx-x86_64-clang 1.0-7 29.23 NOTE
r-devel-windows-ix86+x86_64 1.0-7 9.00 37.00 46.00 NOTE
r-patched-linux-x86_64 1.0-7 3.26 18.59 21.86 NOTE
r-patched-solaris-sparc 1.0-7 216.20 NOTE
r-patched-solaris-x86 1.0-7 48.60 NOTE
r-release-linux-x86_64 1.0-7 2.58 18.18 20.76 NOTE
r-release-osx-x86_64-mavericks 1.0-7 NOTE
r-release-windows-ix86+x86_64 1.0-7 8.00 46.00 54.00 NOTE
r-oldrel-windows-ix86+x86_64 1.0-7 9.00 34.00 43.00 NOTE

Check Details

Version: 1.0-7
Check: installed package size
Result: NOTE
     installed size is 5.3Mb
     sub-directories of 1Mb or more:
     data 1.2Mb
     rda 3.8Mb
Flavors: r-devel-linux-x86_64-debian-clang, r-devel-linux-x86_64-debian-gcc, r-devel-linux-x86_64-fedora-clang, r-devel-linux-x86_64-fedora-gcc, r-devel-osx-x86_64-clang, r-devel-windows-ix86+x86_64, r-patched-linux-x86_64, r-patched-solaris-sparc, r-patched-solaris-x86, r-release-linux-x86_64, r-release-osx-x86_64-mavericks, r-release-windows-ix86+x86_64, r-oldrel-windows-ix86+x86_64