CRAN Package Check Results for Package TH.data

Last updated on 2017-03-27 03:50:12.

Flavor Version Tinstall Tcheck Ttotal Status Flags
r-devel-linux-x86_64-debian-clang 1.0-8 2.28 16.39 18.67 OK
r-devel-linux-x86_64-debian-gcc 1.0-8 2.17 16.45 18.62 OK
r-devel-linux-x86_64-fedora-clang 1.0-8 40.33 NOTE --no-stop-on-test-error
r-devel-linux-x86_64-fedora-gcc 1.0-8 39.82 NOTE --no-stop-on-test-error
r-devel-macos-x86_64-clang 1.0-8 33.39 NOTE --no-stop-on-test-error
r-patched-linux-x86_64 1.0-8 2.02 16.48 18.50 OK
r-patched-solaris-sparc 1.0-8 240.80 NOTE
r-patched-solaris-x86 1.0-8 56.60 NOTE
r-release-linux-x86_64 1.0-8 1.94 15.19 17.13 OK
r-release-osx-x86_64-mavericks 1.0-8 NOTE
r-release-windows-ix86+x86_64 1.0-8 8.00 37.00 45.00 NOTE
r-oldrel-windows-ix86+x86_64 1.0-8 7.00 33.00 40.00 NOTE

Check Details

Version: 1.0-8
Flags: --no-stop-on-test-error
Check: installed package size
Result: NOTE
     installed size is 5.3Mb
     sub-directories of 1Mb or more:
     data 1.2Mb
     rda 3.8Mb
Flavors: r-devel-linux-x86_64-fedora-clang, r-devel-linux-x86_64-fedora-gcc, r-devel-macos-x86_64-clang

Version: 1.0-8
Check: installed package size
Result: NOTE
     installed size is 5.6Mb
     sub-directories of 1Mb or more:
     data 1.3Mb
     rda 4.1Mb
Flavors: r-patched-solaris-sparc, r-patched-solaris-x86, r-release-osx-x86_64-mavericks, r-release-windows-ix86+x86_64, r-oldrel-windows-ix86+x86_64