CRAN Package Check Results for Package TH.data

Last updated on 2018-05-25 00:47:01 CEST.

Flavor Version Tinstall Tcheck Ttotal Status Flags
r-devel-linux-x86_64-debian-clang 1.0-8 3.06 26.85 29.91 OK
r-devel-linux-x86_64-debian-gcc 1.0-8 2.48 24.46 26.94 OK
r-devel-linux-x86_64-fedora-clang 1.0-8 41.13 NOTE
r-devel-linux-x86_64-fedora-gcc 1.0-8 39.79 NOTE
r-devel-windows-ix86+x86_64 1.0-8 7.00 41.00 48.00 NOTE
r-patched-linux-x86_64 1.0-8 2.67 25.82 28.49 OK
r-patched-solaris-x86 1.0-8 58.70 NOTE
r-release-linux-x86_64 1.0-8 2.59 26.22 28.81 OK
r-release-windows-ix86+x86_64 1.0-8 10.00 39.00 49.00 NOTE
r-release-osx-x86_64 1.0-8 NOTE
r-oldrel-windows-ix86+x86_64 1.0-8 10.00 35.00 45.00 NOTE
r-oldrel-osx-x86_64 1.0-8 NOTE

Check Details

Version: 1.0-8
Check: installed package size
Result: NOTE
     installed size is 5.3Mb
     sub-directories of 1Mb or more:
     data 1.2Mb
     rda 3.8Mb
Flavors: r-devel-linux-x86_64-fedora-clang, r-devel-linux-x86_64-fedora-gcc, r-devel-windows-ix86+x86_64, r-patched-solaris-x86, r-release-windows-ix86+x86_64, r-release-osx-x86_64, r-oldrel-windows-ix86+x86_64, r-oldrel-osx-x86_64