CRAN Package Check Results for Package TIMP

Last updated on 2020-02-20 12:47:27 CET.

Flavor Version Tinstall Tcheck Ttotal Status Flags
r-devel-linux-x86_64-debian-clang 1.13.2 19.78 128.13 147.91 NOTE
r-devel-linux-x86_64-debian-gcc 1.13.2 15.06 94.33 109.39 NOTE
r-devel-linux-x86_64-fedora-clang 1.13.2 170.37 WARN
r-devel-linux-x86_64-fedora-gcc 1.13.2 179.77 NOTE
r-devel-windows-ix86+x86_64 1.13.2 28.00 169.00 197.00 OK
r-devel-windows-ix86+x86_64-gcc8 1.13.2 44.00 258.00 302.00 OK
r-patched-linux-x86_64 1.13.2 16.50 110.28 126.78 OK
r-patched-solaris-x86 1.13.2 203.60 OK
r-release-linux-x86_64 1.13.2 17.00 111.35 128.35 OK
r-release-windows-ix86+x86_64 1.13.2 25.00 173.00 198.00 OK
r-release-osx-x86_64 1.13.2 OK
r-oldrel-windows-ix86+x86_64 1.13.2 19.00 169.00 188.00 OK
r-oldrel-osx-x86_64 1.13.2 OK

Check Details

Version: 1.13.2
Check: for non-standard things in the check directory
Result: NOTE
    Found the following files/directories:
     '_paramEst.txt'
Flavors: r-devel-linux-x86_64-debian-clang, r-devel-linux-x86_64-debian-gcc, r-devel-linux-x86_64-fedora-clang, r-devel-linux-x86_64-fedora-gcc

Version: 1.13.2
Check: package dependencies
Result: WARN
    Requires orphaned package: ‘gplots’
Flavor: r-devel-linux-x86_64-fedora-clang