CRAN Package Check Results for Package TIMP

Last updated on 2017-12-18 16:48:34 CET.

Flavor Version Tinstall Tcheck Ttotal Status Flags
r-devel-linux-x86_64-debian-clang 1.13.0 4.35 111.04 115.39 NOTE
r-devel-linux-x86_64-debian-gcc 1.13.0 4.23 94.45 98.68 NOTE
r-devel-linux-x86_64-fedora-clang 1.13.0 146.44 NOTE
r-devel-linux-x86_64-fedora-gcc 1.13.0 141.57 NOTE
r-devel-windows-ix86+x86_64 1.13.0 10.00 162.00 172.00 OK
r-patched-linux-x86_64 1.13.0 5.31 127.72 133.03 NOTE
r-patched-solaris-x86 1.13.0 173.20 OK
r-release-linux-x86_64 1.13.0 5.38 125.09 130.47 NOTE
r-release-windows-ix86+x86_64 1.13.0 12.00 264.00 276.00 OK
r-release-osx-x86_64 1.13.0 OK
r-oldrel-windows-ix86+x86_64 1.13.0 15.00 210.00 225.00 OK
r-oldrel-osx-x86_64 1.13.0 OK

Check Details

Version: 1.13.0
Check: compiled code
Result: NOTE
    File ‘TIMP/libs/TIMP.so’:
     Found no calls to: ‘R_registerRoutines’, ‘R_useDynamicSymbols’
    
    It is good practice to register native routines and to disable symbol
    search.
    
    See ‘Writing portable packages’ in the ‘Writing R Extensions’ manual.
Flavors: r-devel-linux-x86_64-debian-clang, r-devel-linux-x86_64-debian-gcc, r-devel-linux-x86_64-fedora-clang, r-devel-linux-x86_64-fedora-gcc, r-patched-linux-x86_64, r-release-linux-x86_64