CRAN Package Check Results for Package TIMP

Last updated on 2017-02-25 08:49:50.

Flavor Version Tinstall Tcheck Ttotal Status Flags
r-devel-linux-x86_64-debian-clang 1.13.0 3.36 75.12 78.48 NOTE
r-devel-linux-x86_64-debian-gcc 1.13.0 3.47 75.69 79.16 NOTE
r-devel-linux-x86_64-fedora-clang 1.13.0 148.39 NOTE --no-stop-on-test-error
r-devel-linux-x86_64-fedora-gcc 1.13.0 144.47 NOTE --no-stop-on-test-error
r-devel-macos-x86_64-clang 1.13.0 116.61 NOTE --no-stop-on-test-error
r-devel-windows-ix86+x86_64 1.13.0 13.00 256.00 269.00 OK
r-patched-linux-x86_64 1.13.0 3.52 71.48 75.00 OK
r-patched-solaris-sparc 1.13.0 858.30 OK
r-patched-solaris-x86 1.13.0 159.00 OK
r-release-linux-x86_64 1.13.0 3.66 70.23 73.90 OK
r-release-osx-x86_64-mavericks 1.13.0 OK
r-release-windows-ix86+x86_64 1.13.0 19.00 244.00 263.00 OK
r-oldrel-windows-ix86+x86_64 1.13.0 30.00 292.00 322.00 OK

Check Details

Version: 1.13.0
Check: compiled code
Result: NOTE
    File ‘TIMP/libs/TIMP.so’:
     Found no calls to: ‘R_registerRoutines’, ‘R_useDynamicSymbols’
    
    It is good practice to register native routines and to disable symbol
    search.
    
    See ‘Writing portable packages’ in the ‘Writing R Extensions’ manual.
Flavors: r-devel-linux-x86_64-debian-clang, r-devel-linux-x86_64-debian-gcc

Version: 1.13.0
Flags: --no-stop-on-test-error
Check: compiled code
Result: NOTE
    File ‘TIMP/libs/TIMP.so’:
     Found no calls to: ‘R_registerRoutines’, ‘R_useDynamicSymbols’
    
    It is good practice to register native routines and to disable symbol
    search.
    
    See ‘Writing portable packages’ in the ‘Writing R Extensions’ manual.
Flavors: r-devel-linux-x86_64-fedora-clang, r-devel-linux-x86_64-fedora-gcc, r-devel-macos-x86_64-clang