CRAN Package Check Results for Package TIMP

Last updated on 2017-08-24 02:48:43.

Flavor Version Tinstall Tcheck Ttotal Status Flags
r-devel-linux-x86_64-debian-clang 1.13.0 3.61 76.99 80.60 NOTE
r-devel-linux-x86_64-debian-gcc 1.13.0 3.86 75.54 79.40 NOTE
r-devel-linux-x86_64-fedora-clang 1.13.0 152.81 NOTE
r-devel-linux-x86_64-fedora-gcc 1.13.0 147.12 NOTE
r-devel-windows-ix86+x86_64 1.13.0 20.00 181.00 201.00 OK
r-patched-linux-x86_64 1.13.0 3.79 75.79 79.58 NOTE
r-patched-solaris-x86 1.13.0 174.20 OK
r-release-linux-x86_64 1.13.0 3.91 76.04 79.94 NOTE
r-release-windows-ix86+x86_64 1.13.0 9.00 257.00 266.00 OK
r-release-osx-x86_64 1.13.0 OK
r-oldrel-windows-ix86+x86_64 1.13.0 16.00 175.00 191.00 OK
r-oldrel-osx-x86_64 1.13.0 OK

Check Details

Version: 1.13.0
Check: compiled code
Result: NOTE
    File ‘TIMP/libs/TIMP.so’:
     Found no calls to: ‘R_registerRoutines’, ‘R_useDynamicSymbols’
    
    It is good practice to register native routines and to disable symbol
    search.
    
    See ‘Writing portable packages’ in the ‘Writing R Extensions’ manual.
Flavors: r-devel-linux-x86_64-debian-clang, r-devel-linux-x86_64-debian-gcc, r-devel-linux-x86_64-fedora-clang, r-devel-linux-x86_64-fedora-gcc, r-patched-linux-x86_64, r-release-linux-x86_64