CRAN Package Check Results for Package TIMP

Last updated on 2014-04-23 20:47:24.

Flavor Version Tinstall Tcheck Ttotal Status Flags
r-devel-linux-x86_64-debian-clang 1.11.0 4.98 96.28 101.26 OK
r-devel-linux-x86_64-debian-gcc 1.11.0 5.06 95.09 100.14 OK
r-devel-linux-x86_64-fedora-clang 1.11.0 192.32 OK
r-devel-linux-x86_64-fedora-gcc 1.11.0 183.09 OK
r-devel-osx-x86_64-clang 1.11.0 162.83 OK
r-devel-osx-x86_64-gcc 1.11.0 ERROR
r-devel-windows-ix86+x86_64 1.11.0 13.00 173.00 186.00 OK
r-patched-linux-x86_64 1.11.0 4.87 93.82 98.70 OK
r-patched-solaris-sparc 1.11.0 1109.40 OK
r-patched-solaris-x86 1.11.0 275.90 OK
r-release-linux-ix86 1.11.0 8.00 151.00 159.00 OK
r-release-linux-x86_64 1.11.0 4.92 96.18 101.09 OK
r-release-osx-x86_64-mavericks 1.11.0 WARN
r-release-osx-x86_64-snowleopard 1.11.0 OK
r-release-windows-ix86+x86_64 1.11.0 13.00 174.00 187.00 OK
r-oldrel-windows-ix86+x86_64 1.11.0 17.00 192.00 209.00 OK

Check Details

Version: 1.11.0
Check: package dependencies
Result: ERROR
    Package required but not available: ‘fields’
    
    See the information on DESCRIPTION files in the chapter ‘Creating R
    packages’ of the ‘Writing R Extensions’ manual.
Flavor: r-devel-osx-x86_64-gcc

Version: 1.11.0
Check: PDF version of manual
Result: WARNING
    LaTeX errors when creating PDF version.
    This typically indicates Rd problems.
    LaTeX errors found:
    ! LaTeX Error: File `upquote.sty' not found.
    
    Type X to quit or <RETURN> to proceed,
    or enter new name. (Default extension: sty)
    
    d17e67d/Rd2.tex:8: ==> Fatal error occurred, no output PDF file produced!
Flavor: r-release-osx-x86_64-mavericks