CRAN Package Check Results for Package TIMP

Last updated on 2017-06-23 18:47:06.

Flavor Version Tinstall Tcheck Ttotal Status Flags
r-devel-linux-x86_64-debian-clang 1.13.0 3.81 78.66 82.48 NOTE
r-devel-linux-x86_64-debian-gcc 1.13.0 3.71 76.78 80.49 NOTE
r-devel-linux-x86_64-fedora-clang 1.13.0 151.71 NOTE
r-devel-linux-x86_64-fedora-gcc 1.13.0 145.15 NOTE
r-devel-windows-ix86+x86_64 1.13.0 11.00 233.00 244.00 OK
r-patched-linux-x86_64 1.13.0 3.84 75.76 79.60 NOTE
r-patched-solaris-sparc 1.13.0 951.60 OK
r-patched-solaris-x86 1.13.0 170.60 OK
r-release-linux-x86_64 1.13.0 4.09 74.69 78.78 NOTE
r-release-windows-ix86+x86_64 1.13.0 10.00 231.00 241.00 OK
r-release-osx-x86_64 1.13.0 OK
r-oldrel-windows-ix86+x86_64 1.13.0 17.00 211.00 228.00 OK
r-oldrel-osx-x86_64 1.13.0 OK

Check Details

Version: 1.13.0
Check: compiled code
Result: NOTE
    File ‘TIMP/libs/TIMP.so’:
     Found no calls to: ‘R_registerRoutines’, ‘R_useDynamicSymbols’
    
    It is good practice to register native routines and to disable symbol
    search.
    
    See ‘Writing portable packages’ in the ‘Writing R Extensions’ manual.
Flavors: r-devel-linux-x86_64-debian-clang, r-devel-linux-x86_64-debian-gcc, r-devel-linux-x86_64-fedora-clang, r-devel-linux-x86_64-fedora-gcc, r-patched-linux-x86_64, r-release-linux-x86_64