CRAN Package Check Results for Package TIMP

Last updated on 2017-03-25 06:48:21.

Flavor Version Tinstall Tcheck Ttotal Status Flags
r-devel-linux-x86_64-debian-clang 1.13.0 3.46 75.93 79.38 NOTE
r-devel-linux-x86_64-debian-gcc 1.13.0 3.62 74.00 77.62 NOTE
r-devel-linux-x86_64-fedora-clang 1.13.0 149.90 NOTE --no-stop-on-test-error
r-devel-linux-x86_64-fedora-gcc 1.13.0 148.17 NOTE --no-stop-on-test-error
r-devel-macos-x86_64-clang 1.13.0 118.92 NOTE --no-stop-on-test-error
r-devel-windows-ix86+x86_64 1.13.0 11.00 180.00 191.00 OK
r-patched-linux-x86_64 1.13.0 3.65 73.50 77.15 OK
r-patched-solaris-sparc 1.13.0 951.60 OK
r-patched-solaris-x86 1.13.0 171.30 OK
r-release-linux-x86_64 1.13.0 3.38 69.20 72.59 OK
r-release-osx-x86_64-mavericks 1.13.0 OK
r-release-windows-ix86+x86_64 1.13.0 17.00 157.00 174.00 OK
r-oldrel-windows-ix86+x86_64 1.13.0 13.00 241.00 254.00 OK

Check Details

Version: 1.13.0
Check: compiled code
Result: NOTE
    File ‘TIMP/libs/TIMP.so’:
     Found no calls to: ‘R_registerRoutines’, ‘R_useDynamicSymbols’
    
    It is good practice to register native routines and to disable symbol
    search.
    
    See ‘Writing portable packages’ in the ‘Writing R Extensions’ manual.
Flavors: r-devel-linux-x86_64-debian-clang, r-devel-linux-x86_64-debian-gcc

Version: 1.13.0
Flags: --no-stop-on-test-error
Check: compiled code
Result: NOTE
    File ‘TIMP/libs/TIMP.so’:
     Found no calls to: ‘R_registerRoutines’, ‘R_useDynamicSymbols’
    
    It is good practice to register native routines and to disable symbol
    search.
    
    See ‘Writing portable packages’ in the ‘Writing R Extensions’ manual.
Flavors: r-devel-linux-x86_64-fedora-clang, r-devel-linux-x86_64-fedora-gcc, r-devel-macos-x86_64-clang