CRAN Package Check Results for Package TIMP

Last updated on 2017-10-22 20:47:37.

Flavor Version Tinstall Tcheck Ttotal Status Flags
r-devel-linux-x86_64-debian-clang 1.13.0 3.74 76.36 80.10 NOTE
r-devel-linux-x86_64-debian-gcc 1.13.0 3.92 81.30 85.22 NOTE
r-devel-linux-x86_64-fedora-clang 1.13.0 157.42 NOTE
r-devel-linux-x86_64-fedora-gcc 1.13.0 158.27 NOTE
r-devel-windows-ix86+x86_64 1.13.0 10.00 263.00 273.00 OK
r-patched-linux-x86_64 1.13.0 3.67 76.83 80.50 NOTE
r-patched-solaris-x86 1.13.0 175.10 OK
r-release-linux-x86_64 1.13.0 3.67 77.69 81.36 NOTE
r-release-windows-ix86+x86_64 1.13.0 15.00 261.00 276.00 OK
r-release-osx-x86_64 1.13.0 OK
r-oldrel-windows-ix86+x86_64 1.13.0 10.00 205.00 215.00 OK
r-oldrel-osx-x86_64 1.13.0 OK

Check Details

Version: 1.13.0
Check: compiled code
Result: NOTE
    File ‘TIMP/libs/TIMP.so’:
     Found no calls to: ‘R_registerRoutines’, ‘R_useDynamicSymbols’
    
    It is good practice to register native routines and to disable symbol
    search.
    
    See ‘Writing portable packages’ in the ‘Writing R Extensions’ manual.
Flavors: r-devel-linux-x86_64-debian-clang, r-devel-linux-x86_64-debian-gcc, r-devel-linux-x86_64-fedora-clang, r-devel-linux-x86_64-fedora-gcc, r-patched-linux-x86_64, r-release-linux-x86_64