CRAN Package Check Results for Package TIMP

Last updated on 2018-05-25 10:48:48 CEST.

Flavor Version Tinstall Tcheck Ttotal Status Flags
r-devel-linux-x86_64-debian-clang 1.13.0 17.97 104.85 122.82 NOTE
r-devel-linux-x86_64-debian-gcc 1.13.0 15.17 90.00 105.17 NOTE
r-devel-linux-x86_64-fedora-clang 1.13.0 166.77 NOTE
r-devel-linux-x86_64-fedora-gcc 1.13.0 155.16 NOTE
r-devel-windows-ix86+x86_64 1.13.0 23.00 220.00 243.00 OK
r-patched-linux-x86_64 1.13.0 17.35 105.26 122.61 NOTE
r-patched-solaris-x86 1.13.0 183.90 OK
r-release-linux-x86_64 1.13.0 17.72 105.13 122.85 NOTE
r-release-windows-ix86+x86_64 1.13.0 33.00 212.00 245.00 OK
r-release-osx-x86_64 1.13.0 OK
r-oldrel-windows-ix86+x86_64 1.13.0 17.00 183.00 200.00 OK
r-oldrel-osx-x86_64 1.13.0 OK

Check Details

Version: 1.13.0
Check: compiled code
Result: NOTE
    File ‘TIMP/libs/TIMP.so’:
     Found no calls to: ‘R_registerRoutines’, ‘R_useDynamicSymbols’
    
    It is good practice to register native routines and to disable symbol
    search.
    
    See ‘Writing portable packages’ in the ‘Writing R Extensions’ manual.
Flavors: r-devel-linux-x86_64-debian-clang, r-devel-linux-x86_64-debian-gcc, r-devel-linux-x86_64-fedora-clang, r-devel-linux-x86_64-fedora-gcc, r-patched-linux-x86_64, r-release-linux-x86_64