CRAN Package Check Results for Package TIMP

Last updated on 2015-05-25 23:47:41.

Flavor Version Tinstall Tcheck Ttotal Status Flags
r-devel-linux-x86_64-debian-clang 1.12.1 3.80 78.08 81.88 OK
r-devel-linux-x86_64-debian-gcc 1.12.1 3.73 75.86 79.59 OK
r-devel-linux-x86_64-fedora-clang 1.12.1 158.23 OK
r-devel-linux-x86_64-fedora-gcc 1.12.1 153.89 OK
r-devel-osx-x86_64-clang 1.12.1 145.82 OK
r-devel-windows-ix86+x86_64 1.12.1 13.00 154.00 167.00 OK
r-patched-linux-x86_64 1.12.1 3.82 76.43 80.25 OK
r-patched-solaris-sparc 1.12.1 981.10 OK
r-patched-solaris-x86 1.12.1 220.90 OK
r-release-linux-x86_64 1.12.1 3.73 76.37 80.10 OK
r-release-osx-x86_64-mavericks 1.12.1 OK
r-release-osx-x86_64-snowleopard 1.12.1 ERROR
r-release-windows-ix86+x86_64 1.12.1 16.00 151.00 167.00 OK
r-oldrel-windows-ix86+x86_64 1.12.1 18.00 209.00 227.00 OK

Check Details

Version: 1.12.1
Check: package dependencies
Result: ERROR
    Package required but not available: ‘fields’
    
    See section ‘The DESCRIPTION file’ in the ‘Writing R Extensions’
    manual.
Flavor: r-release-osx-x86_64-snowleopard