CRAN Package Check Results for Package TITAN2

Last updated on 2020-02-26 08:52:39 CET.

Flavor Version Tinstall Tcheck Ttotal Status Flags
r-devel-linux-x86_64-debian-clang 2.4 8.10 101.48 109.58 OK
r-devel-linux-x86_64-debian-gcc 2.4 7.36 75.60 82.96 OK
r-devel-linux-x86_64-fedora-clang 2.4 138.66 NOTE
r-devel-linux-x86_64-fedora-gcc 2.4 124.42 NOTE
r-devel-windows-ix86+x86_64 2.4 15.00 92.00 107.00 OK
r-devel-windows-ix86+x86_64-gcc8 2.4 16.00 106.00 122.00 OK
r-patched-linux-x86_64 2.4 7.63 89.96 97.59 OK
r-patched-solaris-x86 2.4 154.90 NOTE
r-release-linux-x86_64 2.4 6.46 88.96 95.42 OK
r-release-windows-ix86+x86_64 2.4 12.00 94.00 106.00 OK
r-release-osx-x86_64 2.4 NOTE
r-oldrel-windows-ix86+x86_64 2.4 10.00 108.00 118.00 OK
r-oldrel-osx-x86_64 2.4 NOTE

Check Details

Version: 2.4
Check: dependencies in R code
Result: NOTE
    Namespace in Imports field not imported from: ‘snow’
     All declared Imports should be used.
Flavors: r-devel-linux-x86_64-fedora-clang, r-devel-linux-x86_64-fedora-gcc, r-patched-solaris-x86, r-release-osx-x86_64, r-oldrel-osx-x86_64