CRAN Package Check Results for Package TLBC

Last updated on 2017-12-16 09:51:26 CET.

Flavor Version Tinstall Tcheck Ttotal Status Flags
r-devel-linux-x86_64-debian-clang 1.0 7.47 94.85 102.32 OK
r-devel-linux-x86_64-debian-gcc 1.0 6.66 75.76 82.42 OK
r-devel-linux-x86_64-fedora-clang 1.0 135.20 OK
r-devel-linux-x86_64-fedora-gcc 1.0 132.59 OK
r-devel-windows-ix86+x86_64 1.0 19.00 97.00 116.00 OK
r-patched-linux-x86_64 1.0 8.15 103.66 111.81 OK
r-patched-solaris-x86 1.0 198.50 OK
r-release-linux-x86_64 1.0 7.67 100.20 107.87 OK
r-release-windows-ix86+x86_64 1.0 18.00 103.00 121.00 OK
r-release-osx-x86_64 1.0 OK
r-oldrel-windows-ix86+x86_64 1.0 18.00 146.00 164.00 ERROR
r-oldrel-osx-x86_64 1.0 OK

Check Details

Version: 1.0
Check: whether package can be installed
Result: ERROR
    Installation failed.
Flavor: r-oldrel-windows-ix86+x86_64