CRAN Package Check Results for Package TMB

Last updated on 2019-04-18 14:49:13 CEST.

Flavor Version Tinstall Tcheck Ttotal Status Flags
r-devel-linux-x86_64-debian-clang 1.7.15 72.08 64.93 137.01 OK
r-devel-linux-x86_64-debian-gcc 1.7.15 49.97 52.24 102.21 OK
r-devel-linux-x86_64-fedora-clang 1.7.15 190.04 NOTE
r-devel-linux-x86_64-fedora-gcc 1.7.15 152.45 OK
r-devel-windows-ix86+x86_64 1.7.15 150.00 114.00 264.00 NOTE
r-patched-linux-x86_64 1.7.15 57.77 64.33 122.10 OK
r-patched-solaris-x86 1.7.15 191.40 OK
r-release-linux-x86_64 1.7.15 57.55 61.59 119.14 OK
r-release-windows-ix86+x86_64 1.7.15 107.00 116.00 223.00 NOTE
r-release-osx-x86_64 1.7.15 NOTE
r-oldrel-windows-ix86+x86_64 1.7.15 102.00 118.00 220.00 NOTE
r-oldrel-osx-x86_64 1.7.15 NOTE

Check Details

Version: 1.7.15
Check: installed package size
Result: NOTE
     installed size is 17.3Mb
     sub-directories of 1Mb or more:
     examples 13.8Mb
     include 3.0Mb
Flavors: r-devel-linux-x86_64-fedora-clang, r-devel-windows-ix86+x86_64, r-release-windows-ix86+x86_64, r-release-osx-x86_64, r-oldrel-windows-ix86+x86_64, r-oldrel-osx-x86_64