CRAN Package Check Results for Package TMB

Last updated on 2019-06-25 11:50:38 CEST.

Flavor Version Tinstall Tcheck Ttotal Status Flags
r-devel-linux-x86_64-debian-clang 1.7.15 72.48 64.78 137.26 OK
r-devel-linux-x86_64-debian-gcc 1.7.15 51.36 52.02 103.38 OK
r-devel-linux-x86_64-fedora-clang 1.7.15 188.56 NOTE
r-devel-linux-x86_64-fedora-gcc 1.7.15 152.53 OK
r-devel-windows-ix86+x86_64 1.7.15 159.00 128.00 287.00 NOTE
r-patched-linux-x86_64 1.7.15 58.29 64.74 123.03 OK
r-patched-solaris-x86 1.7.15 194.30 OK
r-release-linux-x86_64 1.7.15 59.55 64.73 124.28 OK
r-release-windows-ix86+x86_64 1.7.15 117.00 124.00 241.00 NOTE
r-release-osx-x86_64 1.7.15 NOTE
r-oldrel-windows-ix86+x86_64 1.7.15 106.00 81.00 187.00 NOTE
r-oldrel-osx-x86_64 1.7.15 NOTE

Check Details

Version: 1.7.15
Check: installed package size
Result: NOTE
     installed size is 17.3Mb
     sub-directories of 1Mb or more:
     examples 13.8Mb
     include 3.0Mb
Flavors: r-devel-linux-x86_64-fedora-clang, r-devel-windows-ix86+x86_64, r-release-windows-ix86+x86_64, r-release-osx-x86_64, r-oldrel-windows-ix86+x86_64, r-oldrel-osx-x86_64