CRAN Package Check Results for Package TNRS

Last updated on 2024-02-22 08:54:23 CET.

Flavor Version Tinstall Tcheck Ttotal Status Flags
r-devel-linux-x86_64-debian-clang 0.3.4 NOTE
r-devel-linux-x86_64-debian-gcc 0.3.4 2.04 29.33 31.37 NOTE
r-devel-linux-x86_64-fedora-clang 0.3.4 49.10 NOTE
r-devel-linux-x86_64-fedora-gcc 0.3.4 59.96 NOTE
r-devel-windows-x86_64 0.3.4 3.00 62.00 65.00 NOTE
r-patched-linux-x86_64 0.3.4 2.68 37.05 39.73 OK
r-release-linux-x86_64 0.3.4 2.48 36.79 39.27 OK
r-release-macos-arm64 0.3.4 146.00 OK
r-release-macos-x86_64 0.3.4 145.00 OK
r-release-windows-x86_64 0.3.4 4.00 72.00 76.00 OK
r-oldrel-macos-arm64 0.3.4 110.00 OK
r-oldrel-windows-x86_64 0.3.4 4.00 75.00 79.00 OK

Check Details

Version: 0.3.4
Check: Rd \usage sections
Result: NOTE Documented arguments not in \usage in Rd file 'TNRS_core.Rd': ‘...’ Functions with \usage entries need to have the appropriate \alias entries, and all their arguments documented. The \usage entries must correspond to syntactically valid R code. See chapter ‘Writing R documentation files’ in the ‘Writing R Extensions’ manual. Flavors: r-devel-linux-x86_64-debian-clang, r-devel-linux-x86_64-debian-gcc, r-devel-linux-x86_64-fedora-clang, r-devel-linux-x86_64-fedora-gcc, r-devel-windows-x86_64