CRAN Package Check Results for Package TOSTER

Last updated on 2022-08-08 09:50:53 CEST.

Flavor Version Tinstall Tcheck Ttotal Status Flags
r-devel-linux-x86_64-debian-clang 0.4.1 25.08 300.26 325.34 OK
r-devel-linux-x86_64-debian-gcc 0.4.1 21.95 202.13 224.08 OK
r-devel-linux-x86_64-fedora-clang 0.4.1 382.90 NOTE
r-devel-linux-x86_64-fedora-gcc 0.4.1 384.20 NOTE
r-devel-windows-x86_64 0.4.1 48.00 406.00 454.00 OK
r-patched-linux-x86_64 0.4.1 26.81 280.02 306.83 OK
r-release-linux-x86_64 0.4.1 OK
r-release-macos-arm64 0.4.1 106.00 NOTE
r-release-macos-x86_64 0.4.1 158.00 NOTE
r-release-windows-x86_64 0.4.1 49.00 392.00 441.00 OK
r-oldrel-macos-arm64 0.4.1 96.00 NOTE
r-oldrel-macos-x86_64 0.4.1 129.00 NOTE
r-oldrel-windows-ix86+x86_64 0.4.1 49.00 351.00 400.00 ERROR

Check Details

Version: 0.4.1
Check: dependencies in R code
Result: NOTE
    Namespace in Imports field not imported from: ‘R6’
     All declared Imports should be used.
Flavors: r-devel-linux-x86_64-fedora-clang, r-devel-linux-x86_64-fedora-gcc, r-release-macos-arm64, r-release-macos-x86_64, r-oldrel-macos-arm64, r-oldrel-macos-x86_64

Version: 0.4.1
Check: PDF version of manual
Result: WARN
    LaTeX errors when creating PDF version.
    This typically indicates Rd problems.
    LaTeX errors found:
    ! Package inputenc Error: Unicode char â<c2><80><c2><90> (U+2010)
    (inputenc) not set up for use with LaTeX.
    
    See the inputenc package documentation for explanation.
    Type H <return> for immediate help.
    ! Package inputenc Error: Unicode char â<c2><80><c2><90> (U+2010)
    (inputenc) not set up for use with LaTeX.
    
    See the inputenc package documentation for explanation.
    Type H <return> for immediate help.
    ! Package inputenc Error: Unicode char â<c2><80><c2><90> (U+2010)
    (inputenc) not set up for use with LaTeX.
    
    See the inputenc package documentation for explanation.
    Type H <return> for immediate help.
    ! Package inputenc Error: Unicode char â<c2><80><c2><90> (U+2010)
    (inputenc) not set up for use with LaTeX.
    
    See the inputenc package documentation for explanation.
    Type H <return> for immediate help.
    ! Package inputenc Error: Unicode char â<c2><80><c2><90> (U+2010)
    (inputenc) not set up for use with LaTeX.
    
    See the inputenc package documentation for explanation.
    Type H <return> for immediate help.
    ! Package inputenc Error: Unicode char â<c2><80><c2><90> (U+2010)
    (inputenc) not set up for use with LaTeX.
    
    See the inputenc package documentation for explanation.
    Type H <return> for immediate help.
Flavor: r-oldrel-windows-ix86+x86_64

Version: 0.4.1
Check: PDF version of manual without hyperrefs or index
Result: ERROR
Flavor: r-oldrel-windows-ix86+x86_64