CRAN Package Check Results for Package TPmsm

Last updated on 2015-03-31 16:53:08.

Flavor Version Tinstall Tcheck Ttotal Status Flags
r-devel-linux-x86_64-debian-clang 1.2.0 5.08 22.49 27.57 NOTE
r-devel-linux-x86_64-debian-gcc 1.2.0 6.66 19.14 25.80 NOTE
r-devel-linux-x86_64-fedora-clang 1.2.0 50.18 NOTE
r-devel-linux-x86_64-fedora-gcc 1.2.0 53.45 NOTE
r-devel-osx-x86_64-clang 1.2.0 49.71 NOTE
r-prerel-windows-ix86+x86_64 1.2.0 49.00 44.00 93.00 NOTE
r-prerel-linux-x86_64 1.2.0 6.62 19.42 26.04 NOTE
r-prerel-solaris-sparc 1.2.0 370.00 NOTE
r-prerel-solaris-x86 1.2.0 94.80 NOTE
r-release-linux-x86_64 1.2.0 7.12 20.86 27.98 OK
r-release-osx-x86_64-mavericks 1.2.0 OK
r-release-osx-x86_64-snowleopard 1.2.0 OK
r-release-windows-ix86+x86_64 1.2.0 45.00 45.00 90.00 OK
r-oldrel-windows-ix86+x86_64 1.2.0 47.00 44.00 91.00 OK

Check Details

Version: 1.2.0
Check: DESCRIPTION meta-information
Result: NOTE
    Malformed Description field: should contain one or more complete sentences.
Flavors: r-devel-linux-x86_64-debian-clang, r-devel-linux-x86_64-debian-gcc, r-devel-linux-x86_64-fedora-clang, r-devel-linux-x86_64-fedora-gcc, r-devel-osx-x86_64-clang, r-prerel-windows-ix86+x86_64, r-prerel-linux-x86_64, r-prerel-solaris-sparc, r-prerel-solaris-x86