CRAN Package Check Results for Package TPmsm

Last updated on 2015-08-02 21:47:28.

Flavor Version Tinstall Tcheck Ttotal Status Flags
r-devel-linux-x86_64-debian-clang 1.2.0 4.99 21.63 26.62 NOTE
r-devel-linux-x86_64-debian-gcc 1.2.0 6.78 19.16 25.94 NOTE
r-devel-linux-x86_64-fedora-clang 1.2.0 48.71 NOTE
r-devel-linux-x86_64-fedora-gcc 1.2.0 53.22 NOTE
r-devel-osx-x86_64-clang 1.2.0 41.21 NOTE
r-devel-windows-ix86+x86_64 1.2.0 48.00 45.00 93.00 NOTE
r-patched-linux-x86_64 1.2.0 6.86 19.04 25.90 NOTE
r-patched-solaris-sparc 1.2.0 227.30 ERROR
r-patched-solaris-x86 1.2.0 92.40 NOTE
r-release-linux-x86_64 1.2.0 6.89 19.14 26.04 NOTE
r-release-osx-x86_64-mavericks 1.2.0 NOTE
r-release-windows-ix86+x86_64 1.2.0 65.00 64.00 129.00 NOTE
r-oldrel-windows-ix86+x86_64 1.2.0 59.00 48.00 107.00 OK

Check Details

Version: 1.2.0
Check: DESCRIPTION meta-information
Result: NOTE
    Malformed Description field: should contain one or more complete sentences.
Flavors: r-devel-linux-x86_64-debian-clang, r-devel-linux-x86_64-debian-gcc, r-devel-linux-x86_64-fedora-clang, r-devel-linux-x86_64-fedora-gcc, r-devel-osx-x86_64-clang, r-devel-windows-ix86+x86_64, r-patched-linux-x86_64, r-patched-solaris-sparc, r-patched-solaris-x86, r-release-linux-x86_64, r-release-osx-x86_64-mavericks, r-release-windows-ix86+x86_64

Version: 1.2.0
Check: R code for possible problems
Result: NOTE
    contour.TPCmsm: no visible global function definition for ‘grey’
    image.TPCmsm: no visible global function definition for ‘lcm’
    image.TPCmsm: no visible global function definition for ‘grey’
    image.TPCmsm: no visible global function definition for ‘plot.window’
    image.TPCmsm: no visible global function definition for ‘rect’
    image.TPCmsm: no visible global function definition for ‘axis’
    image.TPCmsm: no visible global function definition for ‘box’
    Undefined global functions or variables:
     axis box grey lcm plot.window rect
    Consider adding
     importFrom("grDevices", "grey")
     importFrom("graphics", "axis", "box", "lcm", "plot.window", "rect")
    to your NAMESPACE.
Flavors: r-devel-linux-x86_64-debian-clang, r-devel-linux-x86_64-debian-gcc, r-devel-linux-x86_64-fedora-clang, r-devel-linux-x86_64-fedora-gcc, r-devel-windows-ix86+x86_64

Version: 1.2.0
Check: examples
Result: ERROR
    Running examples in ‘TPmsm-Ex.R’ failed
    The error most likely occurred in:
    
    > ### Name: image.TPCmsm
    > ### Title: image method for a TPCmsm object
    > ### Aliases: image.TPCmsm
    > ### Keywords: hplot methods multivariate survival
    >
    > ### ** Examples
    >
    > # Set the number of threads
    > nth <- setThreadsTP(2)
    >
    > # Create survTP object
    > data(heartTP)
    > heartTP_obj <- with( heartTP, survTP(time1, event1, Stime, event, age=age) )
    >
    > # Compute LIN conditional transition probabilities with confidence band
    > TPCmsm_obj <- transLIN(heartTP_obj, s=57, t=310, x=0, conf=TRUE, n.boot=100,
    + method.boot="basic")
    
     *** caught segfault ***
    address 0, cause 'memory not mapped'
    
    Traceback:
     1: .Call(Rf_BtoTPCmsm, lst, UT, UX, s, t, x, statenames, as.integer(nboot), conflevel, methodboot, PACKAGE = "TPmsm")
     2: BtoTPCmsm(lst, UT, UX, s, t, xi, state.names, n.boot, conf.level, method.boot)
     3: TransBoot.TPC(object, s, t, state.names, n.boot, conf.level, method.boot, xi, ...)
     4: TransBoot(object, s, t, state.names, n.boot, conf.level, method.boot, xi, ...)
     5: TransMethod.TPC(object, s, t, state.names, conf, n.boot, conf.level, method.boot, xi = x, bw = bw, window = window, methodweights = method.weights, ...)
     6: TransMethod(object, s, t, state.names, conf, n.boot, conf.level, method.boot, xi = x, bw = bw, window = window, methodweights = method.weights, ...)
     7: transLIN(heartTP_obj, s = 57, t = 310, x = 0, conf = TRUE, n.boot = 100, method.boot = "basic")
    aborting ...
Flavor: r-patched-solaris-sparc