CRAN Package Check Results for Package TPmsm

Last updated on 2015-05-27 05:47:57.

Flavor Version Tinstall Tcheck Ttotal Status Flags
r-devel-linux-x86_64-debian-clang 1.2.0 4.97 21.31 26.28 NOTE
r-devel-linux-x86_64-debian-gcc 1.2.0 8.54 19.82 28.36 NOTE
r-devel-linux-x86_64-fedora-clang 1.2.0 49.16 NOTE
r-devel-linux-x86_64-fedora-gcc 1.2.0 54.15 NOTE
r-devel-osx-x86_64-clang 1.2.0 45.03 NOTE
r-devel-windows-ix86+x86_64 1.2.0 49.00 42.00 91.00 NOTE
r-patched-linux-x86_64 1.2.0 6.70 19.12 25.83 NOTE
r-patched-solaris-sparc 1.2.0 309.50 NOTE
r-patched-solaris-x86 1.2.0 94.60 NOTE
r-release-linux-x86_64 1.2.0 6.72 19.62 26.34 NOTE
r-release-osx-x86_64-mavericks 1.2.0 NOTE
r-release-osx-x86_64-snowleopard 1.2.0 NOTE
r-release-windows-ix86+x86_64 1.2.0 47.00 46.00 93.00 NOTE
r-oldrel-windows-ix86+x86_64 1.2.0 45.00 72.00 117.00 OK

Check Details

Version: 1.2.0
Check: DESCRIPTION meta-information
Result: NOTE
    Malformed Description field: should contain one or more complete sentences.
Flavors: r-devel-linux-x86_64-debian-clang, r-devel-linux-x86_64-debian-gcc, r-devel-linux-x86_64-fedora-clang, r-devel-linux-x86_64-fedora-gcc, r-devel-osx-x86_64-clang, r-devel-windows-ix86+x86_64, r-patched-linux-x86_64, r-patched-solaris-sparc, r-patched-solaris-x86, r-release-linux-x86_64, r-release-osx-x86_64-mavericks, r-release-osx-x86_64-snowleopard, r-release-windows-ix86+x86_64