CRAN Package Check Results for Package TPmsm

Last updated on 2014-04-19 08:50:23.

Flavor Version Tinstall Tcheck Ttotal Status Flags
r-devel-linux-x86_64-debian-clang 1.1.1 3.98 22.59 26.57 OK
r-devel-linux-x86_64-debian-gcc 1.1.1 6.01 21.03 27.04 OK
r-devel-linux-x86_64-fedora-clang 1.1.1 50.09 OK
r-devel-linux-x86_64-fedora-gcc 1.1.1 53.06 OK
r-devel-macosx-x86_64-clang 1.1.1 42.53 OK
r-devel-macosx-x86_64-gcc 1.1.1 NOTE
r-devel-windows-ix86+x86_64 1.1.1 41.00 47.00 88.00 OK
r-patched-linux-x86_64 1.1.1 6.16 20.96 27.12 OK
r-patched-solaris-sparc 1.1.1 328.80 OK
r-patched-solaris-x86 1.1.1 90.70 OK
r-release-linux-ix86 1.1.1 16.00 45.00 61.00 OK
r-release-linux-x86_64 1.1.1 6.02 20.94 26.96 OK
r-release-macosx-x86_64 1.1.1 OK
r-release-windows-ix86+x86_64 1.1.1 49.00 43.00 92.00 OK
r-oldrel-windows-ix86+x86_64 1.1.1 41.00 45.00 86.00 OK

Check Details

Version: 1.1.1
Check: package dependencies
Result: NOTE
    Package which this enhances but not available for checking: ‘p3state.msm’
Flavor: r-devel-macosx-x86_64-gcc