CRAN Package Check Results for Package TPmsm

Last updated on 2014-09-02 18:49:41.

Flavor Version Tinstall Tcheck Ttotal Status Flags
r-devel-linux-x86_64-debian-clang 1.1.1 3.87 21.02 24.89 NOTE
r-devel-linux-x86_64-debian-gcc 1.1.1 5.95 19.62 25.57 NOTE
r-devel-linux-x86_64-fedora-clang 1.1.1 49.57 NOTE
r-devel-linux-x86_64-fedora-gcc 1.1.1 51.47 NOTE
r-devel-osx-x86_64-clang 1.1.1 45.66 NOTE
r-devel-windows-ix86+x86_64 1.1.1 38.00 41.00 79.00 NOTE
r-patched-linux-x86_64 1.1.1 6.52 20.44 26.95 OK
r-patched-solaris-sparc 1.1.1 332.10 OK
r-patched-solaris-x86 1.1.1 91.40 OK
r-release-linux-ix86 1.1.1 8.62 34.93 43.54 OK
r-release-linux-x86_64 1.1.1 6.04 20.43 26.47 OK
r-release-osx-x86_64-mavericks 1.1.1 OK
r-release-osx-x86_64-snowleopard 1.1.1 OK
r-release-windows-ix86+x86_64 1.1.1 39.00 44.00 83.00 OK
r-oldrel-windows-ix86+x86_64 1.1.1 41.00 41.00 82.00 OK

Check Details

Version: 1.1.1
Check: compiled code
Result: NOTE
    File ‘/home/hornik/tmp/R.check/r-devel-clang/Work/build/Packages/TPmsm/libs/TPmsm.so’:
     Found ‘rand’, possibly from ‘rand’ (C)
     Object: ‘boot.o’
     Found ‘srand’, possibly from ‘srand’ (C)
     Objects: ‘transAJ.o’, ‘transIPCW1.o’, ‘transIPCW2.o’,
     ‘transKMPW1.o’, ‘transKMPW2.o’, ‘transKMW.o’, ‘transLIN1.o’,
     ‘transLIN2.o’, ‘transLS.o’, ‘transPAJ.o’
    
    Compiled code should not call entry points which might terminate R nor
    write to stdout/stderr instead of to the console, nor the C RNG.
    
    See ‘Writing portable packages’ in the ‘Writing R Extensions’ manual.
Flavor: r-devel-linux-x86_64-debian-clang

Version: 1.1.1
Check: compiled code
Result: NOTE
    File ‘/home/hornik/tmp/R.check/r-devel-gcc/Work/build/Packages/TPmsm/libs/TPmsm.so’:
     Found ‘rand’, possibly from ‘rand’ (C)
     Object: ‘boot.o’
     Found ‘srand’, possibly from ‘srand’ (C)
     Objects: ‘transAJ.o’, ‘transIPCW1.o’, ‘transIPCW2.o’,
     ‘transKMPW1.o’, ‘transKMPW2.o’, ‘transKMW.o’, ‘transLIN1.o’,
     ‘transLIN2.o’, ‘transLS.o’, ‘transPAJ.o’
    
    Compiled code should not call entry points which might terminate R nor
    write to stdout/stderr instead of to the console, nor the C RNG.
    
    See ‘Writing portable packages’ in the ‘Writing R Extensions’ manual.
Flavor: r-devel-linux-x86_64-debian-gcc

Version: 1.1.1
Check: compiled code
Result: NOTE
    File ‘/data/gannet/ripley/R/packages/tests-clang/TPmsm.Rcheck/TPmsm/libs/TPmsm.so’:
     Found ‘rand’, possibly from ‘rand’ (C)
     Object: ‘boot.o’
     Found ‘srand’, possibly from ‘srand’ (C)
     Objects: ‘transAJ.o’, ‘transIPCW1.o’, ‘transIPCW2.o’,
     ‘transKMPW1.o’, ‘transKMPW2.o’, ‘transKMW.o’, ‘transLIN1.o’,
     ‘transLIN2.o’, ‘transLS.o’, ‘transPAJ.o’
    
    Compiled code should not call entry points which might terminate R nor
    write to stdout/stderr instead of to the console, nor the C RNG.
    
    See ‘Writing portable packages’ in the ‘Writing R Extensions’ manual.
Flavor: r-devel-linux-x86_64-fedora-clang

Version: 1.1.1
Check: compiled code
Result: NOTE
    File ‘/data/gannet/ripley/R/packages/tests-devel/TPmsm.Rcheck/TPmsm/libs/TPmsm.so’:
     Found ‘rand’, possibly from ‘rand’ (C)
     Object: ‘boot.o’
     Found ‘srand’, possibly from ‘srand’ (C)
     Objects: ‘transAJ.o’, ‘transIPCW1.o’, ‘transIPCW2.o’,
     ‘transKMPW1.o’, ‘transKMPW2.o’, ‘transKMW.o’, ‘transLIN1.o’,
     ‘transLIN2.o’, ‘transLS.o’, ‘transPAJ.o’
    
    Compiled code should not call entry points which might terminate R nor
    write to stdout/stderr instead of to the console, nor the C RNG.
    
    See ‘Writing portable packages’ in the ‘Writing R Extensions’ manual.
Flavor: r-devel-linux-x86_64-fedora-gcc

Version: 1.1.1
Check: compiled code
Result: NOTE
    File ‘/Users/ripley/R/packages/tests-devel/TPmsm.Rcheck/TPmsm/libs/TPmsm.so’:
     Found ‘_rand’, possibly from ‘rand’ (C)
     Object: ‘boot.o’
     Found ‘_srand’, possibly from ‘srand’ (C)
     Objects: ‘transAJ.o’, ‘transIPCW1.o’, ‘transIPCW2.o’,
     ‘transKMPW1.o’, ‘transKMPW2.o’, ‘transKMW.o’, ‘transLIN1.o’,
     ‘transLIN2.o’, ‘transLS.o’, ‘transPAJ.o’
    
    Compiled code should not call entry points which might terminate R nor
    write to stdout/stderr instead of to the console, nor the C RNG.
    
    See ‘Writing portable packages’ in the ‘Writing R Extensions’ manual.
Flavor: r-devel-osx-x86_64-clang

Version: 1.1.1
Check: compiled code
Result: NOTE
    File 'd:/Rcompile/CRANpkg/lib/3.2/TPmsm/libs/i386/TPmsm.dll':
     Found 'rand', possibly from 'rand' (C)
     Object: 'boot.o'
     Found 'srand', possibly from 'srand' (C)
     Objects: 'transAJ.o', 'transIPCW1.o', 'transIPCW2.o',
     'transKMPW1.o', 'transKMPW2.o', 'transKMW.o', 'transLIN1.o',
     'transLIN2.o', 'transLS.o', 'transPAJ.o'
    File 'd:/Rcompile/CRANpkg/lib/3.2/TPmsm/libs/x64/TPmsm.dll':
     Found 'rand', possibly from 'rand' (C)
     Object: 'boot.o'
     Found 'srand', possibly from 'srand' (C)
     Objects: 'transAJ.o', 'transIPCW1.o', 'transIPCW2.o',
     'transKMPW1.o', 'transKMPW2.o', 'transKMW.o', 'transLIN1.o',
     'transLIN2.o', 'transLS.o', 'transPAJ.o'
    
    Compiled code should not call entry points which might terminate R nor
    write to stdout/stderr instead of to the console, nor the C RNG.
    
    See 'Writing portable packages' in the 'Writing R Extensions' manual.
Flavor: r-devel-windows-ix86+x86_64