CRAN Package Check Results for Package TPmsm

Last updated on 2017-05-24 22:47:41.

Flavor Version Tinstall Tcheck Ttotal Status Flags
r-devel-linux-x86_64-debian-clang 1.2.1 8.53 19.48 28.01 ERROR
r-devel-linux-x86_64-debian-gcc 1.2.1 8.18 21.46 29.64 OK
r-devel-linux-x86_64-fedora-clang 1.2.1 45.34 ERROR --no-stop-on-test-error
r-devel-linux-x86_64-fedora-gcc 1.2.1 58.13 OK --no-stop-on-test-error
r-devel-windows-ix86+x86_64 1.2.1 46.00 78.00 124.00 OK
r-patched-linux-x86_64 1.2.1 6.92 22.11 29.02 OK
r-patched-solaris-sparc 1.2.1 424.00 OK
r-patched-solaris-x86 1.2.1 85.80 OK
r-release-linux-x86_64 1.2.1 8.20 22.03 30.23 OK
r-release-windows-ix86+x86_64 1.2.1 52.00 76.00 128.00 OK
r-release-osx-x86_64 1.2.1 ERROR
r-oldrel-windows-ix86+x86_64 1.2.1 73.00 78.00 151.00 OK
r-oldrel-osx-x86_64 1.2.1 OK

Check Details

Version: 1.2.1
Check: examples
Result: ERROR
    Running examples in ‘TPmsm-Ex.R’ failed
    The error most likely occurred in:
    
    > base::assign(".ptime", proc.time(), pos = "CheckExEnv")
    > ### Name: as.data.frame.survTP
    > ### Title: as.data.frame method for a survTP object
    > ### Aliases: as.data.frame.survTP
    > ### Keywords: manip methods survival
    >
    > ### ** Examples
    >
    > # Example for the "TPmsm" format
    > weiTP <- dgpTP(n=100, corr=1, dist="weibull", dist.par=c(2, 7, 2, 7),
    + model.cens="exponential", cens.par = 6, state2.prob=0.6)
    *** invalid %N$ use detected ***
    Aborted
Flavor: r-devel-linux-x86_64-debian-clang

Version: 1.2.1
Flags: --no-stop-on-test-error
Check: examples
Result: ERROR
    Running examples in ‘TPmsm-Ex.R’ failed
    The error most likely occurred in:
    
    > ### Name: contour.TPCmsm
    > ### Title: contour method for a TPCmsm object
    > ### Aliases: contour.TPCmsm
    > ### Keywords: aplot hplot methods multivariate survival
    >
    > ### ** Examples
    >
    > # Set the number of threads
    > nth <- setThreadsTP(2)
    >
    > # Create survTP object
    > data(colonTP)
    > colonTP_obj <- with( colonTP, survTP(time1, event1, Stime, event, age=age) )
    >
    > # Compute IPCW conditional transition probabilities without confidence band
    > TPCmsm_obj <- transIPCW(colonTP_obj, s=57, t=310, x=0)
    
     *** caught segfault ***
    
     *** caught segfault ***
    address 0xc487f00, cause 'memory not mapped'
    
    Traceback:
     1: .Call(Rf_TransPROBIPCW2, object, UT, UX, h, window, methodweights, as.integer(nboot), as.integer(methodest), PACKAGE = "TPmsm")
     2: TransPROB.IPCW2(object, UT, UX, nboot = 1, ...)
     3: TransPROB(object, UT, UX, nboot = 1, ...)
     4: TransMethod.TPC(object, s, t, state.names, conf, n.boot, conf.level, method.boot, xi = x, bw = bw, window = window, methodweights = method.weights, methodest = method.est, ...)
     5: TransMethod(object, s, t, state.names, conf, n.boot, conf.level, method.boot, xi = x, bw = bw, window = window, methodweights = method.weights, methodest = method.est, ...)
     6: transIPCW(colonTP_obj, s = 57, t = 310, x = 0)
    An irrecoverable exception occurred. R is aborting now ...
    address 0xc487f00, cause 'memory not mapped'
    
    Traceback:
     1: .Call(Rf_TransPROBIPCW2, object, UT, UX, h, window, methodweights, as.integer(nboot), as.integer(methodest), PACKAGE = "TPmsm")
     2: TransPROB.IPCW2(object, UT, UX, nboot = 1, ...)
     3: TransPROB(object, UT, UX, nboot = 1, ...)
     4: TransMethod.TPC(object, s, t, state.names, conf, n.boot, conf.level, method.boot, xi = x, bw = bw, window = window, methodweights = method.weights, methodest = method.est, ...)
     5: TransMethod(object, s, t, state.names, conf, n.boot, conf.level, method.boot, xi = x, bw = bw, window = window, methodweights = method.weights, methodest = method.est, ...)
     6: transIPCW(colonTP_obj, s = 57, t = 310, x = 0)
    An irrecoverable exception occurred. R is aborting now ...
Flavor: r-devel-linux-x86_64-fedora-clang

Version: 1.2.1
Check: examples
Result: ERROR
    Running examples in ‘TPmsm-Ex.R’ failed
    The error most likely occurred in:
    
    > ### Name: contour.TPCmsm
    > ### Title: contour method for a TPCmsm object
    > ### Aliases: contour.TPCmsm
    > ### Keywords: aplot hplot methods multivariate survival
    >
    > ### ** Examples
    >
    > # Set the number of threads
    > nth <- setThreadsTP(2)
    >
    > # Create survTP object
    > data(colonTP)
    > colonTP_obj <- with( colonTP, survTP(time1, event1, Stime, event, age=age) )
    >
    > # Compute IPCW conditional transition probabilities without confidence band
    > TPCmsm_obj <- transIPCW(colonTP_obj, s=57, t=310, x=0)
    
     *** caught segfault ***
    address 0x7fcb4a267e00, cause 'memory not mapped'
    
    Traceback:
     1: .Call(Rf_TransPROBIPCW2, object, UT, UX, h, window, methodweights, as.integer(nboot), as.integer(methodest), PACKAGE = "TPmsm")
     2: TransPROB.IPCW2(object, UT, UX, nboot = 1, ...)
     3: TransPROB(object, UT, UX, nboot = 1, ...)
     4: TransMethod.TPC(object, s, t, state.names, conf, n.boot, conf.level, method.boot, xi = x, bw = bw, window = window, methodweights = method.weights, methodest = method.est, ...)
     *** caught segfault ***
    
    address 0x7fcb4a267e00, cause 'memory not mapped'
     5: TransMethod(object, s, t, state.names, conf, n.boot, conf.level, method.boot, xi = x, bw = bw, window = window, methodweights = method.weights, methodest = method.est, ...)
     6: transIPCW(colonTP_obj, s = 57, t = 310, x = 0)
    An irrecoverable exception occurred. R is aborting now ...
    
    Traceback:
     1: .Call(Rf_TransPROBIPCW2, object, UT, UX, h, window, methodweights, as.integer(nboot), as.integer(methodest), PACKAGE = "TPmsm")
     2: TransPROB.IPCW2(object, UT, UX, nboot = 1, ...)
     3: TransPROB(object, UT, UX, nboot = 1, ...)
     4: TransMethod.TPC(object, s, t, state.names, conf, n.boot, conf.level, method.boot, xi = x, bw = bw, window = window, methodweights = method.weights, methodest = method.est, ...)
     5: TransMethod(object, s, t, state.names, conf, n.boot, conf.level, method.boot, xi = x, bw = bw, window = window, methodweights = method.weights, methodest = method.est, ...)
     6: transIPCW(colonTP_obj, s = 57, t = 310, x = 0)
    An irrecoverable exception occurred. R is aborting now ...
Flavor: r-release-osx-x86_64