CRAN Package Check Results for Package TPmsm

Last updated on 2016-08-24 14:48:21.

Flavor Version Tinstall Tcheck Ttotal Status Flags
r-devel-linux-x86_64-debian-clang 1.2.1 7.90 23.02 30.92 OK
r-devel-linux-x86_64-debian-gcc 1.2.1 7.29 20.53 27.82 OK
r-devel-linux-x86_64-fedora-clang 1.2.1 57.50 OK
r-devel-linux-x86_64-fedora-gcc 1.2.1 53.92 OK
r-devel-osx-x86_64-clang 1.2.1 38.72 OK
r-devel-windows-ix86+x86_64 1.2.1 58.00 62.00 120.00 OK
r-patched-linux-x86_64 1.2.1 6.49 20.13 26.62 OK
r-patched-solaris-sparc 1.2.1 267.00 ERROR
r-patched-solaris-x86 1.2.1 85.70 OK
r-release-linux-x86_64 1.2.1 7.09 20.37 27.46 OK
r-release-osx-x86_64-mavericks 1.2.1 OK
r-release-windows-ix86+x86_64 1.2.1 53.00 63.00 116.00 OK
r-oldrel-windows-ix86+x86_64 1.2.1 74.00 46.00 120.00 OK

Check Details

Version: 1.2.1
Check: examples
Result: ERROR
    Running examples in ‘TPmsm-Ex.R’ failed
    The error most likely occurred in:
    
    > ### Name: plot.TPmsm
    > ### Title: plot method for a TPmsm object
    > ### Aliases: plot.TPmsm
    > ### Keywords: hplot methods survival
    >
    > ### ** Examples
    >
    > # Set the number of threads
    > nth <- setThreadsTP(2)
    >
    > # Create survTP object
    > data(bladderTP)
    > bladderTP_obj <- with(bladderTP, survTP(time1, event1, Stime, event))
    >
    > # Compute KMW transition probabilities with confidence band
    > TPmsm_obj <- transKMW(object=bladderTP_obj, s=5, t=59, conf=TRUE, conf.level=0.95,
    + method.boot="basic", method.est=2)
    
     *** caught segfault ***
    address 0, cause 'memory not mapped'
    
    Traceback:
     1: .Call(Rf_BtoTPmsm1222, lst, UT, s, t, statenames, as.integer(nboot), conflevel, methodboot, PACKAGE = "TPmsm")
     2: BtoTPmsm.default(lst, UT, s, t, state.names, n.boot, conf.level, method.boot)
     3: BtoTPmsm(lst, UT, s, t, state.names, n.boot, conf.level, method.boot)
     4: TransBoot.TP(object, s, t, state.names, n.boot, conf.level, method.boot, ...)
     5: TransBoot(object, s, t, state.names, n.boot, conf.level, method.boot, ...)
     6: TransMethod.TP(object, s, t, state.names, conf, n.boot, conf.level, method.boot, methodest = method.est)
     7: TransMethod(object, s, t, state.names, conf, n.boot, conf.level, method.boot, methodest = method.est)
     8: transKMW(object = bladderTP_obj, s = 5, t = 59, conf = TRUE, conf.level = 0.95, method.boot = "basic", method.est = 2)
    An irrecoverable exception occurred. R is aborting now ...
Flavor: r-patched-solaris-sparc