CRAN Package Check Results for Package TPmsm

Last updated on 2018-05-21 23:51:18 CEST.

Flavor Version Tinstall Tcheck Ttotal Status Flags
r-devel-linux-x86_64-debian-clang 1.2.1 14.83 37.54 52.37 OK
r-devel-linux-x86_64-debian-gcc 1.2.1 10.16 29.63 39.79 OK
r-devel-linux-x86_64-fedora-clang 1.2.1 63.57 OK
r-devel-linux-x86_64-fedora-gcc 1.2.1 59.96 OK
r-devel-windows-ix86+x86_64 1.2.1 69.00 52.00 121.00 OK
r-patched-linux-x86_64 1.2.1 12.01 37.43 49.44 OK
r-patched-solaris-x86 1.2.1 107.90 OK
r-release-linux-x86_64 1.2.1 13.79 37.13 50.92 OK
r-release-windows-ix86+x86_64 1.2.1 72.00 75.00 147.00 OK
r-release-osx-x86_64 1.2.1 OK
r-oldrel-windows-ix86+x86_64 1.2.1 72.00 78.00 150.00 OK
r-oldrel-osx-x86_64 1.2.1 ERROR

Check Details

Version: 1.2.1
Check: examples
Result: ERROR
    Running examples in ‘TPmsm-Ex.R’ failed
    The error most likely occurred in:
    
    > ### Name: contour.TPCmsm
    > ### Title: contour method for a TPCmsm object
    > ### Aliases: contour.TPCmsm
    > ### Keywords: aplot hplot methods multivariate survival
    >
    > ### ** Examples
    >
    > # Set the number of threads
    > nth <- setThreadsTP(2)
    >
    > # Create survTP object
    > data(colonTP)
    > colonTP_obj <- with( colonTP, survTP(time1, event1, Stime, event, age=age) )
    >
    > # Compute IPCW conditional transition probabilities without confidence band
    > TPCmsm_obj <- transIPCW(colonTP_obj, s=57, t=310, x=0)
    
     *** caught segfault ***
    address 0x7fcb4a267e00, cause 'memory not mapped'
    
    Traceback:
     1: .Call(Rf_TransPROBIPCW2, object, UT, UX, h, window, methodweights, as.integer(nboot), as.integer(methodest), PACKAGE = "TPmsm")
     2: TransPROB.IPCW2(object, UT, UX, nboot = 1, ...)
     3: TransPROB(object, UT, UX, nboot = 1, ...)
     4: TransMethod.TPC(object, s, t, state.names, conf, n.boot, conf.level, method.boot, xi = x, bw = bw, window = window, methodweights = method.weights, methodest = method.est, ...)
     *** caught segfault ***
    
    address 0x7fcb4a267e00, cause 'memory not mapped'
     5: TransMethod(object, s, t, state.names, conf, n.boot, conf.level, method.boot, xi = x, bw = bw, window = window, methodweights = method.weights, methodest = method.est, ...)
     6: transIPCW(colonTP_obj, s = 57, t = 310, x = 0)
    An irrecoverable exception occurred. R is aborting now ...
    
    Traceback:
     1: .Call(Rf_TransPROBIPCW2, object, UT, UX, h, window, methodweights, as.integer(nboot), as.integer(methodest), PACKAGE = "TPmsm")
     2: TransPROB.IPCW2(object, UT, UX, nboot = 1, ...)
     3: TransPROB(object, UT, UX, nboot = 1, ...)
     4: TransMethod.TPC(object, s, t, state.names, conf, n.boot, conf.level, method.boot, xi = x, bw = bw, window = window, methodweights = method.weights, methodest = method.est, ...)
     5: TransMethod(object, s, t, state.names, conf, n.boot, conf.level, method.boot, xi = x, bw = bw, window = window, methodweights = method.weights, methodest = method.est, ...)
     6: transIPCW(colonTP_obj, s = 57, t = 310, x = 0)
    An irrecoverable exception occurred. R is aborting now ...
Flavor: r-oldrel-osx-x86_64