CRAN Package Check Results for Package TPmsm

Last updated on 2014-10-26 05:47:30.

Flavor Version Tinstall Tcheck Ttotal Status Flags
r-devel-linux-x86_64-debian-clang 1.1.1 4.24 22.12 26.37 NOTE
r-devel-linux-x86_64-debian-gcc 1.1.1 6.11 20.64 26.75 NOTE
r-devel-linux-x86_64-fedora-clang 1.1.1 50.37 NOTE
r-devel-linux-x86_64-fedora-gcc 1.1.1 52.51 NOTE
r-devel-osx-x86_64-clang 1.1.1 46.94 NOTE
r-devel-windows-ix86+x86_64 1.1.1 39.00 43.00 82.00 NOTE
r-patched-linux-x86_64 1.1.1 6.17 20.49 26.66 NOTE
r-patched-solaris-sparc 1.1.1 313.90 NOTE
r-patched-solaris-x86 1.1.1 95.90 NOTE
r-release-linux-ix86 1.1.1 9.06 34.06 43.12 OK
r-release-linux-x86_64 1.1.1 5.99 20.88 26.87 OK
r-release-osx-x86_64-mavericks 1.1.1 OK
r-release-osx-x86_64-snowleopard 1.1.1 OK
r-release-windows-ix86+x86_64 1.1.1 38.00 45.00 83.00 OK
r-oldrel-windows-ix86+x86_64 1.1.1 41.00 44.00 85.00 OK

Check Details

Version: 1.1.1
Check: compiled code
Result: NOTE
    File ‘TPmsm/libs/TPmsm.so’:
     Found ‘rand’, possibly from ‘rand’ (C)
     Object: ‘boot.o’
     Found ‘srand’, possibly from ‘srand’ (C)
     Objects: ‘transAJ.o’, ‘transIPCW1.o’, ‘transIPCW2.o’,
     ‘transKMPW1.o’, ‘transKMPW2.o’, ‘transKMW.o’, ‘transLIN1.o’,
     ‘transLIN2.o’, ‘transLS.o’, ‘transPAJ.o’
    
    Compiled code should not call entry points which might terminate R nor
    write to stdout/stderr instead of to the console, nor the C RNG.
    
    See ‘Writing portable packages’ in the ‘Writing R Extensions’ manual.
Flavors: r-devel-linux-x86_64-debian-clang, r-devel-linux-x86_64-debian-gcc, r-devel-linux-x86_64-fedora-clang, r-devel-linux-x86_64-fedora-gcc, r-patched-linux-x86_64, r-patched-solaris-sparc, r-patched-solaris-x86

Version: 1.1.1
Check: compiled code
Result: NOTE
    File ‘TPmsm/libs/TPmsm.so’:
     Found ‘_rand’, possibly from ‘rand’ (C)
     Object: ‘boot.o’
     Found ‘_srand’, possibly from ‘srand’ (C)
     Objects: ‘transAJ.o’, ‘transIPCW1.o’, ‘transIPCW2.o’,
     ‘transKMPW1.o’, ‘transKMPW2.o’, ‘transKMW.o’, ‘transLIN1.o’,
     ‘transLIN2.o’, ‘transLS.o’, ‘transPAJ.o’
    
    Compiled code should not call entry points which might terminate R nor
    write to stdout/stderr instead of to the console, nor the C RNG.
    
    See ‘Writing portable packages’ in the ‘Writing R Extensions’ manual.
Flavor: r-devel-osx-x86_64-clang

Version: 1.1.1
Check: compiled code
Result: NOTE
    File 'TPmsm/libs/i386/TPmsm.dll':
     Found 'rand', possibly from 'rand' (C)
     Object: 'boot.o'
     Found 'srand', possibly from 'srand' (C)
     Objects: 'transAJ.o', 'transIPCW1.o', 'transIPCW2.o',
     'transKMPW1.o', 'transKMPW2.o', 'transKMW.o', 'transLIN1.o',
     'transLIN2.o', 'transLS.o', 'transPAJ.o'
    File 'TPmsm/libs/x64/TPmsm.dll':
     Found 'rand', possibly from 'rand' (C)
     Object: 'boot.o'
     Found 'srand', possibly from 'srand' (C)
     Objects: 'transAJ.o', 'transIPCW1.o', 'transIPCW2.o',
     'transKMPW1.o', 'transKMPW2.o', 'transKMW.o', 'transLIN1.o',
     'transLIN2.o', 'transLS.o', 'transPAJ.o'
    
    Compiled code should not call entry points which might terminate R nor
    write to stdout/stderr instead of to the console, nor the C RNG.
    
    See 'Writing portable packages' in the 'Writing R Extensions' manual.
Flavor: r-devel-windows-ix86+x86_64