CRAN Package Check Results for Package TPmsm

Last updated on 2016-05-06 06:47:19.

Flavor Version Tinstall Tcheck Ttotal Status Flags
r-devel-linux-x86_64-debian-gcc 1.2.1 7.00 20.22 27.22 OK
r-devel-linux-x86_64-fedora-clang 1.2.1 54.57 OK
r-devel-linux-x86_64-fedora-gcc 1.2.1 50.86 OK
r-devel-osx-x86_64-clang 1.2.1 49.92 OK
r-devel-windows-ix86+x86_64 1.2.1 38.00 57.00 95.00 OK
r-patched-linux-x86_64 1.2.1 6.83 20.25 27.08 OK
r-patched-solaris-sparc 1.2.1 237.60 ERROR
r-patched-solaris-x86 1.2.1 88.40 OK
r-release-linux-x86_64 1.2.1 6.81 20.00 26.81 OK
r-release-osx-x86_64-mavericks 1.2.1 OK
r-release-windows-ix86+x86_64 1.2.1 38.00 57.00 95.00 OK
r-oldrel-windows-ix86+x86_64 1.2.1 67.00 50.00 117.00 OK

Check Details

Version: 1.2.1
Check: examples
Result: ERROR
    Running examples in ‘TPmsm-Ex.R’ failed
    The error most likely occurred in:
    
    > ### Name: image.TPCmsm
    > ### Title: image method for a TPCmsm object
    > ### Aliases: image.TPCmsm
    > ### Keywords: hplot methods multivariate survival
    >
    > ### ** Examples
    >
    > # Set the number of threads
    > nth <- setThreadsTP(2)
    >
    > # Create survTP object
    > data(heartTP)
    > heartTP_obj <- with( heartTP, survTP(time1, event1, Stime, event, age=age) )
    >
    > # Compute LIN conditional transition probabilities with confidence band
    > TPCmsm_obj <- transLIN(heartTP_obj, s=57, t=310, x=0, conf=TRUE, n.boot=100,
    + method.boot="basic")
    
     *** caught segfault ***
    address 0, cause 'memory not mapped'
    
    Traceback:
     1: .Call(Rf_BtoTPCmsm, lst, UT, UX, s, t, x, statenames, as.integer(nboot), conflevel, methodboot, PACKAGE = "TPmsm")
     2: BtoTPCmsm(lst, UT, UX, s, t, xi, state.names, n.boot, conf.level, method.boot)
     3: TransBoot.TPC(object, s, t, state.names, n.boot, conf.level, method.boot, xi, ...)
     4: TransBoot(object, s, t, state.names, n.boot, conf.level, method.boot, xi, ...)
     5: TransMethod.TPC(object, s, t, state.names, conf, n.boot, conf.level, method.boot, xi = x, bw = bw, window = window, methodweights = method.weights, ...)
     6: TransMethod(object, s, t, state.names, conf, n.boot, conf.level, method.boot, xi = x, bw = bw, window = window, methodweights = method.weights, ...)
     7: transLIN(heartTP_obj, s = 57, t = 310, x = 0, conf = TRUE, n.boot = 100, method.boot = "basic")
    An irrecoverable exception occurred. R is aborting now ...
Flavor: r-patched-solaris-sparc