CRAN Package Check Results for Package TR8

Last updated on 2018-09-19 08:49:16 CEST.

Flavor Version Tinstall Tcheck Ttotal Status Flags
r-devel-linux-x86_64-debian-clang 0.9.18 8.79 94.56 103.35 OK
r-devel-linux-x86_64-debian-gcc 0.9.18 8.09 76.73 84.82 OK
r-devel-linux-x86_64-fedora-clang 0.9.18 137.05 OK
r-devel-linux-x86_64-fedora-gcc 0.9.18 125.02 OK
r-devel-windows-ix86+x86_64 0.9.18 17.00 159.00 176.00 OK
r-patched-linux-x86_64 0.9.18 7.79 83.16 90.95 OK
r-patched-solaris-x86 0.9.18 176.90 OK
r-release-linux-x86_64 0.9.18 8.38 82.71 91.09 OK
r-release-windows-ix86+x86_64 0.9.18 20.00 97.00 117.00 OK
r-release-osx-x86_64 0.9.18 OK
r-oldrel-windows-ix86+x86_64 0.9.18 10.00 96.00 106.00 OK
r-oldrel-osx-x86_64 0.9.18 NOTE

Check Details

Version: 0.9.18
Check: re-building of vignette outputs
Result: NOTE
    Error in re-building vignettes:
     ...
    Error in texi2dvi(file = file, pdf = TRUE, clean = clean, quiet = quiet, :
     Running 'texi2dvi' on 'Expanding_TR8.tex' failed.
    LaTeX errors:
    ! LaTeX Error: File `enumitem.sty' not found.
    
    Type X to quit or <RETURN> to proceed,
    or enter new name. (Default extension: sty)
    
    ! Emergency stop.
    <read *>
    
    l.10 \usepackage
     {graphicx}^^M
    ! ==> Fatal error occurred, no output PDF file produced!
    Calls: buildVignettes -> texi2pdf -> texi2dvi
    Execution halted
Flavor: r-oldrel-osx-x86_64