CRAN Package Check Results for Package TR8

Last updated on 2018-07-16 15:49:15 CEST.

Flavor Version Tinstall Tcheck Ttotal Status Flags
r-devel-linux-x86_64-debian-clang 0.9.18 9.69 86.74 96.43 OK
r-devel-linux-x86_64-debian-gcc 0.9.18 7.19 75.69 82.88 OK
r-devel-linux-x86_64-fedora-clang 0.9.18 122.77 OK
r-devel-linux-x86_64-fedora-gcc 0.9.18 118.34 OK
r-devel-windows-ix86+x86_64 0.9.18 25.00 108.00 133.00 OK
r-patched-linux-x86_64 0.9.18 7.36 84.20 91.56 OK
r-patched-solaris-x86 0.9.18 179.80 OK
r-release-linux-x86_64 0.9.18 7.55 85.10 92.65 OK
r-release-windows-ix86+x86_64 0.9.18 16.00 106.00 122.00 OK
r-release-osx-x86_64 0.9.18 OK
r-oldrel-windows-ix86+x86_64 0.9.18 14.00 97.00 111.00 OK
r-oldrel-osx-x86_64 0.9.18 NOTE

Check Details

Version: 0.9.18
Check: re-building of vignette outputs
Result: NOTE
    Error in re-building vignettes:
     ...
    Error in texi2dvi(file = file, pdf = TRUE, clean = clean, quiet = quiet, :
     Running 'texi2dvi' on 'Expanding_TR8.tex' failed.
    LaTeX errors:
    ! LaTeX Error: File `enumitem.sty' not found.
    
    Type X to quit or <RETURN> to proceed,
    or enter new name. (Default extension: sty)
    
    ! Emergency stop.
    <read *>
    
    l.10 \usepackage
     {graphicx}^^M
    ! ==> Fatal error occurred, no output PDF file produced!
    Calls: buildVignettes -> texi2pdf -> texi2dvi
    Execution halted
Flavor: r-oldrel-osx-x86_64