CRAN Package Check Results for Package TR8

Last updated on 2018-12-09 20:46:50 CET.

Flavor Version Tinstall Tcheck Ttotal Status Flags
r-devel-linux-x86_64-debian-clang 0.9.19 8.02 86.40 94.42 OK
r-devel-linux-x86_64-debian-gcc 0.9.19 7.10 69.63 76.73 OK
r-devel-linux-x86_64-fedora-clang 0.9.19 113.52 NOTE
r-devel-linux-x86_64-fedora-gcc 0.9.19 120.29 NOTE
r-devel-windows-ix86+x86_64 0.9.19 28.00 96.00 124.00 OK
r-patched-linux-x86_64 0.9.19 8.64 84.42 93.06 OK
r-patched-solaris-x86 0.9.19 153.70 NOTE
r-release-linux-x86_64 0.9.19 8.83 83.93 92.76 OK
r-release-windows-ix86+x86_64 0.9.19 14.00 97.00 111.00 OK
r-release-osx-x86_64 0.9.19 NOTE
r-oldrel-windows-ix86+x86_64 0.9.19 13.00 165.00 178.00 OK
r-oldrel-osx-x86_64 0.9.19 NOTE

Check Details

Version: 0.9.19
Check: data for non-ASCII characters
Result: NOTE
     Note: found 153 marked Latin-1 strings
     Note: found 108 marked UTF-8 strings
Flavors: r-devel-linux-x86_64-fedora-clang, r-devel-linux-x86_64-fedora-gcc, r-patched-solaris-x86, r-release-osx-x86_64, r-oldrel-osx-x86_64