CRAN Package Check Results for Package TR8

Last updated on 2018-04-26 22:47:36 CEST.

Flavor Version Tinstall Tcheck Ttotal Status Flags
r-devel-linux-x86_64-debian-clang 0.9.18 7.92 75.89 83.81 OK
r-devel-linux-x86_64-debian-gcc 0.9.18 6.60 66.35 72.95 OK
r-devel-linux-x86_64-fedora-clang 0.9.18 113.29 OK
r-devel-linux-x86_64-fedora-gcc 0.9.18 109.20 OK
r-devel-windows-ix86+x86_64 0.9.18 24.00 100.00 124.00 OK
r-patched-linux-x86_64 0.9.18 7.12 81.04 88.16 OK
r-patched-solaris-x86 0.9.18 175.00 OK
r-release-linux-x86_64 0.9.18 7.60 83.14 90.74 OK
r-release-windows-ix86+x86_64 0.9.18 24.00 100.00 124.00 OK
r-release-osx-x86_64 0.9.18 OK
r-oldrel-windows-ix86+x86_64 0.9.18 14.00 101.00 115.00 OK
r-oldrel-osx-x86_64 0.9.18 NOTE

Check Details

Version: 0.9.18
Check: re-building of vignette outputs
Result: NOTE
    Error in re-building vignettes:
     ...
    Error in texi2dvi(file = file, pdf = TRUE, clean = clean, quiet = quiet, :
     Running 'texi2dvi' on 'Expanding_TR8.tex' failed.
    LaTeX errors:
    ! LaTeX Error: File `enumitem.sty' not found.
    
    Type X to quit or <RETURN> to proceed,
    or enter new name. (Default extension: sty)
    
    ! Emergency stop.
    <read *>
    
    l.10 \usepackage
     {graphicx}^^M
    ! ==> Fatal error occurred, no output PDF file produced!
    Calls: buildVignettes -> texi2pdf -> texi2dvi
    Execution halted
Flavor: r-oldrel-osx-x86_64