CRAN Package Check Results for Package TSA

Last updated on 2014-08-22 13:47:05.

Flavor Version Tinstall Tcheck Ttotal Status Flags
r-devel-linux-x86_64-debian-clang 1.01 4.83 59.79 64.62 NOTE
r-devel-linux-x86_64-debian-gcc 1.01 4.84 59.15 63.98 NOTE
r-devel-linux-x86_64-fedora-clang 1.01 145.48 NOTE
r-devel-linux-x86_64-fedora-gcc 1.01 136.36 NOTE
r-devel-osx-x86_64-clang 1.01 114.19 NOTE
r-devel-windows-ix86+x86_64 1.01 14.00 89.00 103.00 NOTE
r-patched-linux-x86_64 1.01 5.22 61.69 66.91 NOTE
r-patched-solaris-sparc 1.01 804.40 NOTE
r-patched-solaris-x86 1.01 186.80 NOTE
r-release-linux-ix86 1.01 5.99 74.12 80.11 NOTE
r-release-linux-x86_64 1.01 4.99 62.62 67.61 NOTE
r-release-osx-x86_64-mavericks 1.01 NOTE
r-release-osx-x86_64-snowleopard 1.01 ERROR
r-release-windows-ix86+x86_64 1.01 14.00 90.00 104.00 NOTE
r-oldrel-windows-ix86+x86_64 1.01 14.00 90.00 104.00 NOTE

Check Details

Version: 1.01
Check: dependencies in R code
Result: NOTE
    'library' or 'require' calls to packages already attached by Depends:
     ‘leaps’ ‘locfit’ ‘mgcv’
     Please remove these calls from your code.
    ':::' calls which should be '::':
     ‘stats:::ARMAacf’ ‘stats:::acf’ ‘stats:::arima’
     See the note in ?`:::` about the use of this operator.
    See the information on DESCRIPTION files in the chapter ‘Creating R
    packages’ of the ‘Writing R Extensions’ manual.
Flavors: r-devel-linux-x86_64-debian-clang, r-devel-linux-x86_64-debian-gcc, r-devel-linux-x86_64-fedora-clang, r-devel-linux-x86_64-fedora-gcc, r-devel-osx-x86_64-clang, r-devel-windows-ix86+x86_64, r-patched-linux-x86_64, r-patched-solaris-sparc, r-patched-solaris-x86, r-release-linux-ix86, r-release-linux-x86_64, r-release-osx-x86_64-mavericks, r-release-windows-ix86+x86_64, r-oldrel-windows-ix86+x86_64

Version: 1.01
Check: top-level files
Result: NOTE
    Non-standard file/directory found at top level:
     ‘changes’
Flavors: r-devel-linux-x86_64-fedora-clang, r-devel-linux-x86_64-fedora-gcc

Version: 1.01
Check: whether package can be installed
Result: ERROR
    Installation failed.
Flavor: r-release-osx-x86_64-snowleopard