CRAN Package Check Results for Package TSA

Last updated on 2014-11-23 03:48:13.

Flavor Version Tinstall Tcheck Ttotal Status Flags
r-devel-linux-x86_64-debian-clang 1.01 4.81 60.05 64.86 NOTE
r-devel-linux-x86_64-debian-gcc 1.01 4.79 56.94 61.72 NOTE
r-devel-linux-x86_64-fedora-clang 1.01 143.07 NOTE
r-devel-linux-x86_64-fedora-gcc 1.01 135.44 NOTE
r-devel-osx-x86_64-clang 1.01 117.95 NOTE
r-devel-windows-ix86+x86_64 1.01 15.00 87.00 102.00 NOTE
r-patched-linux-x86_64 1.01 4.85 60.00 64.85 NOTE
r-patched-solaris-sparc 1.01 804.40 NOTE
r-patched-solaris-x86 1.01 181.10 NOTE
r-release-linux-ix86 1.01 5.51 69.82 75.33 NOTE
r-release-linux-x86_64 1.01 5.08 60.03 65.11 NOTE
r-release-osx-x86_64-mavericks 1.01 NOTE
r-release-osx-x86_64-snowleopard 1.01 ERROR
r-release-windows-ix86+x86_64 1.01 19.00 89.00 108.00 NOTE
r-oldrel-windows-ix86+x86_64 1.01 15.00 88.00 103.00 NOTE

Check Details

Version: 1.01
Check: top-level files
Result: NOTE
    Non-standard file/directory found at top level:
     ‘changes’
Flavors: r-devel-linux-x86_64-debian-clang, r-devel-linux-x86_64-debian-gcc, r-devel-linux-x86_64-fedora-clang, r-devel-linux-x86_64-fedora-gcc, r-patched-linux-x86_64, r-release-linux-x86_64

Version: 1.01
Check: dependencies in R code
Result: NOTE
    'library' or 'require' calls to packages already attached by Depends:
     ‘leaps’ ‘locfit’ ‘mgcv’
     Please remove these calls from your code.
    ':::' calls which should be '::':
     ‘stats:::ARMAacf’ ‘stats:::acf’ ‘stats:::arima’
     See the note in ?`:::` about the use of this operator.
    See the information on DESCRIPTION files in the chapter ‘Creating R
    packages’ of the ‘Writing R Extensions’ manual.
Flavors: r-devel-linux-x86_64-debian-clang, r-devel-linux-x86_64-debian-gcc, r-devel-linux-x86_64-fedora-clang, r-devel-linux-x86_64-fedora-gcc, r-devel-osx-x86_64-clang, r-devel-windows-ix86+x86_64, r-patched-linux-x86_64, r-patched-solaris-sparc, r-patched-solaris-x86, r-release-linux-ix86, r-release-linux-x86_64, r-release-osx-x86_64-mavericks, r-release-windows-ix86+x86_64, r-oldrel-windows-ix86+x86_64

Version: 1.01
Check: whether package can be installed
Result: ERROR
    Installation failed.
Flavor: r-release-osx-x86_64-snowleopard