CRAN Package Check Results for Package TSA

Last updated on 2015-03-02 19:52:31.

Flavor Version Tinstall Tcheck Ttotal Status Flags
r-devel-linux-x86_64-debian-clang 1.01 3.66 50.09 53.74 NOTE
r-devel-linux-x86_64-debian-gcc 1.01 3.83 48.83 52.66 NOTE
r-devel-linux-x86_64-fedora-clang 1.01 108.16 NOTE
r-devel-linux-x86_64-fedora-gcc 1.01 104.31 NOTE
r-devel-osx-x86_64-clang 1.01 95.72 NOTE
r-devel-windows-ix86+x86_64 1.01 24.00 97.00 121.00 NOTE
r-patched-linux-x86_64 1.01 5.12 62.25 67.37 NOTE
r-patched-solaris-sparc 1.01 792.30 NOTE
r-patched-solaris-x86 1.01 181.10 NOTE
r-release-linux-ix86 1.01 5.78 78.95 84.73 NOTE
r-release-linux-x86_64 1.01 5.11 62.41 67.52 NOTE
r-release-osx-x86_64-mavericks 1.01 NOTE
r-release-osx-x86_64-snowleopard 1.01 ERROR
r-release-windows-ix86+x86_64 1.01 25.00 126.00 151.00 NOTE
r-oldrel-windows-ix86+x86_64 1.01 15.00 92.00 107.00 NOTE

Check Details

Version: 1.01
Check: DESCRIPTION meta-information
Result: NOTE
    Malformed Description field: should contain one or more complete sentences.
Flavors: r-devel-linux-x86_64-debian-clang, r-devel-linux-x86_64-debian-gcc, r-devel-linux-x86_64-fedora-clang, r-devel-linux-x86_64-fedora-gcc, r-devel-osx-x86_64-clang, r-devel-windows-ix86+x86_64

Version: 1.01
Check: top-level files
Result: NOTE
    Non-standard file/directory found at top level:
     ‘changes’
Flavors: r-devel-linux-x86_64-debian-clang, r-devel-linux-x86_64-debian-gcc, r-devel-linux-x86_64-fedora-clang, r-devel-linux-x86_64-fedora-gcc, r-patched-linux-x86_64, r-release-linux-ix86, r-release-linux-x86_64

Version: 1.01
Check: dependencies in R code
Result: NOTE
    'library' or 'require' calls to packages already attached by Depends:
     ‘leaps’ ‘locfit’ ‘mgcv’
     Please remove these calls from your code.
    ':::' calls which should be '::':
     ‘stats:::ARMAacf’ ‘stats:::acf’ ‘stats:::arima’
     See the note in ?`:::` about the use of this operator.
Flavors: r-devel-linux-x86_64-debian-clang, r-devel-linux-x86_64-debian-gcc, r-devel-linux-x86_64-fedora-clang, r-devel-linux-x86_64-fedora-gcc, r-devel-osx-x86_64-clang, r-devel-windows-ix86+x86_64, r-patched-linux-x86_64, r-patched-solaris-x86

Version: 1.01
Check: S3 generic/method consistency
Result: NOTE
    Found the following apparent S3 methods exported but not registered:
     fitted.Arima plot.Arima plot.armasubsets predict.TAR rstandard.Arima
     summary.armasubsets tsdiag.Arima tsdiag.TAR
    See section ‘Registering S3 methods’ in the ‘Writing R Extensions’
    manual.
Flavors: r-devel-linux-x86_64-debian-clang, r-devel-linux-x86_64-debian-gcc, r-devel-linux-x86_64-fedora-clang, r-devel-linux-x86_64-fedora-gcc, r-devel-osx-x86_64-clang

Version: 1.01
Check: dependencies in R code
Result: NOTE
    'library' or 'require' calls to packages already attached by Depends:
     ‘leaps’ ‘locfit’ ‘mgcv’
     Please remove these calls from your code.
    ':::' calls which should be '::':
     ‘stats:::ARMAacf’ ‘stats:::acf’ ‘stats:::arima’
     See the note in ?`:::` about the use of this operator.
    See the information on DESCRIPTION files in the chapter ‘Creating R
    packages’ of the ‘Writing R Extensions’ manual.
Flavors: r-patched-solaris-sparc, r-release-linux-ix86, r-release-linux-x86_64, r-release-osx-x86_64-mavericks, r-release-windows-ix86+x86_64, r-oldrel-windows-ix86+x86_64

Version: 1.01
Check: whether package can be installed
Result: ERROR
    Installation failed.
Flavor: r-release-osx-x86_64-snowleopard