CRAN Package Check Results for Package TSA

Last updated on 2014-04-17 05:47:19.

Flavor Version Tinstall Tcheck Ttotal Status Flags
r-devel-linux-x86_64-debian-clang 1.01 5.14 65.19 70.33 NOTE
r-devel-linux-x86_64-debian-gcc 1.01 5.12 63.56 68.68 NOTE
r-devel-linux-x86_64-fedora-clang 1.01 151.82 NOTE
r-devel-linux-x86_64-fedora-gcc 1.01 143.11 NOTE
r-devel-macosx-x86_64-clang 1.01 120.13 NOTE
r-devel-macosx-x86_64-gcc 1.01 ERROR
r-devel-windows-ix86+x86_64 1.01 14.00 81.00 95.00 NOTE
r-patched-linux-x86_64 1.01 5.12 64.92 70.04 NOTE
r-patched-solaris-sparc 1.01 784.00 NOTE
r-patched-solaris-x86 1.01 183.20 NOTE
r-release-linux-ix86 1.01 11.00 98.00 109.00 NOTE
r-release-linux-x86_64 1.01 5.25 62.68 67.93 NOTE
r-release-macosx-x86_64 1.01 ERROR
r-release-windows-ix86+x86_64 1.01 13.00 93.00 106.00 NOTE
r-oldrel-windows-ix86+x86_64 1.01 13.00 85.00 98.00 NOTE

Check Details

Version: 1.01
Check: dependencies in R code
Result: NOTE
    'library' or 'require' calls to packages already attached by Depends:
     ‘leaps’ ‘locfit’ ‘mgcv’
     Please remove these calls from your code.
    ':::' calls which should be '::':
     ‘stats:::ARMAacf’ ‘stats:::acf’ ‘stats:::arima’
     See the note in ?`:::` about the use of this operator.
    See the information on DESCRIPTION files in the chapter ‘Creating R
    packages’ of the ‘Writing R Extensions’ manual.
Flavors: r-devel-linux-x86_64-debian-clang, r-devel-linux-x86_64-debian-gcc, r-devel-linux-x86_64-fedora-clang, r-devel-linux-x86_64-fedora-gcc, r-devel-macosx-x86_64-clang, r-devel-windows-ix86+x86_64, r-patched-linux-x86_64, r-patched-solaris-sparc, r-patched-solaris-x86, r-release-linux-ix86, r-release-linux-x86_64, r-release-windows-ix86+x86_64, r-oldrel-windows-ix86+x86_64

Version: 1.01
Check: top-level files
Result: NOTE
    Non-standard file/directory found at top level:
     ‘changes’
Flavors: r-devel-linux-x86_64-fedora-clang, r-devel-linux-x86_64-fedora-gcc

Version: 1.01
Check: package dependencies
Result: ERROR
    Package required but not available: ‘tseries’
    
    See the information on DESCRIPTION files in the chapter ‘Creating R
    packages’ of the ‘Writing R Extensions’ manual.
Flavor: r-devel-macosx-x86_64-gcc

Version: 1.01
Check: whether package can be installed
Result: ERROR
    Installation failed.
    See ‘/Volumes/XT3/Builds/R-dev-web/QA/Simon/packages/snowleopard-x86_64/results/3.1/TSA.Rcheck/00install.out’ for details.
Flavor: r-release-macosx-x86_64