CRAN Package Check Results for Package TSA

Last updated on 2015-01-27 01:48:18.

Flavor Version Tinstall Tcheck Ttotal Status Flags
r-devel-linux-x86_64-debian-clang 1.01 4.21 53.76 57.96 NOTE
r-devel-linux-x86_64-debian-gcc 1.01 4.19 52.33 56.52 NOTE
r-devel-linux-x86_64-fedora-clang 1.01 148.36 NOTE
r-devel-linux-x86_64-fedora-gcc 1.01 136.14 NOTE
r-devel-osx-x86_64-clang 1.01 118.68 NOTE
r-devel-windows-ix86+x86_64 1.01 13.00 76.00 89.00 NOTE
r-patched-linux-x86_64 1.01 4.86 61.42 66.28 NOTE
r-patched-solaris-sparc 1.01 792.30 NOTE
r-patched-solaris-x86 1.01 184.30 NOTE
r-release-linux-ix86 1.01 5.55 70.72 76.27 NOTE
r-release-linux-x86_64 1.01 4.84 61.68 66.52 NOTE
r-release-osx-x86_64-mavericks 1.01 NOTE
r-release-osx-x86_64-snowleopard 1.01 ERROR
r-release-windows-ix86+x86_64 1.01 21.00 95.00 116.00 NOTE
r-oldrel-windows-ix86+x86_64 1.01 24.00 93.00 117.00 NOTE

Check Details

Version: 1.01
Check: top-level files
Result: NOTE
    Non-standard file/directory found at top level:
     ‘changes’
Flavors: r-devel-linux-x86_64-debian-clang, r-devel-linux-x86_64-debian-gcc, r-devel-linux-x86_64-fedora-clang, r-devel-linux-x86_64-fedora-gcc, r-patched-linux-x86_64, r-release-linux-x86_64

Version: 1.01
Check: dependencies in R code
Result: NOTE
    'library' or 'require' calls to packages already attached by Depends:
     ‘leaps’ ‘locfit’ ‘mgcv’
     Please remove these calls from your code.
    ':::' calls which should be '::':
     ‘stats:::ARMAacf’ ‘stats:::acf’ ‘stats:::arima’
     See the note in ?`:::` about the use of this operator.
Flavors: r-devel-linux-x86_64-debian-clang, r-devel-linux-x86_64-debian-gcc, r-devel-linux-x86_64-fedora-clang, r-devel-linux-x86_64-fedora-gcc, r-devel-osx-x86_64-clang, r-devel-windows-ix86+x86_64

Version: 1.01
Check: S3 generic/method consistency
Result: NOTE
    Found the following apparent S3 methods exported but not registered:
     summary.armasubsets plot.Arima plot.armasubsets fitted.Arima
     predict.TAR rstandard.Arima tsdiag.Arima tsdiag.TAR
    See section ‘Registering S3 methods’ in the ‘Writing R Extensions’
    manual.
Flavors: r-devel-linux-x86_64-fedora-clang, r-devel-linux-x86_64-fedora-gcc, r-devel-osx-x86_64-clang

Version: 1.01
Check: dependencies in R code
Result: NOTE
    'library' or 'require' calls to packages already attached by Depends:
     ‘leaps’ ‘locfit’ ‘mgcv’
     Please remove these calls from your code.
    ':::' calls which should be '::':
     ‘stats:::ARMAacf’ ‘stats:::acf’ ‘stats:::arima’
     See the note in ?`:::` about the use of this operator.
    See the information on DESCRIPTION files in the chapter ‘Creating R
    packages’ of the ‘Writing R Extensions’ manual.
Flavors: r-patched-linux-x86_64, r-patched-solaris-sparc, r-patched-solaris-x86, r-release-linux-ix86, r-release-linux-x86_64, r-release-osx-x86_64-mavericks, r-release-windows-ix86+x86_64, r-oldrel-windows-ix86+x86_64

Version: 1.01
Check: whether package can be installed
Result: ERROR
    Installation failed.
Flavor: r-release-osx-x86_64-snowleopard