CRAN Package Check Results for Package TSA

Last updated on 2015-05-30 13:47:39.

Flavor Version Tinstall Tcheck Ttotal Status Flags
r-devel-linux-x86_64-debian-clang 1.01 3.82 50.05 53.87 NOTE
r-devel-linux-x86_64-debian-gcc 1.01 3.49 49.63 53.12 NOTE
r-devel-linux-x86_64-fedora-clang 1.01 110.19 NOTE
r-devel-linux-x86_64-fedora-gcc 1.01 99.82 NOTE
r-devel-osx-x86_64-clang 1.01 97.96 NOTE
r-devel-windows-ix86+x86_64 1.01 12.00 78.00 90.00 NOTE
r-patched-linux-x86_64 1.01 3.50 48.62 52.12 NOTE
r-patched-solaris-sparc 1.01 639.00 NOTE
r-patched-solaris-x86 1.01 138.10 NOTE
r-release-linux-x86_64 1.01 3.74 48.58 52.32 NOTE
r-release-osx-x86_64-mavericks 1.01 NOTE
r-release-osx-x86_64-snowleopard 1.01 ERROR
r-release-windows-ix86+x86_64 1.01 11.00 76.00 87.00 NOTE
r-oldrel-windows-ix86+x86_64 1.01 15.00 89.00 104.00 NOTE

Check Details

Version: 1.01
Check: DESCRIPTION meta-information
Result: NOTE
    Malformed Description field: should contain one or more complete sentences.
Flavors: r-devel-linux-x86_64-debian-clang, r-devel-linux-x86_64-debian-gcc, r-devel-linux-x86_64-fedora-clang, r-devel-linux-x86_64-fedora-gcc, r-devel-osx-x86_64-clang, r-devel-windows-ix86+x86_64, r-patched-linux-x86_64, r-patched-solaris-sparc, r-patched-solaris-x86, r-release-linux-x86_64, r-release-osx-x86_64-mavericks, r-release-windows-ix86+x86_64

Version: 1.01
Check: top-level files
Result: NOTE
    Non-standard file/directory found at top level:
     ‘changes’
Flavors: r-devel-linux-x86_64-debian-clang, r-devel-linux-x86_64-debian-gcc, r-devel-linux-x86_64-fedora-clang, r-devel-linux-x86_64-fedora-gcc, r-patched-linux-x86_64, r-release-linux-x86_64

Version: 1.01
Check: dependencies in R code
Result: NOTE
    'library' or 'require' calls to packages already attached by Depends:
     ‘leaps’ ‘locfit’ ‘mgcv’
     Please remove these calls from your code.
    ':::' calls which should be '::':
     ‘stats:::ARMAacf’ ‘stats:::acf’ ‘stats:::arima’
     See the note in ?`:::` about the use of this operator.
Flavors: r-devel-linux-x86_64-debian-clang, r-devel-linux-x86_64-debian-gcc, r-devel-linux-x86_64-fedora-clang, r-devel-linux-x86_64-fedora-gcc, r-devel-osx-x86_64-clang, r-devel-windows-ix86+x86_64, r-patched-linux-x86_64, r-patched-solaris-sparc, r-patched-solaris-x86, r-release-linux-x86_64, r-release-osx-x86_64-mavericks, r-release-windows-ix86+x86_64, r-oldrel-windows-ix86+x86_64

Version: 1.01
Check: S3 generic/method consistency
Result: NOTE
    Found the following apparent S3 methods exported but not registered:
     fitted.Arima plot.Arima plot.armasubsets predict.TAR rstandard.Arima
     summary.armasubsets tsdiag.Arima tsdiag.TAR
    See section ‘Registering S3 methods’ in the ‘Writing R Extensions’
    manual.
Flavors: r-devel-linux-x86_64-debian-clang, r-devel-linux-x86_64-debian-gcc, r-devel-linux-x86_64-fedora-clang, r-devel-linux-x86_64-fedora-gcc, r-devel-osx-x86_64-clang, r-patched-linux-x86_64, r-patched-solaris-sparc, r-patched-solaris-x86, r-release-linux-x86_64

Version: 1.01
Check: package dependencies
Result: ERROR
    Package required but not available: ‘tseries’
    
    See section ‘The DESCRIPTION file’ in the ‘Writing R Extensions’
    manual.
Flavor: r-release-osx-x86_64-snowleopard