Last updated on 2023-06-09 12:58:30 CEST.
Flavor | Version | Tinstall | Tcheck | Ttotal | Status | Flags |
---|---|---|---|---|---|---|
r-devel-linux-x86_64-debian-clang | 1.3.1 | 14.25 | 123.06 | 137.31 | OK | |
r-devel-linux-x86_64-debian-gcc | 1.3.1 | 11.00 | 93.90 | 104.90 | OK | |
r-devel-linux-x86_64-fedora-clang | 1.3.1 | 169.95 | NOTE | |||
r-devel-linux-x86_64-fedora-gcc | 1.3.1 | 162.61 | NOTE | |||
r-devel-windows-x86_64 | 1.3.1 | 13.00 | 132.00 | 145.00 | OK | |
r-patched-linux-x86_64 | 1.3.1 | 16.40 | 117.79 | 134.19 | OK | |
r-release-linux-x86_64 | 1.3.1 | 10.34 | 117.43 | 127.77 | OK | |
r-release-macos-arm64 | 1.3.1 | 52.00 | OK | |||
r-release-macos-x86_64 | 1.3.1 | 84.00 | OK | |||
r-release-windows-x86_64 | 1.3.1 | 16.00 | 161.00 | 177.00 | OK | |
r-oldrel-macos-arm64 | 1.3.1 | 51.00 | NOTE | |||
r-oldrel-macos-x86_64 | 1.3.1 | 72.00 | NOTE | |||
r-oldrel-windows-x86_64 | 1.3.1 | 17.00 | 353.00 | 370.00 | OK |
Version: 1.3.1
Check: dependencies in R code
Result: NOTE
Namespace in Imports field not imported from: ‘tseries’
All declared Imports should be used.
Flavors: r-devel-linux-x86_64-fedora-clang, r-devel-linux-x86_64-fedora-gcc, r-oldrel-macos-arm64, r-oldrel-macos-x86_64