CRAN Package Check Results for Package TSAgg

Last updated on 2014-11-21 19:48:15.

Flavor Version Tinstall Tcheck Ttotal Status Flags
r-devel-linux-x86_64-debian-clang 1.0.1 1.39 19.15 20.54 NOTE
r-devel-linux-x86_64-debian-gcc 1.0.1 1.39 18.94 20.33 NOTE
r-devel-linux-x86_64-fedora-clang 1.0.1 44.41 NOTE
r-devel-linux-x86_64-fedora-gcc 1.0.1 41.69 NOTE
r-devel-osx-x86_64-clang 1.0.1 42.09 NOTE
r-devel-windows-ix86+x86_64 1.0.1 5.00 31.00 36.00 NOTE
r-patched-linux-x86_64 1.0.1 1.46 20.40 21.86 NOTE
r-patched-solaris-sparc 1.0.1 241.70 NOTE
r-patched-solaris-x86 1.0.1 58.70 NOTE
r-release-linux-ix86 1.0.1 1.76 25.26 27.03 NOTE
r-release-linux-x86_64 1.0.1 1.44 19.70 21.13 NOTE
r-release-osx-x86_64-mavericks 1.0.1 NOTE
r-release-osx-x86_64-snowleopard 1.0.1 OK
r-release-windows-ix86+x86_64 1.0.1 8.00 31.00 39.00 NOTE
r-oldrel-windows-ix86+x86_64 1.0.1 6.00 34.00 40.00 NOTE

Check Details

Version: 1.0.1
Check: dependencies in R code
Result: NOTE
    Package in Depends field not imported from: ‘lubridate’
     These packages need to be imported from (in the NAMESPACE file)
     for when this namespace is loaded but not attached.
    See the information on DESCRIPTION files in the chapter ‘Creating R
    packages’ of the ‘Writing R Extensions’ manual.
Flavors: r-devel-linux-x86_64-debian-clang, r-devel-linux-x86_64-debian-gcc, r-devel-linux-x86_64-fedora-clang, r-devel-linux-x86_64-fedora-gcc, r-devel-osx-x86_64-clang, r-devel-windows-ix86+x86_64, r-patched-linux-x86_64, r-patched-solaris-sparc, r-patched-solaris-x86, r-release-linux-ix86, r-release-linux-x86_64, r-release-osx-x86_64-mavericks, r-release-windows-ix86+x86_64, r-oldrel-windows-ix86+x86_64

Version: 1.0.1
Check: R code for possible problems
Result: NOTE
    daysAgg: no visible global function definition for ‘ymd’
    timeSeries2zoo: no visible global function definition for ‘zoo’
    zoo2timeSeries: no visible global function definition for ‘coredata’
Flavors: r-devel-linux-x86_64-debian-clang, r-devel-linux-x86_64-debian-gcc, r-devel-linux-x86_64-fedora-clang, r-devel-linux-x86_64-fedora-gcc, r-devel-osx-x86_64-clang, r-devel-windows-ix86+x86_64, r-patched-linux-x86_64, r-patched-solaris-sparc, r-patched-solaris-x86, r-release-linux-ix86, r-release-linux-x86_64, r-release-windows-ix86+x86_64