CRAN Package Check Results for Package TSAgg

Last updated on 2014-07-26 08:50:58.

Flavor Version Tinstall Tcheck Ttotal Status Flags
r-devel-linux-x86_64-debian-clang 1.0.1 1.46 19.46 20.92 NOTE
r-devel-linux-x86_64-debian-gcc 1.0.1 1.45 19.12 20.56 NOTE
r-devel-linux-x86_64-fedora-clang 1.0.1 45.79 NOTE
r-devel-linux-x86_64-fedora-gcc 1.0.1 40.66 NOTE
r-devel-osx-x86_64-clang 1.0.1 41.50 NOTE
r-devel-windows-ix86+x86_64 1.0.1 5.00 32.00 37.00 NOTE
r-patched-linux-x86_64 1.0.1 1.47 19.44 20.91 NOTE
r-patched-solaris-sparc 1.0.1 246.90 NOTE
r-patched-solaris-x86 1.0.1 59.20 NOTE
r-release-linux-ix86 1.0.1 1.83 26.35 28.18 NOTE
r-release-linux-x86_64 1.0.1 1.50 20.28 21.78 NOTE
r-release-osx-x86_64-mavericks 1.0.1 NOTE
r-release-osx-x86_64-snowleopard 1.0.1 OK
r-release-windows-ix86+x86_64 1.0.1 5.00 31.00 36.00 NOTE
r-oldrel-windows-ix86+x86_64 1.0.1 5.00 32.00 37.00 NOTE

Check Details

Version: 1.0.1
Check: dependencies in R code
Result: NOTE
    Package in Depends field not imported from: ‘lubridate’
     These packages need to be imported from (in the NAMESPACE file)
     for when this namespace is loaded but not attached.
    See the information on DESCRIPTION files in the chapter ‘Creating R
    packages’ of the ‘Writing R Extensions’ manual.
Flavors: r-devel-linux-x86_64-debian-clang, r-devel-linux-x86_64-debian-gcc, r-devel-linux-x86_64-fedora-clang, r-devel-linux-x86_64-fedora-gcc, r-devel-osx-x86_64-clang, r-devel-windows-ix86+x86_64, r-patched-linux-x86_64, r-patched-solaris-sparc, r-patched-solaris-x86, r-release-linux-ix86, r-release-linux-x86_64, r-release-osx-x86_64-mavericks, r-release-windows-ix86+x86_64, r-oldrel-windows-ix86+x86_64