CRAN Package Check Results for Package TSAgg

Last updated on 2014-09-23 09:53:26.

Flavor Version Tinstall Tcheck Ttotal Status Flags
r-devel-linux-x86_64-debian-clang 1.0.1 1.40 18.49 19.90 NOTE
r-devel-linux-x86_64-debian-gcc 1.0.1 1.45 18.05 19.50 NOTE
r-devel-linux-x86_64-fedora-clang 1.0.1 42.49 NOTE
r-devel-linux-x86_64-fedora-gcc 1.0.1 40.57 NOTE
r-devel-osx-x86_64-clang 1.0.1 40.65 NOTE
r-devel-windows-ix86+x86_64 1.0.1 4.00 31.00 35.00 NOTE
r-patched-linux-x86_64 1.0.1 1.56 19.49 21.05 NOTE
r-patched-solaris-sparc 1.0.1 264.40 NOTE
r-patched-solaris-x86 1.0.1 60.40 NOTE
r-release-linux-ix86 1.0.1 1.88 26.56 28.45 NOTE
r-release-linux-x86_64 1.0.1 1.60 21.40 23.01 NOTE
r-release-osx-x86_64-mavericks 1.0.1 NOTE
r-release-osx-x86_64-snowleopard 1.0.1 OK
r-release-windows-ix86+x86_64 1.0.1 5.00 32.00 37.00 NOTE
r-oldrel-windows-ix86+x86_64 1.0.1 5.00 34.00 39.00 NOTE

Check Details

Version: 1.0.1
Check: dependencies in R code
Result: NOTE
    Package in Depends field not imported from: ‘lubridate’
     These packages need to be imported from (in the NAMESPACE file)
     for when this namespace is loaded but not attached.
    See the information on DESCRIPTION files in the chapter ‘Creating R
    packages’ of the ‘Writing R Extensions’ manual.
Flavors: r-devel-linux-x86_64-debian-clang, r-devel-linux-x86_64-debian-gcc, r-devel-linux-x86_64-fedora-clang, r-devel-linux-x86_64-fedora-gcc, r-devel-osx-x86_64-clang, r-devel-windows-ix86+x86_64, r-patched-linux-x86_64, r-patched-solaris-sparc, r-patched-solaris-x86, r-release-linux-ix86, r-release-linux-x86_64, r-release-osx-x86_64-mavericks, r-release-windows-ix86+x86_64, r-oldrel-windows-ix86+x86_64

Version: 1.0.1
Check: R code for possible problems
Result: NOTE
    daysAgg: no visible global function definition for ‘ymd’
    timeSeries2zoo: no visible global function definition for ‘zoo’
    zoo2timeSeries: no visible global function definition for ‘coredata’
Flavors: r-devel-linux-x86_64-debian-clang, r-devel-linux-x86_64-debian-gcc, r-devel-linux-x86_64-fedora-clang, r-devel-linux-x86_64-fedora-gcc, r-devel-osx-x86_64-clang, r-devel-windows-ix86+x86_64