CRAN Package Check Results for Package TSAgg

Last updated on 2014-04-17 10:47:58.

Flavor Version Tinstall Tcheck Ttotal Status Flags
r-devel-linux-x86_64-debian-clang 1.0.1 1.60 20.54 22.14 NOTE
r-devel-linux-x86_64-debian-gcc 1.0.1 1.68 20.36 22.04 NOTE
r-devel-linux-x86_64-fedora-clang 1.0.1 46.07 NOTE
r-devel-linux-x86_64-fedora-gcc 1.0.1 42.82 NOTE
r-devel-macosx-x86_64-clang 1.0.1 43.89 NOTE
r-devel-macosx-x86_64-gcc 1.0.1 NOTE
r-devel-windows-ix86+x86_64 1.0.1 5.00 30.00 35.00 NOTE
r-patched-linux-x86_64 1.0.1 1.56 20.56 22.12 NOTE
r-patched-solaris-sparc 1.0.1 246.90 NOTE
r-patched-solaris-x86 1.0.1 59.10 NOTE
r-release-linux-ix86 1.0.1 4.00 37.00 41.00 NOTE
r-release-linux-x86_64 1.0.1 1.57 20.12 21.69 NOTE
r-release-macosx-x86_64 1.0.1 OK
r-release-windows-ix86+x86_64 1.0.1 5.00 35.00 40.00 NOTE
r-oldrel-windows-ix86+x86_64 1.0.1 6.00 32.00 38.00 NOTE

Check Details

Version: 1.0.1
Check: dependencies in R code
Result: NOTE
    Package in Depends field not imported from: ‘lubridate’
     These packages need to be imported from (in the NAMESPACE file)
     for when this namespace is loaded but not attached.
    See the information on DESCRIPTION files in the chapter ‘Creating R
    packages’ of the ‘Writing R Extensions’ manual.
Flavors: r-devel-linux-x86_64-debian-clang, r-devel-linux-x86_64-debian-gcc, r-devel-linux-x86_64-fedora-clang, r-devel-linux-x86_64-fedora-gcc, r-devel-macosx-x86_64-clang, r-devel-macosx-x86_64-gcc, r-devel-windows-ix86+x86_64, r-patched-linux-x86_64, r-patched-solaris-sparc, r-patched-solaris-x86, r-release-linux-ix86, r-release-linux-x86_64, r-release-windows-ix86+x86_64, r-oldrel-windows-ix86+x86_64

Version: 1.0.1
Check: package dependencies
Result: NOTE
    Package suggested but not available for checking: ‘zoo’
Flavor: r-devel-macosx-x86_64-gcc

Version: 1.0.1
Check: R code for possible problems
Result: NOTE
    timeSeries2zoo: no visible global function definition for ‘zoo’
    zoo2timeSeries: no visible global function definition for ‘coredata’
Flavor: r-devel-macosx-x86_64-gcc