CRAN Package Check Results for Package TSCS

Last updated on 2022-06-29 21:53:16 CEST.

Flavor Version Tinstall Tcheck Ttotal Status Flags
r-devel-linux-x86_64-debian-clang 0.1.1 9.56 77.23 86.79 NOTE
r-devel-linux-x86_64-debian-gcc 0.1.1 7.73 57.89 65.62 NOTE
r-devel-linux-x86_64-fedora-clang 0.1.1 115.78 NOTE
r-devel-linux-x86_64-fedora-gcc 0.1.1 110.69 NOTE
r-devel-windows-x86_64 0.1.1 15.00 105.00 120.00 NOTE
r-patched-linux-x86_64 0.1.1 8.58 72.74 81.32 NOTE
r-release-linux-x86_64 0.1.1 8.25 73.58 81.83 NOTE
r-release-macos-arm64 0.1.1 30.00 NOTE
r-release-macos-x86_64 0.1.1 57.00 NOTE
r-release-windows-x86_64 0.1.1 17.00 120.00 137.00 NOTE
r-oldrel-macos-arm64 0.1.1 41.00 NOTE
r-oldrel-macos-x86_64 0.1.1 62.00 NOTE
r-oldrel-windows-ix86+x86_64 0.1.1 22.00 98.00 120.00 NOTE

Check Details

Version: 0.1.1
Check: LazyData
Result: NOTE
     'LazyData' is specified without a 'data' directory
Flavors: r-devel-linux-x86_64-debian-clang, r-devel-linux-x86_64-debian-gcc, r-devel-linux-x86_64-fedora-clang, r-devel-linux-x86_64-fedora-gcc, r-devel-windows-x86_64, r-patched-linux-x86_64, r-release-linux-x86_64, r-release-macos-arm64, r-release-macos-x86_64, r-release-windows-x86_64, r-oldrel-macos-arm64, r-oldrel-macos-x86_64, r-oldrel-windows-ix86+x86_64