CRAN Package Check Results for Package TSEN

Last updated on 2014-04-24 23:48:15.

Flavor Version Tinstall Tcheck Ttotal Status Flags
r-devel-linux-x86_64-debian-clang 1.0 0.60 12.51 13.11 NOTE
r-devel-linux-x86_64-debian-gcc 1.0 0.66 12.30 12.96 NOTE
r-devel-linux-x86_64-fedora-clang 1.0 24.29 NOTE
r-devel-linux-x86_64-fedora-gcc 1.0 23.18 NOTE
r-devel-osx-x86_64-clang 1.0 24.72 NOTE
r-devel-osx-x86_64-gcc 1.0 NOTE
r-devel-windows-ix86+x86_64 1.0 3.00 20.00 23.00 NOTE
r-patched-linux-x86_64 1.0 0.66 12.17 12.83 NOTE
r-patched-solaris-sparc 1.0 136.20 NOTE
r-patched-solaris-x86 1.0 38.60 NOTE
r-release-linux-ix86 1.0 1.00 25.00 26.00 NOTE
r-release-linux-x86_64 1.0 0.59 12.55 13.14 NOTE
r-release-osx-x86_64-mavericks 1.0 ERROR
r-release-osx-x86_64-snowleopard 1.0 NOTE
r-release-windows-ix86+x86_64 1.0 5.00 29.00 34.00 NOTE
r-oldrel-windows-ix86+x86_64 1.0 3.00 24.00 27.00 NOTE

Check Details

Version: 1.0
Check: DESCRIPTION meta-information
Result: NOTE
    Deprecated license: BSD
Flavors: r-devel-linux-x86_64-debian-clang, r-devel-linux-x86_64-debian-gcc, r-devel-linux-x86_64-fedora-clang, r-devel-linux-x86_64-fedora-gcc, r-devel-osx-x86_64-clang, r-devel-osx-x86_64-gcc, r-patched-linux-x86_64, r-patched-solaris-sparc, r-patched-solaris-x86, r-release-linux-ix86, r-release-linux-x86_64, r-release-osx-x86_64-snowleopard

Version: 1.0
Check: dependencies in R code
Result: NOTE
    Package in Depends field not imported from: ‘ncdf’
     These packages need to be imported from (in the NAMESPACE file)
     for when this namespace is loaded but not attached.
    See the information on DESCRIPTION files in the chapter ‘Creating R
    packages’ of the ‘Writing R Extensions’ manual.
Flavors: r-devel-linux-x86_64-debian-clang, r-devel-linux-x86_64-debian-gcc, r-devel-linux-x86_64-fedora-clang, r-devel-linux-x86_64-fedora-gcc, r-devel-osx-x86_64-clang, r-devel-osx-x86_64-gcc, r-devel-windows-ix86+x86_64, r-patched-linux-x86_64, r-patched-solaris-sparc, r-patched-solaris-x86, r-release-linux-ix86, r-release-linux-x86_64, r-release-windows-ix86+x86_64, r-oldrel-windows-ix86+x86_64

Version: 1.0
Check: Rd line widths
Result: NOTE
    Rd file 'TSEN.Rd':
     \usage lines wider than 90 characters:
     TSEN(TSENdata, database, countMS, phase.shift, search.factor, HR.wide.order, HR.wide.order.fluc, MPeriod, MSthrethold,inicutRT, endcutR ... [TRUNCATED]
     \examples lines wider than 100 characters:
     #Beware that file will be downloaded from the Internet, if executing the following 3 lines. Check that you are online.
     TSEN(TSENdata=cdf.dat,database=database.dat,countMS=1,HR.wide.order=1,HR.wide.order.fluc=1, inicutRT=0, endcutRT=0 ) #The wide window o ... [TRUNCATED]
    
    These lines will be truncated in the PDF manual.
Flavors: r-devel-linux-x86_64-fedora-clang, r-devel-linux-x86_64-fedora-gcc

Version: 1.0
Check: package dependencies
Result: ERROR
    Package required but not available: ‘ncdf’
    
    See the information on DESCRIPTION files in the chapter ‘Creating R
    packages’ of the ‘Writing R Extensions’ manual.
Flavor: r-release-osx-x86_64-mavericks