CRAN Package Check Results for Package TSEN

Last updated on 2015-07-05 14:46:57.

Flavor Version Tinstall Tcheck Ttotal Status Flags
r-devel-linux-x86_64-debian-clang 1.0 0.53 10.55 11.08 NOTE
r-devel-linux-x86_64-debian-gcc 1.0 0.55 11.18 11.73 NOTE
r-devel-linux-x86_64-fedora-clang 1.0 21.08 NOTE
r-devel-linux-x86_64-fedora-gcc 1.0 19.58 NOTE
r-devel-osx-x86_64-clang 1.0 21.67 NOTE
r-devel-windows-ix86+x86_64 1.0 2.00 20.00 22.00 NOTE
r-patched-linux-x86_64 1.0 0.58 11.09 11.67 NOTE
r-patched-solaris-sparc 1.0 146.30 NOTE
r-patched-solaris-x86 1.0 33.10 NOTE
r-release-linux-x86_64 1.0 0.55 11.13 11.68 NOTE
r-release-osx-x86_64-mavericks 1.0 NOTE
r-release-windows-ix86+x86_64 1.0 3.00 21.00 24.00 NOTE
r-oldrel-windows-ix86+x86_64 1.0 4.00 22.00 26.00 NOTE

Check Details

Version: 1.0
Check: DESCRIPTION meta-information
Result: NOTE
    Deprecated license: BSD
Flavors: r-devel-linux-x86_64-debian-clang, r-devel-linux-x86_64-debian-gcc, r-devel-linux-x86_64-fedora-clang, r-devel-linux-x86_64-fedora-gcc, r-devel-osx-x86_64-clang, r-patched-linux-x86_64, r-patched-solaris-sparc, r-patched-solaris-x86, r-release-linux-x86_64, r-release-osx-x86_64-mavericks

Version: 1.0
Check: dependencies in R code
Result: NOTE
    Package in Depends field not imported from: ‘ncdf’
     These packages need to be imported from (in the NAMESPACE file)
     for when this namespace is loaded but not attached.
Flavors: r-devel-linux-x86_64-debian-clang, r-devel-linux-x86_64-debian-gcc, r-devel-linux-x86_64-fedora-clang, r-devel-linux-x86_64-fedora-gcc, r-devel-osx-x86_64-clang, r-devel-windows-ix86+x86_64, r-patched-linux-x86_64, r-patched-solaris-sparc, r-patched-solaris-x86, r-release-linux-x86_64, r-release-osx-x86_64-mavericks, r-release-windows-ix86+x86_64, r-oldrel-windows-ix86+x86_64

Version: 1.0
Check: R code for possible problems
Result: NOTE
    TSEN: no visible global function definition for ‘get.var.ncdf’
    TSEN: no visible global function definition for ‘dev.new’
    TSEN: no visible global function definition for ‘par’
    TSEN: no visible global function definition for ‘filled.contour’
    TSEN: no visible global function definition for ‘terrain.colors’
    TSEN: no visible global function definition for ‘text’
    TSEN: no visible global function definition for ‘dev.copy’
    TSEN: no visible binding for global variable ‘jpeg’
    TSEN: no visible global function definition for ‘dev.off’
    TSEN: no visible global function definition for ‘median’
    TSEN: no visible global function definition for ‘na.omit’
    TSEN: no visible global function definition for ‘tail’
    TSEN: no visible global function definition for ‘sd’
    TSEN: no visible global function definition for ‘write.csv’
    Undefined global functions or variables:
     dev.copy dev.new dev.off filled.contour get.var.ncdf jpeg median
     na.omit par sd tail terrain.colors text write.csv
Flavors: r-devel-linux-x86_64-debian-clang, r-devel-linux-x86_64-debian-gcc, r-devel-linux-x86_64-fedora-clang, r-devel-linux-x86_64-fedora-gcc, r-devel-windows-ix86+x86_64

Version: 1.0
Check: Rd line widths
Result: NOTE
    Rd file 'TSEN.Rd':
     \usage lines wider than 90 characters:
     TSEN(TSENdata, database, countMS, phase.shift, search.factor, HR.wide.order, HR.wide.order.fluc, MPeriod, MSthrethold,inicutRT, endcutR ... [TRUNCATED]
     \examples lines wider than 100 characters:
     #Beware that file will be downloaded from the Internet, if executing the following 3 lines. Check that you are online.
     TSEN(TSENdata=cdf.dat,database=database.dat,countMS=1,HR.wide.order=1,HR.wide.order.fluc=1, inicutRT=0, endcutRT=0 ) #The wide window o ... [TRUNCATED]
    
    These lines will be truncated in the PDF manual.
Flavors: r-devel-linux-x86_64-debian-clang, r-devel-linux-x86_64-debian-gcc, r-devel-linux-x86_64-fedora-clang, r-devel-linux-x86_64-fedora-gcc, r-patched-linux-x86_64, r-release-linux-x86_64

Version: 1.0
Check: R code for possible problems
Result: NOTE
    TSEN: no visible global function definition for ‘get.var.ncdf’
    Undefined global functions or variables:
     get.var.ncdf
Flavor: r-devel-osx-x86_64-clang

Version: 1.0
Check: R code for possible problems
Result: NOTE
    TSEN: no visible global function definition for ‘get.var.ncdf’
Flavors: r-patched-linux-x86_64, r-patched-solaris-sparc, r-patched-solaris-x86, r-release-linux-x86_64, r-release-osx-x86_64-mavericks, r-release-windows-ix86+x86_64, r-oldrel-windows-ix86+x86_64