CRAN Package Check Results for Package TSEN

Last updated on 2015-03-26 21:47:12.

Flavor Version Tinstall Tcheck Ttotal Status Flags
r-devel-linux-x86_64-debian-clang 1.0 0.56 11.72 12.28 NOTE
r-devel-linux-x86_64-debian-gcc 1.0 0.54 11.12 11.66 NOTE
r-devel-linux-x86_64-fedora-clang 1.0 22.72 NOTE
r-devel-linux-x86_64-fedora-gcc 1.0 21.30 NOTE
r-devel-osx-x86_64-clang 1.0 28.51 NOTE
r-prerel-windows-ix86+x86_64 1.0 3.00 22.00 25.00 NOTE
r-prerel-linux-x86_64 1.0 0.54 11.22 11.76 NOTE
r-prerel-solaris-sparc 1.0 157.80 NOTE
r-prerel-solaris-x86 1.0 33.20 NOTE
r-release-linux-x86_64 1.0 0.63 12.07 12.70 NOTE
r-release-osx-x86_64-mavericks 1.0 NOTE
r-release-osx-x86_64-snowleopard 1.0 NOTE
r-release-windows-ix86+x86_64 1.0 4.00 22.00 26.00 NOTE
r-oldrel-windows-ix86+x86_64 1.0 4.00 24.00 28.00 NOTE

Check Details

Version: 1.0
Check: DESCRIPTION meta-information
Result: NOTE
    Deprecated license: BSD
Flavors: r-devel-linux-x86_64-debian-clang, r-devel-linux-x86_64-debian-gcc, r-devel-linux-x86_64-fedora-clang, r-devel-linux-x86_64-fedora-gcc, r-devel-osx-x86_64-clang, r-prerel-linux-x86_64, r-prerel-solaris-sparc, r-prerel-solaris-x86, r-release-linux-x86_64, r-release-osx-x86_64-mavericks, r-release-osx-x86_64-snowleopard

Version: 1.0
Check: dependencies in R code
Result: NOTE
    Package in Depends field not imported from: ‘ncdf’
     These packages need to be imported from (in the NAMESPACE file)
     for when this namespace is loaded but not attached.
Flavors: r-devel-linux-x86_64-debian-clang, r-devel-linux-x86_64-debian-gcc, r-devel-linux-x86_64-fedora-clang, r-devel-linux-x86_64-fedora-gcc, r-devel-osx-x86_64-clang, r-prerel-windows-ix86+x86_64, r-prerel-linux-x86_64, r-prerel-solaris-sparc, r-prerel-solaris-x86, r-release-linux-x86_64, r-release-windows-ix86+x86_64

Version: 1.0
Check: R code for possible problems
Result: NOTE
    TSEN: no visible global function definition for ‘get.var.ncdf’
Flavors: r-devel-linux-x86_64-debian-clang, r-devel-linux-x86_64-debian-gcc, r-devel-linux-x86_64-fedora-clang, r-devel-linux-x86_64-fedora-gcc, r-devel-osx-x86_64-clang, r-prerel-windows-ix86+x86_64, r-prerel-linux-x86_64, r-prerel-solaris-sparc, r-prerel-solaris-x86, r-release-linux-x86_64, r-release-osx-x86_64-mavericks, r-release-windows-ix86+x86_64

Version: 1.0
Check: Rd line widths
Result: NOTE
    Rd file 'TSEN.Rd':
     \usage lines wider than 90 characters:
     TSEN(TSENdata, database, countMS, phase.shift, search.factor, HR.wide.order, HR.wide.order.fluc, MPeriod, MSthrethold,inicutRT, endcutR ... [TRUNCATED]
     \examples lines wider than 100 characters:
     #Beware that file will be downloaded from the Internet, if executing the following 3 lines. Check that you are online.
     TSEN(TSENdata=cdf.dat,database=database.dat,countMS=1,HR.wide.order=1,HR.wide.order.fluc=1, inicutRT=0, endcutRT=0 ) #The wide window o ... [TRUNCATED]
    
    These lines will be truncated in the PDF manual.
Flavors: r-devel-linux-x86_64-debian-clang, r-devel-linux-x86_64-debian-gcc, r-devel-linux-x86_64-fedora-clang, r-devel-linux-x86_64-fedora-gcc, r-prerel-linux-x86_64, r-release-linux-x86_64

Version: 1.0
Check: dependencies in R code
Result: NOTE
    Package in Depends field not imported from: ‘ncdf’
     These packages need to be imported from (in the NAMESPACE file)
     for when this namespace is loaded but not attached.
    See the information on DESCRIPTION files in the chapter ‘Creating R
    packages’ of the ‘Writing R Extensions’ manual.
Flavors: r-release-osx-x86_64-mavericks, r-oldrel-windows-ix86+x86_64