CRAN Package Check Results for Package TSEN

Last updated on 2014-08-22 03:48:11.

Flavor Version Tinstall Tcheck Ttotal Status Flags
r-devel-linux-x86_64-debian-clang 1.0 0.55 11.35 11.90 NOTE
r-devel-linux-x86_64-debian-gcc 1.0 0.53 11.48 12.01 NOTE
r-devel-linux-x86_64-fedora-clang 1.0 24.78 NOTE
r-devel-linux-x86_64-fedora-gcc 1.0 23.01 NOTE
r-devel-osx-x86_64-clang 1.0 25.64 NOTE
r-devel-windows-ix86+x86_64 1.0 3.00 21.00 24.00 NOTE
r-patched-linux-x86_64 1.0 0.56 11.66 12.22 NOTE
r-patched-solaris-sparc 1.0 154.10 NOTE
r-patched-solaris-x86 1.0 39.80 NOTE
r-release-linux-ix86 1.0 0.88 18.01 18.89 NOTE
r-release-linux-x86_64 1.0 0.63 12.00 12.63 NOTE
r-release-osx-x86_64-mavericks 1.0 NOTE
r-release-osx-x86_64-snowleopard 1.0 NOTE
r-release-windows-ix86+x86_64 1.0 4.00 23.00 27.00 NOTE
r-oldrel-windows-ix86+x86_64 1.0 3.00 25.00 28.00 NOTE

Check Details

Version: 1.0
Check: DESCRIPTION meta-information
Result: NOTE
    Deprecated license: BSD
Flavors: r-devel-linux-x86_64-debian-clang, r-devel-linux-x86_64-debian-gcc, r-devel-linux-x86_64-fedora-clang, r-devel-linux-x86_64-fedora-gcc, r-devel-osx-x86_64-clang, r-patched-linux-x86_64, r-patched-solaris-sparc, r-patched-solaris-x86, r-release-linux-ix86, r-release-linux-x86_64, r-release-osx-x86_64-mavericks, r-release-osx-x86_64-snowleopard

Version: 1.0
Check: dependencies in R code
Result: NOTE
    Package in Depends field not imported from: ‘ncdf’
     These packages need to be imported from (in the NAMESPACE file)
     for when this namespace is loaded but not attached.
    See the information on DESCRIPTION files in the chapter ‘Creating R
    packages’ of the ‘Writing R Extensions’ manual.
Flavors: r-devel-linux-x86_64-debian-clang, r-devel-linux-x86_64-debian-gcc, r-devel-linux-x86_64-fedora-clang, r-devel-linux-x86_64-fedora-gcc, r-devel-osx-x86_64-clang, r-devel-windows-ix86+x86_64, r-patched-linux-x86_64, r-patched-solaris-sparc, r-patched-solaris-x86, r-release-linux-ix86, r-release-linux-x86_64, r-release-osx-x86_64-mavericks, r-release-windows-ix86+x86_64, r-oldrel-windows-ix86+x86_64

Version: 1.0
Check: R code for possible problems
Result: NOTE
    TSEN: no visible global function definition for ‘get.var.ncdf’
Flavors: r-devel-linux-x86_64-fedora-clang, r-devel-linux-x86_64-fedora-gcc, r-devel-osx-x86_64-clang

Version: 1.0
Check: Rd line widths
Result: NOTE
    Rd file 'TSEN.Rd':
     \usage lines wider than 90 characters:
     TSEN(TSENdata, database, countMS, phase.shift, search.factor, HR.wide.order, HR.wide.order.fluc, MPeriod, MSthrethold,inicutRT, endcutR ... [TRUNCATED]
     \examples lines wider than 100 characters:
     #Beware that file will be downloaded from the Internet, if executing the following 3 lines. Check that you are online.
     TSEN(TSENdata=cdf.dat,database=database.dat,countMS=1,HR.wide.order=1,HR.wide.order.fluc=1, inicutRT=0, endcutRT=0 ) #The wide window o ... [TRUNCATED]
    
    These lines will be truncated in the PDF manual.
Flavors: r-devel-linux-x86_64-fedora-clang, r-devel-linux-x86_64-fedora-gcc