CRAN Package Check Results for Package TSEN

Last updated on 2014-10-31 17:49:25.

Flavor Version Tinstall Tcheck Ttotal Status Flags
r-devel-linux-x86_64-debian-clang 1.0 0.65 12.16 12.81 NOTE
r-devel-linux-x86_64-debian-gcc 1.0 0.60 12.24 12.84 NOTE
r-devel-linux-x86_64-fedora-clang 1.0 25.79 NOTE
r-devel-linux-x86_64-fedora-gcc 1.0 24.20 NOTE
r-devel-osx-x86_64-clang 1.0 27.21 NOTE
r-devel-windows-ix86+x86_64 1.0 2.00 20.00 22.00 NOTE
r-patched-linux-x86_64 1.0 0.62 12.20 12.82 NOTE
r-patched-solaris-sparc 1.0 140.80 NOTE
r-patched-solaris-x86 1.0 38.30 NOTE
r-release-linux-ix86 1.0 0.97 18.04 19.00 NOTE
r-release-linux-x86_64 1.0 0.58 12.36 12.95 NOTE
r-release-osx-x86_64-mavericks 1.0 NOTE
r-release-osx-x86_64-snowleopard 1.0 NOTE
r-release-windows-ix86+x86_64 1.0 3.00 23.00 26.00 NOTE
r-oldrel-windows-ix86+x86_64 1.0 4.00 24.00 28.00 NOTE

Check Details

Version: 1.0
Check: DESCRIPTION meta-information
Result: NOTE
    Deprecated license: BSD
Flavors: r-devel-linux-x86_64-debian-clang, r-devel-linux-x86_64-debian-gcc, r-devel-linux-x86_64-fedora-clang, r-devel-linux-x86_64-fedora-gcc, r-devel-osx-x86_64-clang, r-patched-linux-x86_64, r-patched-solaris-sparc, r-patched-solaris-x86, r-release-linux-ix86, r-release-linux-x86_64, r-release-osx-x86_64-mavericks, r-release-osx-x86_64-snowleopard

Version: 1.0
Check: dependencies in R code
Result: NOTE
    Package in Depends field not imported from: ‘ncdf’
     These packages need to be imported from (in the NAMESPACE file)
     for when this namespace is loaded but not attached.
    See the information on DESCRIPTION files in the chapter ‘Creating R
    packages’ of the ‘Writing R Extensions’ manual.
Flavors: r-devel-linux-x86_64-debian-clang, r-devel-linux-x86_64-debian-gcc, r-devel-linux-x86_64-fedora-clang, r-devel-linux-x86_64-fedora-gcc, r-devel-osx-x86_64-clang, r-devel-windows-ix86+x86_64, r-patched-linux-x86_64, r-patched-solaris-sparc, r-patched-solaris-x86, r-release-linux-ix86, r-release-linux-x86_64, r-release-osx-x86_64-mavericks, r-release-windows-ix86+x86_64, r-oldrel-windows-ix86+x86_64

Version: 1.0
Check: R code for possible problems
Result: NOTE
    TSEN: no visible global function definition for ‘get.var.ncdf’
Flavors: r-devel-linux-x86_64-debian-clang, r-devel-linux-x86_64-debian-gcc, r-devel-linux-x86_64-fedora-clang, r-devel-linux-x86_64-fedora-gcc, r-devel-osx-x86_64-clang, r-devel-windows-ix86+x86_64, r-patched-linux-x86_64, r-patched-solaris-sparc, r-patched-solaris-x86

Version: 1.0
Check: Rd line widths
Result: NOTE
    Rd file 'TSEN.Rd':
     \usage lines wider than 90 characters:
     TSEN(TSENdata, database, countMS, phase.shift, search.factor, HR.wide.order, HR.wide.order.fluc, MPeriod, MSthrethold,inicutRT, endcutR ... [TRUNCATED]
     \examples lines wider than 100 characters:
     #Beware that file will be downloaded from the Internet, if executing the following 3 lines. Check that you are online.
     TSEN(TSENdata=cdf.dat,database=database.dat,countMS=1,HR.wide.order=1,HR.wide.order.fluc=1, inicutRT=0, endcutRT=0 ) #The wide window o ... [TRUNCATED]
    
    These lines will be truncated in the PDF manual.
Flavors: r-devel-linux-x86_64-debian-clang, r-devel-linux-x86_64-debian-gcc, r-devel-linux-x86_64-fedora-clang, r-devel-linux-x86_64-fedora-gcc, r-patched-linux-x86_64, r-release-linux-x86_64