CRAN Package Check Results for Package TSF

Last updated on 2022-07-02 15:52:32 CEST.

Flavor Version Tinstall Tcheck Ttotal Status Flags
r-devel-linux-x86_64-debian-clang 0.1.1 7.43 86.69 94.12 NOTE
r-devel-linux-x86_64-debian-gcc 0.1.1 5.04 61.84 66.88 NOTE
r-devel-linux-x86_64-fedora-clang 0.1.1 116.92 NOTE
r-devel-linux-x86_64-fedora-gcc 0.1.1 113.78 NOTE
r-devel-windows-x86_64 0.1.1 10.00 107.00 117.00 NOTE
r-patched-linux-x86_64 0.1.1 8.21 79.35 87.56 NOTE
r-release-linux-x86_64 0.1.1 4.57 78.32 82.89 NOTE
r-release-macos-arm64 0.1.1 36.00 NOTE
r-release-macos-x86_64 0.1.1 65.00 NOTE
r-release-windows-x86_64 0.1.1 9.00 113.00 122.00 NOTE
r-oldrel-macos-arm64 0.1.1 38.00 NOTE
r-oldrel-macos-x86_64 0.1.1 50.00 NOTE
r-oldrel-windows-ix86+x86_64 0.1.1 19.00 437.00 456.00 NOTE

Check Details

Version: 0.1.1
Check: LazyData
Result: NOTE
     'LazyData' is specified without a 'data' directory
Flavors: r-devel-linux-x86_64-debian-clang, r-devel-linux-x86_64-debian-gcc, r-devel-linux-x86_64-fedora-clang, r-devel-linux-x86_64-fedora-gcc, r-devel-windows-x86_64, r-patched-linux-x86_64, r-release-linux-x86_64, r-release-macos-arm64, r-release-macos-x86_64, r-release-windows-x86_64, r-oldrel-macos-arm64, r-oldrel-macos-x86_64, r-oldrel-windows-ix86+x86_64