CRAN Package Check Results for Package TSHRC

Last updated on 2016-05-05 06:47:35.

Flavor Version Tinstall Tcheck Ttotal Status Flags
r-devel-linux-x86_64-debian-gcc 0.1-3 1.06 16.02 17.08 NOTE
r-devel-linux-x86_64-fedora-clang 0.1-3 26.33 NOTE
r-devel-linux-x86_64-fedora-gcc 0.1-3 24.89 NOTE
r-devel-osx-x86_64-clang 0.1-3 29.07 NOTE
r-devel-windows-ix86+x86_64 0.1-3 8.00 62.00 70.00 NOTE
r-patched-linux-x86_64 0.1-3 1.02 15.81 16.84 NOTE
r-patched-solaris-sparc 0.1-3 173.40 NOTE
r-patched-solaris-x86 0.1-3 34.10 NOTE
r-release-linux-x86_64 0.1-3 1.09 15.72 16.81 NOTE
r-release-osx-x86_64-mavericks 0.1-3 NOTE
r-release-windows-ix86+x86_64 0.1-3 8.00 62.00 70.00 NOTE
r-oldrel-windows-ix86+x86_64 0.1-3 6.00 39.00 45.00 NOTE

Check Details

Version: 0.1-3
Check: DESCRIPTION meta-information
Result: NOTE
    Malformed Description field: should contain one or more complete sentences.
Flavors: r-devel-linux-x86_64-debian-gcc, r-devel-linux-x86_64-fedora-clang, r-devel-linux-x86_64-fedora-gcc, r-devel-osx-x86_64-clang, r-devel-windows-ix86+x86_64, r-patched-linux-x86_64, r-patched-solaris-sparc, r-patched-solaris-x86, r-release-linux-x86_64, r-release-osx-x86_64-mavericks, r-release-windows-ix86+x86_64, r-oldrel-windows-ix86+x86_64