CRAN Package Check Results for Package TSHRC

Last updated on 2015-02-28 12:51:31.

Flavor Version Tinstall Tcheck Ttotal Status Flags
r-devel-linux-x86_64-debian-clang 0.1-3 1.08 16.21 17.29 NOTE
r-devel-linux-x86_64-debian-gcc 0.1-3 1.06 16.00 17.06 NOTE
r-devel-linux-x86_64-fedora-clang 0.1-3 29.31 NOTE
r-devel-linux-x86_64-fedora-gcc 0.1-3 28.45 NOTE
r-devel-osx-x86_64-clang 0.1-3 29.89 NOTE
r-devel-windows-ix86+x86_64 0.1-3 7.00 38.00 45.00 NOTE
r-patched-linux-x86_64 0.1-3 1.26 16.88 18.14 OK
r-patched-solaris-sparc 0.1-3 219.90 OK
r-patched-solaris-x86 0.1-3 45.20 OK
r-release-linux-ix86 0.1-3 1.82 27.92 29.74 OK
r-release-linux-x86_64 0.1-3 1.12 16.80 17.92 OK
r-release-osx-x86_64-mavericks 0.1-3 OK
r-release-windows-ix86+x86_64 0.1-3 6.00 40.00 46.00 OK
r-oldrel-windows-ix86+x86_64 0.1-3 7.00 40.00 47.00 OK

Check Details

Version: 0.1-3
Check: DESCRIPTION meta-information
Result: NOTE
    Malformed Description field: should contain one or more complete sentences.
Flavors: r-devel-linux-x86_64-debian-clang, r-devel-linux-x86_64-debian-gcc, r-devel-linux-x86_64-fedora-clang, r-devel-linux-x86_64-fedora-gcc, r-devel-osx-x86_64-clang, r-devel-windows-ix86+x86_64