CRAN Package Check Results for Package TSHRC

Last updated on 2015-05-27 05:47:57.

Flavor Version Tinstall Tcheck Ttotal Status Flags
r-devel-linux-x86_64-debian-clang 0.1-3 1.13 15.99 17.12 NOTE
r-devel-linux-x86_64-debian-gcc 0.1-3 1.06 15.99 17.04 NOTE
r-devel-linux-x86_64-fedora-clang 0.1-3 29.09 NOTE
r-devel-linux-x86_64-fedora-gcc 0.1-3 27.77 NOTE
r-devel-osx-x86_64-clang 0.1-3 29.95 NOTE
r-devel-windows-ix86+x86_64 0.1-3 7.00 38.00 45.00 NOTE
r-patched-linux-x86_64 0.1-3 1.06 15.93 16.99 NOTE
r-patched-solaris-sparc 0.1-3 215.50 NOTE
r-patched-solaris-x86 0.1-3 39.70 NOTE
r-release-linux-x86_64 0.1-3 1.04 16.21 17.26 NOTE
r-release-osx-x86_64-mavericks 0.1-3 NOTE
r-release-osx-x86_64-snowleopard 0.1-3 NOTE
r-release-windows-ix86+x86_64 0.1-3 4.00 39.00 43.00 NOTE
r-oldrel-windows-ix86+x86_64 0.1-3 10.00 40.00 50.00 OK

Check Details

Version: 0.1-3
Check: DESCRIPTION meta-information
Result: NOTE
    Malformed Description field: should contain one or more complete sentences.
Flavors: r-devel-linux-x86_64-debian-clang, r-devel-linux-x86_64-debian-gcc, r-devel-linux-x86_64-fedora-clang, r-devel-linux-x86_64-fedora-gcc, r-devel-osx-x86_64-clang, r-devel-windows-ix86+x86_64, r-patched-linux-x86_64, r-patched-solaris-sparc, r-patched-solaris-x86, r-release-linux-x86_64, r-release-osx-x86_64-mavericks, r-release-osx-x86_64-snowleopard, r-release-windows-ix86+x86_64