CRAN Package Check Results for Package TSHRC

Last updated on 2017-03-24 23:56:17.

Flavor Version Tinstall Tcheck Ttotal Status Flags
r-devel-linux-x86_64-debian-clang 0.1-4 1.16 18.13 19.29 NOTE
r-devel-linux-x86_64-debian-gcc 0.1-4 1.18 18.11 19.30 NOTE
r-devel-linux-x86_64-fedora-clang 0.1-4 29.53 NOTE --no-stop-on-test-error
r-devel-linux-x86_64-fedora-gcc 0.1-4 28.77 NOTE --no-stop-on-test-error
r-devel-macos-x86_64-clang 0.1-4 24.75 NOTE --no-stop-on-test-error
r-devel-windows-ix86+x86_64 0.1-4 9.00 51.00 60.00 OK
r-patched-linux-x86_64 0.1-4 1.10 16.56 17.67 OK
r-patched-solaris-sparc 0.1-4 202.40 OK
r-patched-solaris-x86 0.1-4 40.20 OK
r-release-linux-x86_64 0.1-4 1.16 16.08 17.24 OK
r-release-osx-x86_64-mavericks 0.1-4 OK
r-release-windows-ix86+x86_64 0.1-4 7.00 48.00 55.00 OK
r-oldrel-windows-ix86+x86_64 0.1-4 9.00 52.00 61.00 OK

Check Details

Version: 0.1-4
Check: compiled code
Result: NOTE
    File ‘TSHRC/libs/TSHRC.so’:
     Found no calls to: ‘R_registerRoutines’, ‘R_useDynamicSymbols’
    
    It is good practice to register native routines and to disable symbol
    search.
    
    See ‘Writing portable packages’ in the ‘Writing R Extensions’ manual.
Flavors: r-devel-linux-x86_64-debian-clang, r-devel-linux-x86_64-debian-gcc

Version: 0.1-4
Flags: --no-stop-on-test-error
Check: compiled code
Result: NOTE
    File ‘TSHRC/libs/TSHRC.so’:
     Found no calls to: ‘R_registerRoutines’, ‘R_useDynamicSymbols’
    
    It is good practice to register native routines and to disable symbol
    search.
    
    See ‘Writing portable packages’ in the ‘Writing R Extensions’ manual.
Flavors: r-devel-linux-x86_64-fedora-clang, r-devel-linux-x86_64-fedora-gcc, r-devel-macos-x86_64-clang