CRAN Package Check Results for Package TSHRC

Last updated on 2017-02-24 10:48:07.

Flavor Version Tinstall Tcheck Ttotal Status Flags
r-devel-linux-x86_64-debian-clang 0.1-4 1.27 17.90 19.17 NOTE
r-devel-linux-x86_64-debian-gcc 0.1-4 1.16 17.73 18.89 NOTE
r-devel-linux-x86_64-fedora-clang 0.1-4 29.32 NOTE --no-stop-on-test-error
r-devel-linux-x86_64-fedora-gcc 0.1-4 28.61 NOTE --no-stop-on-test-error
r-devel-macos-x86_64-clang 0.1-4 25.26 NOTE --no-stop-on-test-error
r-devel-windows-ix86+x86_64 0.1-4 8.00 66.00 74.00 OK
r-patched-linux-x86_64 0.1-4 1.24 16.39 17.63 OK
r-patched-solaris-sparc 0.1-4 179.50 OK
r-patched-solaris-x86 0.1-4 34.60 OK
r-release-linux-x86_64 0.1-4 1.03 16.25 17.28 OK
r-release-osx-x86_64-mavericks 0.1-4 OK
r-release-windows-ix86+x86_64 0.1-4 7.00 48.00 55.00 OK
r-oldrel-windows-ix86+x86_64 0.1-4 9.00 52.00 61.00 OK

Check Details

Version: 0.1-4
Check: compiled code
Result: NOTE
    File ‘TSHRC/libs/TSHRC.so’:
     Found no calls to: ‘R_registerRoutines’, ‘R_useDynamicSymbols’
    
    It is good practice to register native routines and to disable symbol
    search.
    
    See ‘Writing portable packages’ in the ‘Writing R Extensions’ manual.
Flavors: r-devel-linux-x86_64-debian-clang, r-devel-linux-x86_64-debian-gcc

Version: 0.1-4
Flags: --no-stop-on-test-error
Check: compiled code
Result: NOTE
    File ‘TSHRC/libs/TSHRC.so’:
     Found no calls to: ‘R_registerRoutines’, ‘R_useDynamicSymbols’
    
    It is good practice to register native routines and to disable symbol
    search.
    
    See ‘Writing portable packages’ in the ‘Writing R Extensions’ manual.
Flavors: r-devel-linux-x86_64-fedora-clang, r-devel-linux-x86_64-fedora-gcc, r-devel-macos-x86_64-clang