CRAN Package Check Results for Package TSHRC

Last updated on 2015-04-28 11:48:42.

Flavor Version Tinstall Tcheck Ttotal Status Flags
r-devel-linux-x86_64-debian-clang 0.1-3 1.07 16.05 17.12 NOTE
r-devel-linux-x86_64-debian-gcc 0.1-3 1.22 16.00 17.22 NOTE
r-devel-linux-x86_64-fedora-clang 0.1-3 29.16 NOTE
r-devel-linux-x86_64-fedora-gcc 0.1-3 27.65 NOTE
r-devel-osx-x86_64-clang 0.1-3 29.82 NOTE
r-devel-windows-ix86+x86_64 0.1-3 7.00 41.00 48.00 NOTE
r-patched-linux-x86_64 0.1-3 1.04 16.14 17.18 NOTE
r-patched-solaris-sparc 0.1-3 218.10 NOTE
r-patched-solaris-x86 0.1-3 43.20 NOTE
r-release-linux-x86_64 0.1-3 1.05 16.28 17.33 NOTE
r-release-osx-x86_64-mavericks 0.1-3 NOTE
r-release-osx-x86_64-snowleopard 0.1-3 NOTE
r-release-windows-ix86+x86_64 0.1-3 4.00 39.00 43.00 NOTE
r-oldrel-windows-ix86+x86_64 0.1-3 10.00 40.00 50.00 OK

Check Details

Version: 0.1-3
Check: DESCRIPTION meta-information
Result: NOTE
    Malformed Description field: should contain one or more complete sentences.
Flavors: r-devel-linux-x86_64-debian-clang, r-devel-linux-x86_64-debian-gcc, r-devel-linux-x86_64-fedora-clang, r-devel-linux-x86_64-fedora-gcc, r-devel-osx-x86_64-clang, r-devel-windows-ix86+x86_64, r-patched-linux-x86_64, r-patched-solaris-sparc, r-patched-solaris-x86, r-release-linux-x86_64, r-release-osx-x86_64-mavericks, r-release-osx-x86_64-snowleopard, r-release-windows-ix86+x86_64