CRAN Package Check Results for Package TSHRC

Last updated on 2015-08-30 12:47:35.

Flavor Version Tinstall Tcheck Ttotal Status Flags
r-devel-linux-x86_64-debian-clang 0.1-3 1.10 15.54 16.64 NOTE
r-devel-linux-x86_64-debian-gcc 0.1-3 1.03 15.16 16.20 NOTE
r-devel-linux-x86_64-fedora-clang 0.1-3 27.19 NOTE
r-devel-linux-x86_64-fedora-gcc 0.1-3 26.32 NOTE
r-devel-osx-x86_64-clang 0.1-3 23.92 NOTE
r-devel-windows-ix86+x86_64 0.1-3 10.00 59.00 69.00 NOTE
r-patched-linux-x86_64 0.1-3 1.08 15.74 16.82 NOTE
r-patched-solaris-sparc 0.1-3 198.90 NOTE
r-patched-solaris-x86 0.1-3 42.30 NOTE
r-release-linux-x86_64 0.1-3 1.06 15.94 17.00 NOTE
r-release-osx-x86_64-mavericks 0.1-3 NOTE
r-release-windows-ix86+x86_64 0.1-3 7.00 48.00 55.00 NOTE
r-oldrel-windows-ix86+x86_64 0.1-3 10.00 40.00 50.00 OK

Check Details

Version: 0.1-3
Check: DESCRIPTION meta-information
Result: NOTE
    Malformed Description field: should contain one or more complete sentences.
Flavors: r-devel-linux-x86_64-debian-clang, r-devel-linux-x86_64-debian-gcc, r-devel-linux-x86_64-fedora-clang, r-devel-linux-x86_64-fedora-gcc, r-devel-osx-x86_64-clang, r-devel-windows-ix86+x86_64, r-patched-linux-x86_64, r-patched-solaris-sparc, r-patched-solaris-x86, r-release-linux-x86_64, r-release-osx-x86_64-mavericks, r-release-windows-ix86+x86_64