CRAN Package Check Results for Package TSHRC

Last updated on 2017-12-13 20:49:04 CET.

Flavor Version Tinstall Tcheck Ttotal Status Flags
r-devel-linux-x86_64-debian-clang 0.1-5 1.32 22.31 23.63 OK
r-devel-linux-x86_64-debian-gcc 0.1-5 1.19 9.69 10.88 FAIL
r-devel-linux-x86_64-fedora-clang 0.1-5 29.04 OK
r-devel-linux-x86_64-fedora-gcc 0.1-5 30.26 OK
r-devel-windows-ix86+x86_64 0.1-5 19.00 63.00 82.00 OK
r-patched-linux-x86_64 0.1-5 1.44 22.81 24.25 OK
r-patched-solaris-x86 0.1-5 40.70 OK
r-release-linux-x86_64 0.1-5 1.34 22.52 23.86 OK
r-release-windows-ix86+x86_64 0.1-5 8.00 50.00 58.00 OK
r-release-osx-x86_64 0.1-5 OK
r-oldrel-windows-ix86+x86_64 0.1-5 11.00 61.00 72.00 OK
r-oldrel-osx-x86_64 0.1-5 OK

Check Details

Version: 0.1-5
Check: pragmas in C/C++ headers and code
Result: FAIL
    
Flavor: r-devel-linux-x86_64-debian-gcc