CRAN Package Check Results for Package TSHRC

Last updated on 2015-07-04 23:47:39.

Flavor Version Tinstall Tcheck Ttotal Status Flags
r-devel-linux-x86_64-debian-clang 0.1-3 1.04 15.50 16.54 NOTE
r-devel-linux-x86_64-debian-gcc 0.1-3 1.05 15.37 16.42 NOTE
r-devel-linux-x86_64-fedora-clang 0.1-3 27.44 NOTE
r-devel-linux-x86_64-fedora-gcc 0.1-3 26.17 NOTE
r-devel-osx-x86_64-clang 0.1-3 25.78 NOTE
r-devel-windows-ix86+x86_64 0.1-3 9.00 38.00 47.00 NOTE
r-patched-linux-x86_64 0.1-3 1.09 15.78 16.87 NOTE
r-patched-solaris-sparc 0.1-3 215.50 NOTE
r-patched-solaris-x86 0.1-3 40.20 NOTE
r-release-linux-x86_64 0.1-3 1.06 16.18 17.24 NOTE
r-release-osx-x86_64-mavericks 0.1-3 NOTE
r-release-windows-ix86+x86_64 0.1-3 6.00 37.00 43.00 NOTE
r-oldrel-windows-ix86+x86_64 0.1-3 10.00 40.00 50.00 OK

Check Details

Version: 0.1-3
Check: DESCRIPTION meta-information
Result: NOTE
    Malformed Description field: should contain one or more complete sentences.
Flavors: r-devel-linux-x86_64-debian-clang, r-devel-linux-x86_64-debian-gcc, r-devel-linux-x86_64-fedora-clang, r-devel-linux-x86_64-fedora-gcc, r-devel-osx-x86_64-clang, r-devel-windows-ix86+x86_64, r-patched-linux-x86_64, r-patched-solaris-sparc, r-patched-solaris-x86, r-release-linux-x86_64, r-release-osx-x86_64-mavericks, r-release-windows-ix86+x86_64