CRAN Package Check Results for Package TSHRC

Last updated on 2016-09-26 17:48:36.

Flavor Version Tinstall Tcheck Ttotal Status Flags
r-devel-linux-x86_64-debian-clang 0.1-3 1.12 16.07 17.19 NOTE
r-devel-linux-x86_64-debian-gcc 0.1-3 1.09 16.10 17.19 NOTE
r-devel-linux-x86_64-fedora-clang 0.1-3 26.56 NOTE
r-devel-linux-x86_64-fedora-gcc 0.1-3 25.33 NOTE
r-devel-macos-x86_64-clang 0.1-3 22.05 NOTE
r-devel-windows-ix86+x86_64 0.1-3 14.00 65.00 79.00 NOTE
r-patched-linux-x86_64 0.1-3 1.26 15.97 17.22 NOTE
r-patched-solaris-sparc 0.1-3 172.60 NOTE
r-patched-solaris-x86 0.1-3 33.20 NOTE
r-release-linux-x86_64 0.1-3 1.09 16.05 17.15 NOTE
r-release-osx-x86_64-mavericks 0.1-3 NOTE
r-release-windows-ix86+x86_64 0.1-3 7.00 93.00 100.00 NOTE
r-oldrel-windows-ix86+x86_64 0.1-3 6.00 39.00 45.00 NOTE

Check Details

Version: 0.1-3
Check: DESCRIPTION meta-information
Result: NOTE
    Malformed Description field: should contain one or more complete sentences.
Flavors: r-devel-linux-x86_64-debian-clang, r-devel-linux-x86_64-debian-gcc, r-devel-linux-x86_64-fedora-clang, r-devel-linux-x86_64-fedora-gcc, r-devel-macos-x86_64-clang, r-devel-windows-ix86+x86_64, r-patched-linux-x86_64, r-patched-solaris-sparc, r-patched-solaris-x86, r-release-linux-x86_64, r-release-osx-x86_64-mavericks, r-release-windows-ix86+x86_64, r-oldrel-windows-ix86+x86_64