CRAN Package Check Results for Package TSHRC

Last updated on 2016-06-29 03:47:41.

Flavor Version Tinstall Tcheck Ttotal Status Flags
r-devel-linux-x86_64-debian-gcc 0.1-3 1.22 16.58 17.80 NOTE
r-devel-linux-x86_64-fedora-clang 0.1-3 25.89 NOTE
r-devel-linux-x86_64-fedora-gcc 0.1-3 24.79 NOTE
r-devel-osx-x86_64-clang 0.1-3 22.08 NOTE
r-devel-windows-ix86+x86_64 0.1-3 7.00 46.00 53.00 NOTE
r-patched-linux-x86_64 0.1-3 1.16 15.91 17.06 NOTE
r-patched-solaris-sparc 0.1-3 172.60 NOTE
r-patched-solaris-x86 0.1-3 34.30 NOTE
r-release-linux-x86_64 0.1-3 1.07 16.01 17.08 NOTE
r-release-osx-x86_64-mavericks 0.1-3 NOTE
r-release-windows-ix86+x86_64 0.1-3 8.00 62.00 70.00 NOTE
r-oldrel-windows-ix86+x86_64 0.1-3 6.00 39.00 45.00 NOTE

Check Details

Version: 0.1-3
Check: DESCRIPTION meta-information
Result: NOTE
    Malformed Description field: should contain one or more complete sentences.
Flavors: r-devel-linux-x86_64-debian-gcc, r-devel-linux-x86_64-fedora-clang, r-devel-linux-x86_64-fedora-gcc, r-devel-osx-x86_64-clang, r-devel-windows-ix86+x86_64, r-patched-linux-x86_64, r-patched-solaris-sparc, r-patched-solaris-x86, r-release-linux-x86_64, r-release-osx-x86_64-mavericks, r-release-windows-ix86+x86_64, r-oldrel-windows-ix86+x86_64