CRAN Package Check Results for Package TSHRC

Last updated on 2016-02-11 07:47:48.

Flavor Version Tinstall Tcheck Ttotal Status Flags
r-devel-linux-x86_64-debian-gcc 0.1-3 1.05 15.09 16.14 NOTE
r-devel-linux-x86_64-fedora-clang 0.1-3 25.61 NOTE
r-devel-linux-x86_64-fedora-gcc 0.1-3 25.09 NOTE
r-devel-osx-x86_64-clang 0.1-3 28.62 NOTE
r-devel-windows-ix86+x86_64 0.1-3 10.00 48.00 58.00 NOTE
r-patched-linux-x86_64 0.1-3 1.20 15.82 17.02 NOTE
r-patched-solaris-sparc 0.1-3 183.90 NOTE
r-patched-solaris-x86 0.1-3 36.30 NOTE
r-release-linux-x86_64 0.1-3 1.08 15.65 16.74 NOTE
r-release-osx-x86_64-mavericks 0.1-3 NOTE
r-release-windows-ix86+x86_64 0.1-3 6.00 39.00 45.00 NOTE
r-oldrel-windows-ix86+x86_64 0.1-3 10.00 40.00 50.00 OK

Check Details

Version: 0.1-3
Check: DESCRIPTION meta-information
Result: NOTE
    Malformed Description field: should contain one or more complete sentences.
Flavors: r-devel-linux-x86_64-debian-gcc, r-devel-linux-x86_64-fedora-clang, r-devel-linux-x86_64-fedora-gcc, r-devel-osx-x86_64-clang, r-devel-windows-ix86+x86_64, r-patched-linux-x86_64, r-patched-solaris-sparc, r-patched-solaris-x86, r-release-linux-x86_64, r-release-osx-x86_64-mavericks, r-release-windows-ix86+x86_64