CRAN Package Check Results for Package TSHRC

Last updated on 2015-03-27 03:48:00.

Flavor Version Tinstall Tcheck Ttotal Status Flags
r-devel-linux-x86_64-debian-clang 0.1-3 1.23 16.20 17.42 NOTE
r-devel-linux-x86_64-debian-gcc 0.1-3 1.04 15.87 16.92 NOTE
r-devel-linux-x86_64-fedora-clang 0.1-3 29.16 NOTE
r-devel-linux-x86_64-fedora-gcc 0.1-3 27.65 NOTE
r-devel-osx-x86_64-clang 0.1-3 33.36 NOTE
r-prerel-windows-ix86+x86_64 0.1-3 7.00 38.00 45.00 NOTE
r-prerel-linux-x86_64 0.1-3 1.25 16.50 17.75 NOTE
r-prerel-solaris-sparc 0.1-3 218.10 NOTE
r-prerel-solaris-x86 0.1-3 40.00 NOTE
r-release-linux-x86_64 0.1-3 1.14 17.24 18.39 OK
r-release-osx-x86_64-mavericks 0.1-3 OK
r-release-windows-ix86+x86_64 0.1-3 10.00 40.00 50.00 OK
r-oldrel-windows-ix86+x86_64 0.1-3 7.00 40.00 47.00 OK

Check Details

Version: 0.1-3
Check: DESCRIPTION meta-information
Result: NOTE
    Malformed Description field: should contain one or more complete sentences.
Flavors: r-devel-linux-x86_64-debian-clang, r-devel-linux-x86_64-debian-gcc, r-devel-linux-x86_64-fedora-clang, r-devel-linux-x86_64-fedora-gcc, r-devel-osx-x86_64-clang, r-prerel-windows-ix86+x86_64, r-prerel-linux-x86_64, r-prerel-solaris-sparc, r-prerel-solaris-x86