CRAN Package Check Results for Package TSMySQL

Last updated on 2014-04-24 23:48:15.

Flavor Version Tinstall Tcheck Ttotal Status Flags
r-devel-linux-x86_64-debian-clang 2013.9-1 1.48 20.81 22.29 OK
r-devel-linux-x86_64-debian-gcc 2013.9-1 1.48 20.83 22.30 OK
r-devel-linux-x86_64-fedora-clang 2013.9-1 48.02 OK
r-devel-linux-x86_64-fedora-gcc 2013.9-1 45.82 OK
r-devel-osx-x86_64-gcc 2013.9-1 NOTE
r-patched-linux-x86_64 2013.9-1 1.54 21.22 22.76 OK
r-release-linux-ix86 2013.9-1 3.00 40.00 43.00 OK
r-release-linux-x86_64 2013.9-1 1.60 20.99 22.58 OK
r-release-osx-x86_64-mavericks 2013.9-1 ERROR
r-release-osx-x86_64-snowleopard 2013.9-1 OK

Check Details

Version: 2013.9-1
Check: package dependencies
Result: NOTE
    Packages suggested but not available for checking:
     ‘zoo’ ‘tseries’ ‘tframePlus’
Flavor: r-devel-osx-x86_64-gcc

Version: 2013.9-1
Check: package dependencies
Result: ERROR
    Package required but not available: ‘RMySQL’
    
    See the information on DESCRIPTION files in the chapter ‘Creating R
    packages’ of the ‘Writing R Extensions’ manual.
Flavor: r-release-osx-x86_64-mavericks