CRAN Package Check Results for Package TSMySQL

Last updated on 2014-12-18 23:48:03.

Flavor Version Tinstall Tcheck Ttotal Status Flags
r-devel-linux-x86_64-debian-clang 2013.9-1 1.50 20.55 22.05 OK
r-devel-linux-x86_64-debian-gcc 2013.9-1 1.44 20.43 21.87 OK
r-devel-linux-x86_64-fedora-clang 2013.9-1 50.02 OK
r-devel-linux-x86_64-fedora-gcc 2013.9-1 47.43 OK
r-patched-linux-x86_64 2013.9-1 1.53 21.09 22.62 OK
r-release-linux-ix86 2013.9-1 1.93 28.04 29.97 OK
r-release-linux-x86_64 2013.9-1 1.65 20.61 22.26 OK
r-release-osx-x86_64-mavericks 2013.9-1 ERROR
r-release-osx-x86_64-snowleopard 2013.9-1 OK

Check Details

Version: 2013.9-1
Check: package dependencies
Result: ERROR
    Package required but not available: ‘RMySQL’
    
    See the information on DESCRIPTION files in the chapter ‘Creating R
    packages’ of the ‘Writing R Extensions’ manual.
Flavor: r-release-osx-x86_64-mavericks