CRAN Package Check Results for Package TSMySQL

Last updated on 2014-07-25 03:49:55.

Flavor Version Tinstall Tcheck Ttotal Status Flags
r-devel-linux-x86_64-debian-clang 2013.9-1 1.38 19.60 20.98 OK
r-devel-linux-x86_64-debian-gcc 2013.9-1 1.43 19.65 21.08 OK
r-devel-linux-x86_64-fedora-clang 2013.9-1 48.91 OK
r-devel-linux-x86_64-fedora-gcc 2013.9-1 45.52 OK
r-patched-linux-x86_64 2013.9-1 1.38 21.12 22.50 OK
r-release-linux-ix86 2013.9-1 2.03 28.42 30.45 OK
r-release-linux-x86_64 2013.9-1 1.45 20.36 21.81 OK
r-release-osx-x86_64-mavericks 2013.9-1 ERROR
r-release-osx-x86_64-snowleopard 2013.9-1 OK

Check Details

Version: 2013.9-1
Check: package dependencies
Result: ERROR
    Package required but not available: ‘RMySQL’
    
    See the information on DESCRIPTION files in the chapter ‘Creating R
    packages’ of the ‘Writing R Extensions’ manual.
Flavor: r-release-osx-x86_64-mavericks