CRAN Package Check Results for Package TSMySQL

Last updated on 2019-03-23 14:47:49 CET.

Flavor Version Tinstall Tcheck Ttotal Status Flags
r-devel-linux-x86_64-debian-clang 2015.4-1 4.59 47.39 51.98 OK
r-devel-linux-x86_64-debian-gcc 2015.4-1 4.53 37.98 42.51 OK
r-devel-linux-x86_64-fedora-clang 2015.4-1 65.06 OK
r-devel-linux-x86_64-fedora-gcc 2015.4-1 61.16 OK
r-devel-windows-ix86+x86_64 2015.4-1 18.00 86.00 104.00 OK
r-patched-linux-x86_64 2015.4-1 3.68 45.57 49.25 OK
r-patched-solaris-x86 2015.4-1 86.30 OK
r-release-linux-x86_64 2015.4-1 0.21 2.01 2.22 ERROR
r-release-windows-ix86+x86_64 2015.4-1 7.00 60.00 67.00 OK
r-release-osx-x86_64 2015.4-1 OK
r-oldrel-windows-ix86+x86_64 2015.4-1 11.00 87.00 98.00 OK
r-oldrel-osx-x86_64 2015.4-1 OK

Check Details

Version: 2015.4-1
Check: whether package can be installed
Result: ERROR
    Installation failed.
Flavor: r-release-linux-x86_64