CRAN Package Check Results for Package TSMySQL

Last updated on 2014-09-16 17:47:00.

Flavor Version Tinstall Tcheck Ttotal Status Flags
r-devel-linux-x86_64-debian-clang 2013.9-1 1.57 20.45 22.02 OK
r-devel-linux-x86_64-debian-gcc 2013.9-1 1.48 20.00 21.48 OK
r-devel-linux-x86_64-fedora-clang 2013.9-1 49.40 OK
r-devel-linux-x86_64-fedora-gcc 2013.9-1 50.77 OK
r-patched-linux-x86_64 2013.9-1 1.65 21.75 23.40 OK
r-release-linux-ix86 2013.9-1 2.07 30.06 32.13 OK
r-release-linux-x86_64 2013.9-1 1.60 22.66 24.26 OK
r-release-osx-x86_64-mavericks 2013.9-1 ERROR
r-release-osx-x86_64-snowleopard 2013.9-1 OK

Check Details

Version: 2013.9-1
Check: package dependencies
Result: ERROR
    Package required but not available: ‘RMySQL’
    
    See the information on DESCRIPTION files in the chapter ‘Creating R
    packages’ of the ‘Writing R Extensions’ manual.
Flavor: r-release-osx-x86_64-mavericks