CRAN Package Check Results for Package TSMySQL

Last updated on 2014-08-28 10:47:13.

Flavor Version Tinstall Tcheck Ttotal Status Flags
r-devel-linux-x86_64-debian-clang 2013.9-1 1.34 18.11 19.45 OK
r-devel-linux-x86_64-debian-gcc 2013.9-1 1.32 18.07 19.40 OK
r-devel-linux-x86_64-fedora-clang 2013.9-1 49.24 OK
r-devel-linux-x86_64-fedora-gcc 2013.9-1 41.61 OK
r-patched-linux-x86_64 2013.9-1 1.40 20.35 21.75 OK
r-release-linux-ix86 2013.9-1 1.99 28.45 30.44 OK
r-release-linux-x86_64 2013.9-1 1.41 20.53 21.94 OK
r-release-osx-x86_64-mavericks 2013.9-1 ERROR
r-release-osx-x86_64-snowleopard 2013.9-1 OK

Check Details

Version: 2013.9-1
Check: package dependencies
Result: ERROR
    Package required but not available: ‘RMySQL’
    
    See the information on DESCRIPTION files in the chapter ‘Creating R
    packages’ of the ‘Writing R Extensions’ manual.
Flavor: r-release-osx-x86_64-mavericks