CRAN Package Check Results for Package TSMySQL

Last updated on 2014-10-02 09:53:16.

Flavor Version Tinstall Tcheck Ttotal Status Flags
r-devel-linux-x86_64-debian-clang 2013.9-1 1.52 20.47 21.98 OK
r-devel-linux-x86_64-debian-gcc 2013.9-1 1.49 20.27 21.76 OK
r-devel-linux-x86_64-fedora-clang 2013.9-1 49.58 OK
r-devel-linux-x86_64-fedora-gcc 2013.9-1 46.50 OK
r-patched-linux-x86_64 2013.9-1 1.53 22.08 23.61 OK
r-release-linux-ix86 2013.9-1 2.00 30.09 32.09 OK
r-release-linux-x86_64 2013.9-1 1.58 22.06 23.64 OK
r-release-osx-x86_64-mavericks 2013.9-1 ERROR
r-release-osx-x86_64-snowleopard 2013.9-1 OK

Check Details

Version: 2013.9-1
Check: package dependencies
Result: ERROR
    Package required but not available: ‘RMySQL’
    
    See the information on DESCRIPTION files in the chapter ‘Creating R
    packages’ of the ‘Writing R Extensions’ manual.
Flavor: r-release-osx-x86_64-mavericks