CRAN Package Check Results for Package TSMySQL

Last updated on 2014-11-26 17:51:46.

Flavor Version Tinstall Tcheck Ttotal Status Flags
r-devel-linux-x86_64-debian-clang 2013.9-1 1.48 20.52 22.00 OK
r-devel-linux-x86_64-debian-gcc 2013.9-1 1.42 20.34 21.76 OK
r-devel-linux-x86_64-fedora-clang 2013.9-1 49.91 OK
r-devel-linux-x86_64-fedora-gcc 2013.9-1 46.72 OK
r-patched-linux-x86_64 2013.9-1 1.56 20.92 22.49 OK
r-release-linux-ix86 2013.9-1 2.06 27.50 29.56 OK
r-release-linux-x86_64 2013.9-1 1.53 20.90 22.43 OK
r-release-osx-x86_64-mavericks 2013.9-1 ERROR
r-release-osx-x86_64-snowleopard 2013.9-1 OK

Check Details

Version: 2013.9-1
Check: package dependencies
Result: ERROR
    Package required but not available: ‘RMySQL’
    
    See the information on DESCRIPTION files in the chapter ‘Creating R
    packages’ of the ‘Writing R Extensions’ manual.
Flavor: r-release-osx-x86_64-mavericks