CRAN Package Check Results for Package TSP

Last updated on 2017-01-16 17:49:42.

Flavor Version Tinstall Tcheck Ttotal Status Flags
r-devel-linux-x86_64-debian-clang 1.1-4 1.46 25.72 27.18 OK
r-devel-linux-x86_64-debian-gcc 1.1-4 1.44 25.48 26.91 OK
r-devel-linux-x86_64-fedora-clang 1.1-4 49.62 OK --no-stop-on-test-error
r-devel-linux-x86_64-fedora-gcc 1.1-4 48.06 NOTE --no-stop-on-test-error
r-devel-macos-x86_64-clang 1.1-4 41.31 OK --no-stop-on-test-error
r-devel-windows-ix86+x86_64 1.1-4 10.00 64.00 74.00 OK
r-patched-linux-x86_64 1.1-4 1.29 21.53 22.82 OK
r-patched-solaris-sparc 1.1-4 229.10 OK
r-patched-solaris-x86 1.1-4 49.00 OK
r-release-linux-x86_64 1.1-4 1.36 21.85 23.21 OK
r-release-osx-x86_64-mavericks 1.1-4 OK
r-release-windows-ix86+x86_64 1.1-4 9.00 60.00 69.00 OK
r-oldrel-windows-ix86+x86_64 1.1-4 8.00 101.00 109.00 OK

Check Details

Version: 1.1-4
Flags: --no-stop-on-test-error
Check: compiled code
Result: NOTE
    File ‘TSP/libs/TSP.so’:
     Found no calls to: ‘R_registerRoutines’, ‘R_useDynamicSymbols’
    
    It is good practice to use registered native symbols and disable symbol
    search.
    
    See ‘Writing portable packages’ in the ‘Writing R Extensions’ manual.
Flavor: r-devel-linux-x86_64-fedora-gcc