CRAN Package Check Results for Package TSP

Last updated on 2015-06-29 23:47:17.

Flavor Version Tinstall Tcheck Ttotal Status Flags
r-devel-linux-x86_64-debian-clang 1.1-1 1.15 21.29 22.44 NOTE
r-devel-linux-x86_64-debian-gcc 1.1-1 1.21 21.48 22.68 NOTE
r-devel-linux-x86_64-fedora-clang 1.1-1 46.49 OK
r-devel-linux-x86_64-fedora-gcc 1.1-1 42.67 OK
r-devel-osx-x86_64-clang 1.1-1 47.08 OK
r-devel-windows-ix86+x86_64 1.1-1 12.00 42.00 54.00 NOTE
r-patched-linux-x86_64 1.1-1 1.23 21.54 22.77 OK
r-patched-solaris-sparc 1.1-1 284.70 OK
r-patched-solaris-x86 1.1-1 61.20 OK
r-release-linux-x86_64 1.1-1 1.24 23.28 24.52 OK
r-release-osx-x86_64-mavericks 1.1-1 OK
r-release-windows-ix86+x86_64 1.1-1 13.00 43.00 56.00 OK
r-oldrel-windows-ix86+x86_64 1.1-1 16.00 49.00 65.00 OK

Check Details

Version: 1.1-1
Check: R code for possible problems
Result: NOTE
    as.TSP.ETSP: no visible global function definition for ‘dist’
    plot.ETSP: no visible global function definition for ‘plot’
    plot.ETSP: no visible global function definition for ‘polygon’
    reformulate_ATSP_as_TSP: no visible global function definition for ‘is’
    tour_length.ETSP: no visible global function definition for ‘dist’
    tsp_linkern: no visible global function definition for ‘read.table’
    write_TSPLIB.ETSP: no visible global function definition for
     ‘write.table’
Flavors: r-devel-linux-x86_64-debian-clang, r-devel-linux-x86_64-debian-gcc, r-devel-windows-ix86+x86_64