CRAN Package Check Results for Package TSP

Last updated on 2014-04-24 19:54:10.

Flavor Version Tinstall Tcheck Ttotal Status Flags
r-devel-linux-x86_64-debian-clang 1.0-8 1.28 21.64 22.92 OK
r-devel-linux-x86_64-debian-gcc 1.0-8 1.33 21.60 22.92 OK
r-devel-linux-x86_64-fedora-clang 1.0-8 49.43 OK
r-devel-linux-x86_64-fedora-gcc 1.0-8 48.10 OK
r-devel-osx-x86_64-clang 1.0-8 45.83 OK
r-devel-osx-x86_64-gcc 1.0-8 ERROR
r-devel-windows-ix86+x86_64 1.0-8 8.00 38.00 46.00 OK
r-patched-linux-x86_64 1.0-8 1.30 21.87 23.18 OK
r-patched-solaris-sparc 1.0-8 264.70 OK
r-patched-solaris-x86 1.0-8 67.50 OK
r-release-linux-ix86 1.0-8 2.00 42.00 44.00 OK
r-release-linux-x86_64 1.0-8 1.70 21.83 23.52 OK
r-release-osx-x86_64-mavericks 1.0-8 ERROR
r-release-windows-ix86+x86_64 1.0-8 6.00 44.00 50.00 OK
r-oldrel-windows-ix86+x86_64 1.0-8 7.00 42.00 49.00 OK

Check Details

Version: 1.0-8
Check: package dependencies
Result: NOTE
    Package suggested but not available for checking: ‘maptools’
Flavors: r-devel-osx-x86_64-gcc, r-release-osx-x86_64-mavericks

Version: 1.0-8
Check: examples
Result: ERROR
    Running examples in ‘TSP-Ex.R’ failed
    The error most likely occurred in:
    
    > ### Name: USCA
    > ### Title: USCA312/USCA50 - 312/50 cities in the US and Canada
    > ### Aliases: USCA312 USCA312_map USCA312_basemap USCA312_coords USCA50
    > ### Keywords: datasets
    >
    > ### ** Examples
    >
    > data("USCA312")
    > data("USCA312_map")
    >
    > ## calculate a tour
    > tour <- solve_TSP(USCA312)
    > tour
    object of class ‘TOUR’
    result of method ‘nearest_insertion’ for 312 cities
    tour length: 44827
    >
    > ## load map tools
    > library("maps")
    > library("sp")
    > library("maptools")
    Error in library("maptools") : there is no package called ‘maptools’
    Execution halted
Flavors: r-devel-osx-x86_64-gcc, r-release-osx-x86_64-mavericks