CRAN Package Check Results for Package TSP

Last updated on 2017-02-20 13:51:24.

Flavor Version Tinstall Tcheck Ttotal Status Flags
r-devel-linux-x86_64-debian-clang 1.1-4 1.54 25.60 27.14 NOTE
r-devel-linux-x86_64-debian-gcc 1.1-4 1.44 26.25 27.69 NOTE
r-devel-linux-x86_64-fedora-clang 1.1-4 48.87 NOTE --no-stop-on-test-error
r-devel-linux-x86_64-fedora-gcc 1.1-4 47.70 NOTE --no-stop-on-test-error
r-devel-macos-x86_64-clang 1.1-4 42.50 NOTE --no-stop-on-test-error
r-devel-windows-ix86+x86_64 1.1-4 6.00 90.00 96.00 OK
r-patched-linux-x86_64 1.1-4 1.35 21.86 23.21 OK
r-patched-solaris-sparc 1.1-4 229.10 OK
r-patched-solaris-x86 1.1-4 53.20 OK
r-release-linux-x86_64 1.1-4 1.46 22.15 23.61 OK
r-release-osx-x86_64-mavericks 1.1-4 OK
r-release-windows-ix86+x86_64 1.1-4 7.00 58.00 65.00 OK
r-oldrel-windows-ix86+x86_64 1.1-4 9.00 90.00 99.00 OK

Check Details

Version: 1.1-4
Check: compiled code
Result: NOTE
    File ‘TSP/libs/TSP.so’:
     Found no calls to: ‘R_registerRoutines’, ‘R_useDynamicSymbols’
    
    It is good practice to register native routines and to disable symbol
    search.
    
    See ‘Writing portable packages’ in the ‘Writing R Extensions’ manual.
Flavors: r-devel-linux-x86_64-debian-clang, r-devel-linux-x86_64-debian-gcc

Version: 1.1-4
Flags: --no-stop-on-test-error
Check: compiled code
Result: NOTE
    File ‘TSP/libs/TSP.so’:
     Found no calls to: ‘R_registerRoutines’, ‘R_useDynamicSymbols’
    
    It is good practice to register native routines and to disable symbol
    search.
    
    See ‘Writing portable packages’ in the ‘Writing R Extensions’ manual.
Flavors: r-devel-linux-x86_64-fedora-clang, r-devel-linux-x86_64-fedora-gcc, r-devel-macos-x86_64-clang