CRAN Package Check Results for Package TSP

Last updated on 2018-02-20 18:46:51 CET.

Flavor Version Tinstall Tcheck Ttotal Status Flags
r-devel-linux-x86_64-debian-clang 1.1-5 2.55 36.35 38.90 OK
r-devel-linux-x86_64-debian-gcc 1.1-5 2.32 28.82 31.14 OK
r-devel-linux-x86_64-fedora-clang 1.1-5 48.91 OK
r-devel-linux-x86_64-fedora-gcc 1.1-5 46.47 OK
r-devel-windows-ix86+x86_64 1.1-5 10.00 66.00 76.00 ERROR
r-patched-linux-x86_64 1.1-5 1.92 40.10 42.02 OK
r-patched-solaris-x86 1.1-5 65.90 OK
r-release-linux-x86_64 1.1-5 1.78 40.06 41.84 OK
r-release-windows-ix86+x86_64 1.1-5 9.00 86.00 95.00 OK
r-release-osx-x86_64 1.1-5 OK
r-oldrel-windows-ix86+x86_64 1.1-5 18.00 75.00 93.00 OK
r-oldrel-osx-x86_64 1.1-5 OK

Check Details

Version: 1.1-5
Check: running tests for arch ‘i386’
Result: ERROR
     Running 'testthat.R' [1s]
    Running the tests in 'tests/testthat.R' failed.
    Complete output:
     > library("testthat")
     >
     > library("TSP")
     > test_check("TSP")
     -- 1. Failure: (unknown) (@test-solve_TSP.R#56) -------------------------------
     all(sapply(tours1, attr, "tour_length") == 0) isn't true.
    
     == testthat results ===========================================================
     OK: 21 SKIPPED: 0 FAILED: 1
     1. Failure: (unknown) (@test-solve_TSP.R#56)
    
     Error: testthat unit tests failed
     Execution halted
Flavor: r-devel-windows-ix86+x86_64