CRAN Package Check Results for Package TSPostgreSQL

Last updated on 2017-04-24 20:47:47.

Flavor Version Tinstall Tcheck Ttotal Status Flags
r-devel-linux-x86_64-debian-clang 2015.4-1 2.22 29.84 32.06 OK
r-devel-linux-x86_64-debian-gcc 2015.4-1 2.38 29.35 31.73 OK
r-devel-linux-x86_64-fedora-clang 2015.4-1 58.99 OK --no-stop-on-test-error
r-devel-linux-x86_64-fedora-gcc 2015.4-1 58.20 OK --no-stop-on-test-error
r-devel-windows-ix86+x86_64 2015.4-1 OK
r-patched-linux-x86_64 2015.4-1 2.32 30.30 32.62 OK
r-patched-solaris-sparc 2015.4-1 359.50 OK
r-patched-solaris-x86 2015.4-1 76.60 OK
r-release-linux-x86_64 2015.4-1 2.31 29.74 32.05 OK
r-release-windows-ix86+x86_64 2015.4-1 6.00 54.00 60.00 OK
r-release-osx-x86_64 2015.4-1 ERROR
r-oldrel-windows-ix86+x86_64 2015.4-1 6.00 55.00 61.00 OK
r-oldrel-osx-x86_64 2015.4-1 OK

Check Details

Version: 2015.4-1
Check: package dependencies
Result: ERROR
    Package required but not available: ‘RPostgreSQL’
    
    See section ‘The DESCRIPTION file’ in the ‘Writing R Extensions’
    manual.
Flavor: r-release-osx-x86_64