CRAN Package Check Results for Package TSPostgreSQL

Last updated on 2014-07-24 14:48:51.

Flavor Version Tinstall Tcheck Ttotal Status Flags
r-devel-linux-x86_64-debian-clang 2013.9-1 3.06 36.00 39.07 OK
r-devel-linux-x86_64-debian-gcc 2013.9-1 3.13 34.94 38.06 OK
r-devel-linux-x86_64-fedora-clang 2013.9-1 86.55 OK
r-devel-linux-x86_64-fedora-gcc 2013.9-1 81.52 OK
r-devel-osx-x86_64-clang 2013.9-1 72.22 OK
r-devel-windows-ix86+x86_64 2013.9-1 9.00 55.00 64.00 OK
r-patched-linux-x86_64 2013.9-1 3.00 36.60 39.60 OK
r-patched-solaris-sparc 2013.9-1 468.30 OK
r-patched-solaris-x86 2013.9-1 103.50 OK
r-release-linux-ix86 2013.9-1 3.73 45.52 49.24 OK
r-release-linux-x86_64 2013.9-1 3.26 36.27 39.53 OK
r-release-osx-x86_64-mavericks 2013.9-1 ERROR
r-release-osx-x86_64-snowleopard 2013.9-1 OK
r-release-windows-ix86+x86_64 2013.9-1 10.00 58.00 68.00 OK
r-oldrel-windows-ix86+x86_64 2013.9-1 10.00 52.00 62.00 OK

Check Details

Version: 2013.9-1
Check: package dependencies
Result: ERROR
    Package required but not available: ‘RPostgreSQL’
    
    See the information on DESCRIPTION files in the chapter ‘Creating R
    packages’ of the ‘Writing R Extensions’ manual.
Flavor: r-release-osx-x86_64-mavericks