CRAN Package Check Results for Package TSPostgreSQL

Last updated on 2014-11-23 03:48:13.

Flavor Version Tinstall Tcheck Ttotal Status Flags
r-devel-linux-x86_64-debian-clang 2013.9-1 3.28 37.78 41.06 OK
r-devel-linux-x86_64-debian-gcc 2013.9-1 3.10 35.64 38.75 OK
r-devel-linux-x86_64-fedora-clang 2013.9-1 86.65 OK
r-devel-linux-x86_64-fedora-gcc 2013.9-1 82.01 OK
r-devel-osx-x86_64-clang 2013.9-1 77.54 OK
r-devel-windows-ix86+x86_64 2013.9-1 9.00 59.00 68.00 OK
r-patched-linux-x86_64 2013.9-1 3.27 38.02 41.29 OK
r-patched-solaris-sparc 2013.9-1 468.00 OK
r-patched-solaris-x86 2013.9-1 106.60 OK
r-release-linux-ix86 2013.9-1 4.26 45.32 49.58 OK
r-release-linux-x86_64 2013.9-1 3.23 37.72 40.95 OK
r-release-osx-x86_64-mavericks 2013.9-1 ERROR
r-release-osx-x86_64-snowleopard 2013.9-1 OK
r-release-windows-ix86+x86_64 2013.9-1 12.00 56.00 68.00 OK
r-oldrel-windows-ix86+x86_64 2013.9-1 10.00 52.00 62.00 OK

Check Details

Version: 2013.9-1
Check: package dependencies
Result: ERROR
    Package required but not available: ‘RPostgreSQL’
    
    See the information on DESCRIPTION files in the chapter ‘Creating R
    packages’ of the ‘Writing R Extensions’ manual.
Flavor: r-release-osx-x86_64-mavericks