CRAN Package Check Results for Package TSPostgreSQL

Last updated on 2014-12-21 11:46:48.

Flavor Version Tinstall Tcheck Ttotal Status Flags
r-devel-linux-x86_64-debian-clang 2013.9-1 3.06 38.03 41.09 OK
r-devel-linux-x86_64-debian-gcc 2013.9-1 2.95 35.31 38.26 OK
r-devel-linux-x86_64-fedora-clang 2013.9-1 88.22 OK
r-devel-linux-x86_64-fedora-gcc 2013.9-1 80.82 OK
r-devel-osx-x86_64-clang 2013.9-1 77.46 OK
r-devel-windows-ix86+x86_64 2013.9-1 9.00 55.00 64.00 OK
r-patched-linux-x86_64 2013.9-1 3.17 37.69 40.86 OK
r-patched-solaris-sparc 2013.9-1 468.00 OK
r-patched-solaris-x86 2013.9-1 104.70 OK
r-release-linux-ix86 2013.9-1 3.64 45.62 49.26 OK
r-release-linux-x86_64 2013.9-1 3.48 37.62 41.09 OK
r-release-osx-x86_64-mavericks 2013.9-1 ERROR
r-release-osx-x86_64-snowleopard 2013.9-1 OK
r-release-windows-ix86+x86_64 2013.9-1 9.00 63.00 72.00 OK
r-oldrel-windows-ix86+x86_64 2013.9-1 8.00 55.00 63.00 OK

Check Details

Version: 2013.9-1
Check: package dependencies
Result: ERROR
    Package required but not available: ‘RPostgreSQL’
    
    See the information on DESCRIPTION files in the chapter ‘Creating R
    packages’ of the ‘Writing R Extensions’ manual.
Flavor: r-release-osx-x86_64-mavericks