CRAN Package Check Results for Package TSPostgreSQL

Last updated on 2017-05-26 12:49:13.

Flavor Version Tinstall Tcheck Ttotal Status Flags
r-devel-linux-x86_64-debian-clang 2015.4-1 2.30 29.41 31.70 OK
r-devel-linux-x86_64-debian-gcc 2015.4-1 2.44 30.73 33.17 OK
r-devel-linux-x86_64-fedora-clang 2015.4-1 61.48 OK
r-devel-linux-x86_64-fedora-gcc 2015.4-1 58.68 OK
r-devel-windows-ix86+x86_64 2015.4-1 6.00 58.00 64.00 OK
r-patched-linux-x86_64 2015.4-1 2.76 31.79 34.54 OK
r-patched-solaris-sparc 2015.4-1 359.50 OK
r-patched-solaris-x86 2015.4-1 77.30 OK
r-release-linux-x86_64 2015.4-1 2.28 29.27 31.55 OK
r-release-windows-ix86+x86_64 2015.4-1 11.00 113.00 124.00 OK
r-release-osx-x86_64 2015.4-1 ERROR
r-oldrel-windows-ix86+x86_64 2015.4-1 10.00 53.00 63.00 OK
r-oldrel-osx-x86_64 2015.4-1 OK

Check Details

Version: 2015.4-1
Check: package dependencies
Result: ERROR
    Package required but not available: ‘RPostgreSQL’
    
    See section ‘The DESCRIPTION file’ in the ‘Writing R Extensions’
    manual.
Flavor: r-release-osx-x86_64