CRAN Package Check Results for Package TSPostgreSQL

Last updated on 2015-02-28 02:49:01.

Flavor Version Tinstall Tcheck Ttotal Status Flags
r-devel-linux-x86_64-debian-clang 2013.9-1 2.24 28.00 30.24 OK
r-devel-linux-x86_64-debian-gcc 2013.9-1 2.16 26.95 29.11 OK
r-devel-linux-x86_64-fedora-clang 2013.9-1 64.84 OK
r-devel-linux-x86_64-fedora-gcc 2013.9-1 61.48 OK
r-devel-osx-x86_64-clang 2013.9-1 60.89 OK
r-devel-windows-ix86+x86_64 2013.9-1 9.00 40.00 49.00 OK
r-patched-linux-x86_64 2013.9-1 3.37 38.12 41.49 OK
r-patched-solaris-sparc 2013.9-1 498.40 OK
r-release-linux-ix86 2013.9-1 3.60 51.02 54.62 OK
r-release-linux-x86_64 2013.9-1 4.58 38.55 43.13 OK
r-release-osx-x86_64-mavericks 2013.9-1 ERROR
r-release-osx-x86_64-snowleopard 2013.9-1 OK
r-release-windows-ix86+x86_64 2013.9-1 10.00 59.00 69.00 OK
r-oldrel-windows-ix86+x86_64 2013.9-1 11.00 59.00 70.00 OK

Check Details

Version: 2013.9-1
Check: package dependencies
Result: ERROR
    Package required but not available: ‘RPostgreSQL’
    
    See section ‘The DESCRIPTION file’ in the ‘Writing R Extensions’
    manual.
Flavor: r-release-osx-x86_64-mavericks