CRAN Package Check Results for Package TSPostgreSQL

Last updated on 2014-10-24 08:49:23.

Flavor Version Tinstall Tcheck Ttotal Status Flags
r-devel-linux-x86_64-debian-clang 2013.9-1 3.14 36.48 39.63 OK
r-devel-linux-x86_64-debian-gcc 2013.9-1 3.23 36.12 39.35 OK
r-devel-linux-x86_64-fedora-clang 2013.9-1 86.48 OK
r-devel-linux-x86_64-fedora-gcc 2013.9-1 80.30 OK
r-devel-osx-x86_64-clang 2013.9-1 71.49 OK
r-devel-windows-ix86+x86_64 2013.9-1 6.00 54.00 60.00 OK
r-patched-linux-x86_64 2013.9-1 3.26 37.57 40.82 OK
r-patched-solaris-sparc 2013.9-1 468.00 OK
r-patched-solaris-x86 2013.9-1 105.80 OK
r-release-linux-ix86 2013.9-1 3.93 47.30 51.23 OK
r-release-linux-x86_64 2013.9-1 3.28 38.20 41.48 OK
r-release-osx-x86_64-mavericks 2013.9-1 ERROR
r-release-osx-x86_64-snowleopard 2013.9-1 OK
r-release-windows-ix86+x86_64 2013.9-1 10.00 58.00 68.00 OK
r-oldrel-windows-ix86+x86_64 2013.9-1 9.00 54.00 63.00 OK

Check Details

Version: 2013.9-1
Check: package dependencies
Result: ERROR
    Package required but not available: ‘RPostgreSQL’
    
    See the information on DESCRIPTION files in the chapter ‘Creating R
    packages’ of the ‘Writing R Extensions’ manual.
Flavor: r-release-osx-x86_64-mavericks