CRAN Package Check Results for Package TSPostgreSQL

Last updated on 2015-04-18 03:50:32.

Flavor Version Tinstall Tcheck Ttotal Status Flags
r-devel-linux-x86_64-debian-clang 2013.9-1 2.61 28.93 31.54 OK
r-devel-linux-x86_64-debian-gcc 2013.9-1 2.88 27.32 30.21 OK
r-devel-linux-x86_64-fedora-clang 2013.9-1 65.13 OK
r-devel-linux-x86_64-fedora-gcc 2013.9-1 60.17 OK
r-devel-osx-x86_64-clang 2013.9-1 58.37 OK
r-prerel-windows-ix86+x86_64 2013.9-1 7.00 43.00 50.00 OK
r-prerel-linux-x86_64 2013.9-1 2.21 28.05 30.26 OK
r-prerel-solaris-sparc 2013.9-1 372.20 OK
r-prerel-solaris-x86 2013.9-1 77.70 OK
r-release-linux-x86_64 2013.9-1 3.40 38.30 41.70 OK
r-release-osx-x86_64-mavericks 2013.9-1 ERROR
r-release-osx-x86_64-snowleopard 2013.9-1 OK
r-release-windows-ix86+x86_64 2013.9-1 12.00 85.00 97.00 OK
r-oldrel-windows-ix86+x86_64 2013.9-1 12.00 77.00 89.00 OK

Check Details

Version: 2013.9-1
Check: package dependencies
Result: ERROR
    Package required but not available: ‘RPostgreSQL’
    
    See section ‘The DESCRIPTION file’ in the ‘Writing R Extensions’
    manual.
Flavor: r-release-osx-x86_64-mavericks