CRAN Package Check Results for Package TSPostgreSQL

Last updated on 2015-03-29 19:48:57.

Flavor Version Tinstall Tcheck Ttotal Status Flags
r-devel-linux-x86_64-debian-clang 2013.9-1 2.21 27.65 29.86 OK
r-devel-linux-x86_64-debian-gcc 2013.9-1 2.27 27.14 29.41 OK
r-devel-linux-x86_64-fedora-clang 2013.9-1 64.67 OK
r-devel-linux-x86_64-fedora-gcc 2013.9-1 61.17 OK
r-devel-osx-x86_64-clang 2013.9-1 64.98 OK
r-prerel-windows-ix86+x86_64 2013.9-1 9.00 44.00 53.00 OK
r-prerel-linux-x86_64 2013.9-1 2.17 27.26 29.43 OK
r-prerel-solaris-sparc 2013.9-1 372.20 OK
r-prerel-solaris-x86 2013.9-1 77.90 OK
r-release-linux-x86_64 2013.9-1 3.37 38.02 41.40 OK
r-release-osx-x86_64-mavericks 2013.9-1 ERROR
r-release-osx-x86_64-snowleopard 2013.9-1 OK
r-release-windows-ix86+x86_64 2013.9-1 9.00 56.00 65.00 OK
r-oldrel-windows-ix86+x86_64 2013.9-1 9.00 57.00 66.00 OK

Check Details

Version: 2013.9-1
Check: package dependencies
Result: ERROR
    Package required but not available: ‘RPostgreSQL’
    
    See section ‘The DESCRIPTION file’ in the ‘Writing R Extensions’
    manual.
Flavor: r-release-osx-x86_64-mavericks