CRAN Package Check Results for Package TSPostgreSQL

Last updated on 2015-01-25 09:51:43.

Flavor Version Tinstall Tcheck Ttotal Status Flags
r-devel-linux-x86_64-debian-clang 2013.9-1 3.04 35.99 39.02 OK
r-devel-linux-x86_64-debian-gcc 2013.9-1 2.86 36.04 38.90 OK
r-devel-linux-x86_64-fedora-clang 2013.9-1 86.14 OK
r-devel-linux-x86_64-fedora-gcc 2013.9-1 82.66 OK
r-devel-osx-x86_64-clang 2013.9-1 76.74 OK
r-devel-windows-ix86+x86_64 2013.9-1 10.00 53.00 63.00 OK
r-patched-linux-x86_64 2013.9-1 4.00 37.73 41.73 OK
r-patched-solaris-sparc 2013.9-1 498.40 OK
r-patched-solaris-x86 2013.9-1 108.30 OK
r-release-linux-ix86 2013.9-1 3.68 46.02 49.70 OK
r-release-linux-x86_64 2013.9-1 3.24 37.68 40.92 OK
r-release-osx-x86_64-mavericks 2013.9-1 ERROR
r-release-osx-x86_64-snowleopard 2013.9-1 OK
r-release-windows-ix86+x86_64 2013.9-1 10.00 56.00 66.00 OK
r-oldrel-windows-ix86+x86_64 2013.9-1 10.00 54.00 64.00 OK

Check Details

Version: 2013.9-1
Check: package dependencies
Result: ERROR
    Package required but not available: ‘RPostgreSQL’
    
    See the information on DESCRIPTION files in the chapter ‘Creating R
    packages’ of the ‘Writing R Extensions’ manual.
Flavor: r-release-osx-x86_64-mavericks