CRAN Package Check Results for Package TSPostgreSQL

Last updated on 2014-09-16 14:47:45.

Flavor Version Tinstall Tcheck Ttotal Status Flags
r-devel-linux-x86_64-debian-clang 2013.9-1 3.18 36.21 39.40 OK
r-devel-linux-x86_64-debian-gcc 2013.9-1 2.93 35.21 38.14 OK
r-devel-linux-x86_64-fedora-clang 2013.9-1 84.67 OK
r-devel-linux-x86_64-fedora-gcc 2013.9-1 86.52 OK
r-devel-osx-x86_64-clang 2013.9-1 67.56 OK
r-devel-windows-ix86+x86_64 2013.9-1 8.00 50.00 58.00 OK
r-patched-linux-x86_64 2013.9-1 3.39 36.88 40.26 OK
r-patched-solaris-sparc 2013.9-1 468.00 OK
r-patched-solaris-x86 2013.9-1 104.40 OK
r-release-linux-ix86 2013.9-1 3.99 47.04 51.03 OK
r-release-linux-x86_64 2013.9-1 3.24 37.77 41.00 OK
r-release-osx-x86_64-mavericks 2013.9-1 ERROR
r-release-osx-x86_64-snowleopard 2013.9-1 OK
r-release-windows-ix86+x86_64 2013.9-1 10.00 60.00 70.00 OK
r-oldrel-windows-ix86+x86_64 2013.9-1 11.00 56.00 67.00 OK

Check Details

Version: 2013.9-1
Check: package dependencies
Result: ERROR
    Package required but not available: ‘RPostgreSQL’
    
    See the information on DESCRIPTION files in the chapter ‘Creating R
    packages’ of the ‘Writing R Extensions’ manual.
Flavor: r-release-osx-x86_64-mavericks