CRAN Package Check Results for Package TSPostgreSQL

Last updated on 2014-04-25 09:52:26.

Flavor Version Tinstall Tcheck Ttotal Status Flags
r-devel-linux-x86_64-debian-clang 2013.9-1 3.30 39.34 42.63 OK
r-devel-linux-x86_64-debian-gcc 2013.9-1 3.32 38.77 42.10 OK
r-devel-linux-x86_64-fedora-clang 2013.9-1 85.68 OK
r-devel-linux-x86_64-fedora-gcc 2013.9-1 82.85 OK
r-devel-osx-x86_64-clang 2013.9-1 69.50 OK
r-devel-osx-x86_64-gcc 2013.9-1 ERROR
r-devel-windows-ix86+x86_64 2013.9-1 9.00 52.00 61.00 OK
r-patched-linux-x86_64 2013.9-1 3.23 38.08 41.31 OK
r-patched-solaris-sparc 2013.9-1 468.30 OK
r-patched-solaris-x86 2013.9-1 106.60 OK
r-release-linux-ix86 2013.9-1 5.00 63.00 68.00 OK
r-release-linux-x86_64 2013.9-1 3.26 37.52 40.78 OK
r-release-osx-x86_64-mavericks 2013.9-1 ERROR
r-release-osx-x86_64-snowleopard 2013.9-1 OK
r-release-windows-ix86+x86_64 2013.9-1 7.00 53.00 60.00 OK
r-oldrel-windows-ix86+x86_64 2013.9-1 10.00 50.00 60.00 OK

Check Details

Version: 2013.9-1
Check: package dependencies
Result: ERROR
    Package required but not available: ‘tframePlus’
    
    Packages suggested but not available for checking: ‘zoo’ ‘tseries’
    
    See the information on DESCRIPTION files in the chapter ‘Creating R
    packages’ of the ‘Writing R Extensions’ manual.
Flavor: r-devel-osx-x86_64-gcc

Version: 2013.9-1
Check: package dependencies
Result: ERROR
    Package required but not available: ‘RPostgreSQL’
    
    See the information on DESCRIPTION files in the chapter ‘Creating R
    packages’ of the ‘Writing R Extensions’ manual.
Flavor: r-release-osx-x86_64-mavericks