Last updated on 2023-06-10 03:56:38 CEST.
Flavor | Version | Tinstall | Tcheck | Ttotal | Status | Flags |
---|---|---|---|---|---|---|
r-devel-linux-x86_64-debian-clang | 0.3.1 | 10.96 | 87.17 | 98.13 | OK | |
r-devel-linux-x86_64-debian-gcc | 0.3.1 | 9.46 | 64.95 | 74.41 | OK | |
r-devel-linux-x86_64-fedora-clang | 0.3.1 | 121.29 | NOTE | |||
r-devel-linux-x86_64-fedora-gcc | 0.3.1 | 112.68 | OK | |||
r-devel-windows-x86_64 | 0.3.1 | 11.00 | 108.00 | 119.00 | OK | |
r-patched-linux-x86_64 | 0.3.1 | 11.36 | 80.32 | 91.68 | OK | |
r-release-linux-x86_64 | 0.3.1 | 7.13 | 80.70 | 87.83 | OK | |
r-release-macos-arm64 | 0.3.1 | 38.00 | OK | |||
r-release-macos-x86_64 | 0.3.1 | 58.00 | OK | |||
r-release-windows-x86_64 | 0.3.1 | 14.00 | 272.00 | 286.00 | OK | |
r-oldrel-macos-arm64 | 0.3.1 | 36.00 | OK | |||
r-oldrel-macos-x86_64 | 0.3.1 | 63.00 | OK | |||
r-oldrel-windows-x86_64 | 0.3.1 | 15.00 | 219.00 | 234.00 | OK |
Version: 0.3.1
Check: Rd cross-references
Result: NOTE
Undeclared package ‘gimms’ in Rd xrefs
Flavor: r-devel-linux-x86_64-fedora-clang