CRAN Package Check Results for Package TSSQLite

Last updated on 2014-04-16 18:47:57.

Flavor Version Tinstall Tcheck Ttotal Status Flags
r-devel-linux-x86_64-debian-clang 2013.9-1 3.18 38.34 41.51 OK
r-devel-linux-x86_64-debian-gcc 2013.9-1 3.25 38.30 41.55 OK
r-devel-linux-x86_64-fedora-clang 2013.9-1 87.50 OK
r-devel-linux-x86_64-fedora-gcc 2013.9-1 82.11 OK
r-devel-macosx-x86_64-clang 2013.9-1 76.03 OK
r-devel-macosx-x86_64-gcc 2013.9-1 ERROR
r-devel-windows-ix86+x86_64 2013.9-1 8.00 54.00 62.00 OK
r-patched-linux-x86_64 2013.9-1 3.20 38.59 41.80 OK
r-patched-solaris-sparc 2013.9-1 468.10 OK
r-patched-solaris-x86 2013.9-1 106.00 OK
r-release-linux-ix86 2013.9-1 6.00 63.00 69.00 OK
r-release-linux-x86_64 2013.9-1 3.19 37.82 41.00 OK
r-release-macosx-x86_64 2013.9-1 OK
r-release-windows-ix86+x86_64 2013.9-1 9.00 62.00 71.00 OK
r-oldrel-windows-ix86+x86_64 2013.9-1 8.00 51.00 59.00 OK

Check Details

Version: 2013.9-1
Check: package dependencies
Result: ERROR
    Package required but not available: ‘tframePlus’
    
    Packages suggested but not available for checking: ‘zoo’ ‘tseries’
    
    See the information on DESCRIPTION files in the chapter ‘Creating R
    packages’ of the ‘Writing R Extensions’ manual.
Flavor: r-devel-macosx-x86_64-gcc