CRAN Package Check Results for Package TSSQLite

Last updated on 2015-04-27 11:48:57.

Flavor Version Tinstall Tcheck Ttotal Status Flags
r-devel-linux-x86_64-debian-clang 2013.9-1 2.36 28.46 30.83 OK
r-devel-linux-x86_64-debian-gcc 2013.9-1 2.14 27.18 29.31 OK
r-devel-linux-x86_64-fedora-clang 2013.9-1 65.30 OK
r-devel-linux-x86_64-fedora-gcc 2013.9-1 60.21 OK
r-devel-osx-x86_64-clang 2013.9-1 58.90 OK
r-devel-windows-ix86+x86_64 2013.9-1 7.00 43.00 50.00 OK
r-patched-linux-x86_64 2013.9-1 2.25 26.82 29.07 OK
r-patched-solaris-sparc 2013.9-1 375.00 OK
r-patched-solaris-x86 2013.9-1 81.90 OK
r-release-linux-x86_64 2013.9-1 2.11 27.14 29.25 OK
r-release-osx-x86_64-mavericks 2013.9-1 OK
r-release-osx-x86_64-snowleopard 2013.9-1 ERROR
r-release-windows-ix86+x86_64 2013.9-1 9.00 57.00 66.00 OK
r-oldrel-windows-ix86+x86_64 2013.9-1 9.00 53.00 62.00 OK

Check Details

Version: 2013.9-1
Check: package dependencies
Result: ERROR
    Package required but not available: ‘tframePlus’
    
    Packages suggested but not available for checking: ‘zoo’ ‘tseries’
    
    See section ‘The DESCRIPTION file’ in the ‘Writing R Extensions’
    manual.
Flavor: r-release-osx-x86_64-snowleopard