Last updated on 2021-04-21 19:47:14 CEST.
Flavor | Version | Tinstall | Tcheck | Ttotal | Status | Flags |
---|---|---|---|---|---|---|
r-devel-linux-x86_64-debian-clang | 1.2 | 4.03 | 38.12 | 42.15 | NOTE | |
r-devel-linux-x86_64-debian-gcc | 1.2 | 2.71 | 28.21 | 30.92 | NOTE | |
r-devel-linux-x86_64-fedora-clang | 1.2 | 57.95 | NOTE | |||
r-devel-linux-x86_64-fedora-gcc | 1.2 | 48.31 | NOTE | |||
r-devel-windows-ix86+x86_64 | 1.2 | 8.00 | 54.00 | 62.00 | OK | |
r-devel-windows-x86_64-gcc10-UCRT | 1.2 | OK | ||||
r-patched-linux-x86_64 | 1.2 | 3.42 | 34.15 | 37.57 | NOTE | |
r-patched-solaris-x86 | 1.2 | 69.60 | NOTE | |||
r-release-linux-x86_64 | 1.2 | 3.31 | 34.76 | 38.07 | NOTE | |
r-release-macos-x86_64 | 1.2 | OK | ||||
r-release-windows-ix86+x86_64 | 1.2 | 8.00 | 44.00 | 52.00 | OK | |
r-oldrel-macos-x86_64 | 1.2 | OK | ||||
r-oldrel-windows-ix86+x86_64 | 1.2 | 5.00 | 49.00 | 54.00 | OK |
Version: 1.2
Check: for non-standard things in the check directory
Result: NOTE
Found the following files/directories:
'XMIwords.txt'
Flavors: r-devel-linux-x86_64-debian-clang, r-devel-linux-x86_64-debian-gcc, r-devel-linux-x86_64-fedora-clang, r-devel-linux-x86_64-fedora-gcc, r-patched-linux-x86_64, r-patched-solaris-x86, r-release-linux-x86_64