CRAN Package Check Results for Package TSTutorial

Last updated on 2014-04-24 07:52:39.

Flavor Version Tinstall Tcheck Ttotal Status Flags
r-devel-linux-x86_64-debian-clang 1.2.3 1.16 27.64 28.79 OK
r-devel-linux-x86_64-debian-gcc 1.2.3 1.24 27.10 28.34 OK
r-devel-linux-x86_64-fedora-clang 1.2.3 57.59 OK
r-devel-linux-x86_64-fedora-gcc 1.2.3 54.38 OK
r-devel-osx-x86_64-clang 1.2.3 48.82 OK
r-devel-osx-x86_64-gcc 1.2.3 OK
r-devel-windows-ix86+x86_64 1.2.3 4.00 37.00 41.00 OK
r-patched-linux-x86_64 1.2.3 1.12 27.30 28.42 OK
r-patched-solaris-sparc 1.2.3 310.30 OK
r-patched-solaris-x86 1.2.3 72.70 OK
r-release-linux-ix86 1.2.3 2.00 48.00 50.00 OK
r-release-linux-x86_64 1.2.3 1.16 27.54 28.70 OK
r-release-osx-x86_64-mavericks 1.2.3 WARN
r-release-osx-x86_64-snowleopard 1.2.3 OK
r-release-windows-ix86+x86_64 1.2.3 4.00 40.00 44.00 OK
r-oldrel-windows-ix86+x86_64 1.2.3 4.00 42.00 46.00 OK

Check Details

Version: 1.2.3
Check: PDF version of manual
Result: WARNING
    LaTeX errors when creating PDF version.
    This typically indicates Rd problems.
    LaTeX errors found:
    ! LaTeX Error: File `upquote.sty' not found.
    
    Type X to quit or <RETURN> to proceed,
    or enter new name. (Default extension: sty)
    
    1b8a47d/Rd2.tex:8: ==> Fatal error occurred, no output PDF file produced!
Flavor: r-release-osx-x86_64-mavericks