CRAN Package Check Results for Package TSTutorial

Last updated on 2015-08-29 03:49:10.

Flavor Version Tinstall Tcheck Ttotal Status Flags
r-devel-linux-x86_64-debian-clang 1.2.3 0.81 24.24 25.05 NOTE
r-devel-linux-x86_64-debian-gcc 1.2.3 0.95 24.73 25.68 NOTE
r-devel-linux-x86_64-fedora-clang 1.2.3 49.34 NOTE
r-devel-linux-x86_64-fedora-gcc 1.2.3 45.76 NOTE
r-devel-osx-x86_64-clang 1.2.3 44.66 NOTE
r-devel-windows-ix86+x86_64 1.2.3 4.00 44.00 48.00 NOTE
r-patched-linux-x86_64 1.2.3 0.88 25.22 26.10 NOTE
r-patched-solaris-sparc 1.2.3 305.60 NOTE
r-patched-solaris-x86 1.2.3 64.90 NOTE
r-release-linux-x86_64 1.2.3 1.01 25.59 26.60 NOTE
r-release-osx-x86_64-mavericks 1.2.3 OK
r-release-windows-ix86+x86_64 1.2.3 6.00 45.00 51.00 NOTE
r-oldrel-windows-ix86+x86_64 1.2.3 6.00 62.00 68.00 NOTE

Check Details

Version: 1.2.3
Check: R code for possible problems
Result: NOTE
    [,cami-character-missing-missing: warning in switch(EXP = i, cami =
     return(x@cami)): partial argument match of ‘EXP’ to ‘EXPR’
    [,datos-character-missing-missing: warning in switch(EXP = i, lserie =
     return(x@lserie), sident = return(x@sident), lmodelo =
     return(x@lmodelo), mident = return(x@mident), modif =
     return(x@modif)): partial argument match of ‘EXP’ to ‘EXPR’
    [,lineal-character-missing-missing: warning in switch(EXP = i, crit =
     return(x@crit), ls = return(x@ls), atip = return(x@atip)): partial
     argument match of ‘EXP’ to ‘EXPR’
    [,menu-character-missing-missing: warning in switch(EXP = i, items =
     return(x@items)): partial argument match of ‘EXP’ to ‘EXPR’
    [,menuitem-character-missing-missing: warning in switch(EXP = i, nombre
     = return(x@nombre), previo = return(x@previo), ayuda =
     return(x@ayuda), opciones = return(x@opciones), acciones =
     return(x@acciones), fi = return(x@fi)): partial argument match of
     ‘EXP’ to ‘EXPR’
    [,modelo-character-missing-missing: warning in switch(EXP = i, modelo =
     return(x@modelo), mact = return(x@mact), ser = return(x@ser), int =
     return(x@int), valid = return(x@valid), est = return(x@est), eqm =
     return(x@eqm), best = return(x@best)): partial argument match of
     ‘EXP’ to ‘EXPR’
    [,report-character-missing-missing: warning in switch(EXP = i, report =
     return(x@report), graph = return(x@graph), trueVal =
     return(x@trueVal), actRep = return(x@actRep), desGraph =
     return(x@desGraph), desRep = return(x@desRep), commentt =
     return(x@commentt), files = return(x@files), contRep =
     return(x@contRep)): partial argument match of ‘EXP’ to ‘EXPR’
    [,serie-character-missing-missing: warning in switch(EXP = i, nom =
     return(x@nom), serie = return(x@serie), orig = return(x@orig), sact =
     return(x@sact), trans = return(x@trans), est = return(x@est), reg =
     return(x@reg), stac = return(x@stac), lin = return(x@lin)): partial
     argument match of ‘EXP’ to ‘EXPR’
    [,sessio.ts-character-missing-missing: warning in switch(EXP = i, menu
     = return(x@menu), cami = return(x@cami), datos = return(x@datos),
     student = return(x@student), report = return(x@report)): partial
     argument match of ‘EXP’ to ‘EXPR’
    [,tex-character-missing-missing: warning in switch(EXP = i, menu =
     return(x@menu), opciones = return(x@opciones), previo =
     return(x@previo), ayuda = return(x@ayuda), ini = return(x@ini),
     gesser = return(x@gesser), trans = return(x@trans), iden =
     return(x@iden), gesmod = return(x@gesmod), estim = return(x@estim),
     valid = return(x@valid), cap = return(x@cap), atip = return(x@atip),
     prev = return(x@prev), salir = return(x@salir), plot =
     return(x@plot), drawser = return(x@drawser), drawmod =
     return(x@drawmod), writelistser = return(x@writelistser), : partial
     argument match of ‘EXP’ to ‘EXPR’
    [,tex-character-missing-missing: warning in writemod =
     return(x@writemod), writelistmod = return(x@writelistmod), writecoef
     = return(x@writecoef), drawarma = return(x@drawarma), atipics =
     return(x@atipics), drawatip = return(x@drawatip), previsiones =
     return(x@previsiones), enterComment = return(x@enterComment),
     latexCntrl = return(x@latexCntrl)): partial argument match of ‘EXP’
     to ‘EXPR’
    [<-,cami-character-missing: warning in switch(EXP = i, cami = x@cami <-
     value, ): partial argument match of ‘EXP’ to ‘EXPR’
    [<-,datos-character-missing: warning in switch(EXP = i, lserie =
     x@lserie <- value, sident = x@sident <- value, lmodelo = x@lmodelo <-
     value, mident = x@mident <- value, modif = x@modif <- value): partial
     argument match of ‘EXP’ to ‘EXPR’
    [<-,lineal-character-missing: warning in switch(EXP = i, crit = x@crit
     <- value, ls = x@ls <- value, atip = x@atip <- value): partial
     argument match of ‘EXP’ to ‘EXPR’
    [<-,menu-character-missing: warning in switch(EXP = i, items = x@items
     <- value): partial argument match of ‘EXP’ to ‘EXPR’
    [<-,menuitem-character-missing: warning in switch(EXP = i, nombre =
     x@nombre <- value, previo = x@previo <- value, ayuda = x@ayuda <-
     value, opciones = x@opciones <- value, acciones = x@acciones <-
     value, fi = x@fi <- value): partial argument match of ‘EXP’ to ‘EXPR’
    [<-,modelo-character-missing: warning in switch(EXP = i, modelo =
     x@modelo <- value, mact = x@mact <- value, ser = x@ser <- value, int
     = x@int <- value, valid = x@valid <- value, est = x@est <- value, eqm
     = x@eqm <- value, best = x@best <- value): partial argument match of
     ‘EXP’ to ‘EXPR’
    [<-,report-character-missing: warning in switch(EXP = i, report =
     x@report <- value, graph = x@graph <- value, trueVal = x@trueVal <-
     value, actRep = x@actRep <- value, desGraph = x@desGraph <- value,
     desRep = x@desRep <- value, commentt = x@commentt <- value, files =
     x@files <- value): partial argument match of ‘EXP’ to ‘EXPR’
    [<-,serie-character-missing: warning in switch(EXP = i, nom = x@nom <-
     value, serie = x@serie <- value, orig = x@orig <- value, sact =
     x@sact <- value, trans = x@trans <- value, est = x@est <- value, reg
     = x@reg <- value, stac = x@stac <- value, lin = x@lin <- value):
     partial argument match of ‘EXP’ to ‘EXPR’
    [<-,sessio.ts-character-missing: warning in switch(EXP = i, menu =
     x@menu <- value, cami = x@cami <- value, datos = x@ayuda <- value,
     student = x@student <- value, report = x@report <- value): partial
     argument match of ‘EXP’ to ‘EXPR’
    [<-,tex-character-missing: warning in switch(EXP = i, menu = x@menu <-
     value, opciones = x@opciones <- value, previo = x@previo <- value,
     ayuda = x@ayuda <- value, ini = x@ini <- value, gesser = x@gesser <-
     value, trans = x@trans <- value, iden = x@iden <- value, gesmod =
     x@gesmod <- value, estim = x@estim <- value, valid = x@valid <-
     value, cap = x@cap <- value, atip = x@atip <- value, prev = x@prev <-
     value, salir = x@salir <- value, plot = x@plot <- value, drawser =
     x@drawser <- value, drawmod = x@drawmod <- value, writelistser =
     x@writelistser <- value, : partial argument match of ‘EXP’ to ‘EXPR’
    [<-,tex-character-missing: warning in writemod = x@writemod <- value,
     writelistmod = x@writelistmod <- value, writecoef = x@writecoef <-
     value, drawarma = x@drawarma <- value, atipics = x@atipics <- value,
     drawatip = x@drawatip <- value, previsiones = x@previsiones <- value,
     enterComment = x@enterComment <- value, latexCntrl = x@latexCntrl <-
     value): partial argument match of ‘EXP’ to ‘EXPR’
    atip.2: no visible global function definition for ‘flush.console’
    activate,sessio.ts: no visible global function definition for ‘menu’
    Undefined global functions or variables:
     flush.console menu
    Consider adding
     importFrom("utils", "flush.console", "menu")
    to your NAMESPACE.
Flavors: r-devel-linux-x86_64-debian-clang, r-devel-linux-x86_64-debian-gcc, r-devel-linux-x86_64-fedora-clang, r-devel-linux-x86_64-fedora-gcc, r-devel-windows-ix86+x86_64

Version: 1.2.3
Check: R code for possible problems
Result: NOTE
    [,cami-character-missing-missing: warning in switch(EXP = i, cami =
     return(x@cami)): partial argument match of 'EXP' to 'EXPR'
    [,datos-character-missing-missing: warning in switch(EXP = i, lserie =
     return(x@lserie), sident = return(x@sident), lmodelo =
     return(x@lmodelo), mident = return(x@mident), modif =
     return(x@modif)): partial argument match of 'EXP' to 'EXPR'
    [,lineal-character-missing-missing: warning in switch(EXP = i, crit =
     return(x@crit), ls = return(x@ls), atip = return(x@atip)): partial
     argument match of 'EXP' to 'EXPR'
    [,menu-character-missing-missing: warning in switch(EXP = i, items =
     return(x@items)): partial argument match of 'EXP' to 'EXPR'
    [,menuitem-character-missing-missing: warning in switch(EXP = i, nombre
     = return(x@nombre), previo = return(x@previo), ayuda =
     return(x@ayuda), opciones = return(x@opciones), acciones =
     return(x@acciones), fi = return(x@fi)): partial argument match of
     'EXP' to 'EXPR'
    [,modelo-character-missing-missing: warning in switch(EXP = i, modelo =
     return(x@modelo), mact = return(x@mact), ser = return(x@ser), int =
     return(x@int), valid = return(x@valid), est = return(x@est), eqm =
     return(x@eqm), best = return(x@best)): partial argument match of
     'EXP' to 'EXPR'
    [,report-character-missing-missing: warning in switch(EXP = i, report =
     return(x@report), graph = return(x@graph), trueVal =
     return(x@trueVal), actRep = return(x@actRep), desGraph =
     return(x@desGraph), desRep = return(x@desRep), commentt =
     return(x@commentt), files = return(x@files), contRep =
     return(x@contRep)): partial argument match of 'EXP' to 'EXPR'
    [,serie-character-missing-missing: warning in switch(EXP = i, nom =
     return(x@nom), serie = return(x@serie), orig = return(x@orig), sact =
     return(x@sact), trans = return(x@trans), est = return(x@est), reg =
     return(x@reg), stac = return(x@stac), lin = return(x@lin)): partial
     argument match of 'EXP' to 'EXPR'
    [,sessio.ts-character-missing-missing: warning in switch(EXP = i, menu
     = return(x@menu), cami = return(x@cami), datos = return(x@datos),
     student = return(x@student), report = return(x@report)): partial
     argument match of 'EXP' to 'EXPR'
    [,tex-character-missing-missing: warning in switch(EXP = i, menu =
     return(x@menu), opciones = return(x@opciones), previo =
     return(x@previo), ayuda = return(x@ayuda), ini = return(x@ini),
     gesser = return(x@gesser), trans = return(x@trans), iden =
     return(x@iden), gesmod = return(x@gesmod), estim = return(x@estim),
     valid = return(x@valid), cap = return(x@cap), atip = return(x@atip),
     prev = return(x@prev), salir = return(x@salir), plot =
     return(x@plot), drawser = return(x@drawser), drawmod =
     return(x@drawmod), writelistser = return(x@writelistser), : partial
     argument match of 'EXP' to 'EXPR'
    [,tex-character-missing-missing: warning in writemod =
     return(x@writemod), writelistmod = return(x@writelistmod), writecoef
     = return(x@writecoef), drawarma = return(x@drawarma), atipics =
     return(x@atipics), drawatip = return(x@drawatip), previsiones =
     return(x@previsiones), enterComment = return(x@enterComment),
     latexCntrl = return(x@latexCntrl)): partial argument match of 'EXP'
     to 'EXPR'
    [<-,cami-character-missing: warning in switch(EXP = i, cami = x@cami <-
     value, ): partial argument match of 'EXP' to 'EXPR'
    [<-,datos-character-missing: warning in switch(EXP = i, lserie =
     x@lserie <- value, sident = x@sident <- value, lmodelo = x@lmodelo <-
     value, mident = x@mident <- value, modif = x@modif <- value): partial
     argument match of 'EXP' to 'EXPR'
    [<-,lineal-character-missing: warning in switch(EXP = i, crit = x@crit
     <- value, ls = x@ls <- value, atip = x@atip <- value): partial
     argument match of 'EXP' to 'EXPR'
    [<-,menu-character-missing: warning in switch(EXP = i, items = x@items
     <- value): partial argument match of 'EXP' to 'EXPR'
    [<-,menuitem-character-missing: warning in switch(EXP = i, nombre =
     x@nombre <- value, previo = x@previo <- value, ayuda = x@ayuda <-
     value, opciones = x@opciones <- value, acciones = x@acciones <-
     value, fi = x@fi <- value): partial argument match of 'EXP' to 'EXPR'
    [<-,modelo-character-missing: warning in switch(EXP = i, modelo =
     x@modelo <- value, mact = x@mact <- value, ser = x@ser <- value, int
     = x@int <- value, valid = x@valid <- value, est = x@est <- value, eqm
     = x@eqm <- value, best = x@best <- value): partial argument match of
     'EXP' to 'EXPR'
    [<-,report-character-missing: warning in switch(EXP = i, report =
     x@report <- value, graph = x@graph <- value, trueVal = x@trueVal <-
     value, actRep = x@actRep <- value, desGraph = x@desGraph <- value,
     desRep = x@desRep <- value, commentt = x@commentt <- value, files =
     x@files <- value): partial argument match of 'EXP' to 'EXPR'
    [<-,serie-character-missing: warning in switch(EXP = i, nom = x@nom <-
     value, serie = x@serie <- value, orig = x@orig <- value, sact =
     x@sact <- value, trans = x@trans <- value, est = x@est <- value, reg
     = x@reg <- value, stac = x@stac <- value, lin = x@lin <- value):
     partial argument match of 'EXP' to 'EXPR'
    [<-,sessio.ts-character-missing: warning in switch(EXP = i, menu =
     x@menu <- value, cami = x@cami <- value, datos = x@ayuda <- value,
     student = x@student <- value, report = x@report <- value): partial
     argument match of 'EXP' to 'EXPR'
    [<-,tex-character-missing: warning in switch(EXP = i, menu = x@menu <-
     value, opciones = x@opciones <- value, previo = x@previo <- value,
     ayuda = x@ayuda <- value, ini = x@ini <- value, gesser = x@gesser <-
     value, trans = x@trans <- value, iden = x@iden <- value, gesmod =
     x@gesmod <- value, estim = x@estim <- value, valid = x@valid <-
     value, cap = x@cap <- value, atip = x@atip <- value, prev = x@prev <-
     value, salir = x@salir <- value, plot = x@plot <- value, drawser =
     x@drawser <- value, drawmod = x@drawmod <- value, writelistser =
     x@writelistser <- value, : partial argument match of 'EXP' to 'EXPR'
    [<-,tex-character-missing: warning in writemod = x@writemod <- value,
     writelistmod = x@writelistmod <- value, writecoef = x@writecoef <-
     value, drawarma = x@drawarma <- value, atipics = x@atipics <- value,
     drawatip = x@drawatip <- value, previsiones = x@previsiones <- value,
     enterComment = x@enterComment <- value, latexCntrl = x@latexCntrl <-
     value): partial argument match of 'EXP' to 'EXPR'
Flavor: r-devel-osx-x86_64-clang

Version: 1.2.3
Check: R code for possible problems
Result: NOTE
    [,cami-character-missing-missing : .local: warning in switch(EXP = i,
     cami = return(x@cami)): partial argument match of ‘EXP’ to ‘EXPR’
    [,datos-character-missing-missing : .local: warning in switch(EXP = i,
     lserie = return(x@lserie), sident = return(x@sident), lmodelo =
     return(x@lmodelo), mident = return(x@mident), modif =
     return(x@modif)): partial argument match of ‘EXP’ to ‘EXPR’
    [,lineal-character-missing-missing : .local: warning in switch(EXP = i,
     crit = return(x@crit), ls = return(x@ls), atip = return(x@atip)):
     partial argument match of ‘EXP’ to ‘EXPR’
    [,menu-character-missing-missing : .local: warning in switch(EXP = i,
     items = return(x@items)): partial argument match of ‘EXP’ to ‘EXPR’
    [,menuitem-character-missing-missing : .local: warning in switch(EXP =
     i, nombre = return(x@nombre), previo = return(x@previo), ayuda =
     return(x@ayuda), opciones = return(x@opciones), acciones =
     return(x@acciones), fi = return(x@fi)): partial argument match of
     ‘EXP’ to ‘EXPR’
    [,modelo-character-missing-missing : .local: warning in switch(EXP = i,
     modelo = return(x@modelo), mact = return(x@mact), ser =
     return(x@ser), int = return(x@int), valid = return(x@valid), est =
     return(x@est), eqm = return(x@eqm), best = return(x@best)): partial
     argument match of ‘EXP’ to ‘EXPR’
    [,report-character-missing-missing : .local: warning in switch(EXP = i,
     report = return(x@report), graph = return(x@graph), trueVal =
     return(x@trueVal), actRep = return(x@actRep), desGraph =
     return(x@desGraph), desRep = return(x@desRep), commentt =
     return(x@commentt), files = return(x@files), contRep =
     return(x@contRep)): partial argument match of ‘EXP’ to ‘EXPR’
    [,serie-character-missing-missing : .local: warning in switch(EXP = i,
     nom = return(x@nom), serie = return(x@serie), orig = return(x@orig),
     sact = return(x@sact), trans = return(x@trans), est = return(x@est),
     reg = return(x@reg), stac = return(x@stac), lin = return(x@lin)):
     partial argument match of ‘EXP’ to ‘EXPR’
    [,sessio.ts-character-missing-missing : .local: warning in switch(EXP =
     i, menu = return(x@menu), cami = return(x@cami), datos =
     return(x@datos), student = return(x@student), report =
     return(x@report)): partial argument match of ‘EXP’ to ‘EXPR’
    [,tex-character-missing-missing : .local: warning in switch(EXP = i,
     menu = return(x@menu), opciones = return(x@opciones), previo =
     return(x@previo), ayuda = return(x@ayuda), ini = return(x@ini),
     gesser = return(x@gesser), trans = return(x@trans), iden =
     return(x@iden), gesmod = return(x@gesmod), estim = return(x@estim),
     valid = return(x@valid), cap = return(x@cap), atip = return(x@atip),
     prev = return(x@prev), salir = return(x@salir), plot =
     return(x@plot), drawser = return(x@drawser), drawmod =
     return(x@drawmod), writelistser = return(x@writelistser), : partial
     argument match of ‘EXP’ to ‘EXPR’
    [,tex-character-missing-missing : .local: warning in writemod =
     return(x@writemod), writelistmod = return(x@writelistmod), writecoef
     = return(x@writecoef), drawarma = return(x@drawarma), atipics =
     return(x@atipics), drawatip = return(x@drawatip), previsiones =
     return(x@previsiones), enterComment = return(x@enterComment),
     latexCntrl = return(x@latexCntrl)): partial argument match of ‘EXP’
     to ‘EXPR’
    [<-,cami-character-missing : .local: warning in switch(EXP = i, cami =
     x@cami <- value, ): partial argument match of ‘EXP’ to ‘EXPR’
    [<-,datos-character-missing : .local: warning in switch(EXP = i, lserie
     = x@lserie <- value, sident = x@sident <- value, lmodelo = x@lmodelo
     <- value, mident = x@mident <- value, modif = x@modif <- value):
     partial argument match of ‘EXP’ to ‘EXPR’
    [<-,lineal-character-missing : .local: warning in switch(EXP = i, crit
     = x@crit <- value, ls = x@ls <- value, atip = x@atip <- value):
     partial argument match of ‘EXP’ to ‘EXPR’
    [<-,menu-character-missing : .local: warning in switch(EXP = i, items =
     x@items <- value): partial argument match of ‘EXP’ to ‘EXPR’
    [<-,menuitem-character-missing : .local: warning in switch(EXP = i,
     nombre = x@nombre <- value, previo = x@previo <- value, ayuda =
     x@ayuda <- value, opciones = x@opciones <- value, acciones =
     x@acciones <- value, fi = x@fi <- value): partial argument match of
     ‘EXP’ to ‘EXPR’
    [<-,modelo-character-missing : .local: warning in switch(EXP = i,
     modelo = x@modelo <- value, mact = x@mact <- value, ser = x@ser <-
     value, int = x@int <- value, valid = x@valid <- value, est = x@est <-
     value, eqm = x@eqm <- value, best = x@best <- value): partial
     argument match of ‘EXP’ to ‘EXPR’
    [<-,report-character-missing : .local: warning in switch(EXP = i,
     report = x@report <- value, graph = x@graph <- value, trueVal =
     x@trueVal <- value, actRep = x@actRep <- value, desGraph = x@desGraph
     <- value, desRep = x@desRep <- value, commentt = x@commentt <- value,
     files = x@files <- value): partial argument match of ‘EXP’ to ‘EXPR’
    [<-,serie-character-missing : .local: warning in switch(EXP = i, nom =
     x@nom <- value, serie = x@serie <- value, orig = x@orig <- value,
     sact = x@sact <- value, trans = x@trans <- value, est = x@est <-
     value, reg = x@reg <- value, stac = x@stac <- value, lin = x@lin <-
     value): partial argument match of ‘EXP’ to ‘EXPR’
    [<-,sessio.ts-character-missing : .local: warning in switch(EXP = i,
     menu = x@menu <- value, cami = x@cami <- value, datos = x@ayuda <-
     value, student = x@student <- value, report = x@report <- value):
     partial argument match of ‘EXP’ to ‘EXPR’
    [<-,tex-character-missing : .local: warning in switch(EXP = i, menu =
     x@menu <- value, opciones = x@opciones <- value, previo = x@previo <-
     value, ayuda = x@ayuda <- value, ini = x@ini <- value, gesser =
     x@gesser <- value, trans = x@trans <- value, iden = x@iden <- value,
     gesmod = x@gesmod <- value, estim = x@estim <- value, valid = x@valid
     <- value, cap = x@cap <- value, atip = x@atip <- value, prev = x@prev
     <- value, salir = x@salir <- value, plot = x@plot <- value, drawser =
     x@drawser <- value, drawmod = x@drawmod <- value, writelistser =
     x@writelistser <- value, : partial argument match of ‘EXP’ to ‘EXPR’
    [<-,tex-character-missing : .local: warning in writemod = x@writemod <-
     value, writelistmod = x@writelistmod <- value, writecoef =
     x@writecoef <- value, drawarma = x@drawarma <- value, atipics =
     x@atipics <- value, drawatip = x@drawatip <- value, previsiones =
     x@previsiones <- value, enterComment = x@enterComment <- value,
     latexCntrl = x@latexCntrl <- value): partial argument match of ‘EXP’
     to ‘EXPR’
Flavors: r-patched-linux-x86_64, r-patched-solaris-sparc, r-patched-solaris-x86, r-release-linux-x86_64, r-release-windows-ix86+x86_64, r-oldrel-windows-ix86+x86_64